{"id":761195,"date":"2025-08-28T09:30:03","date_gmt":"2025-08-28T06:30:03","guid":{"rendered":"https:\/\/roveyayinevi.com.tr\/index.php\/urun\/yeni-dunya-duzeni-ve-sosyal-hizmet\/"},"modified":"2026-04-16T03:14:45","modified_gmt":"2026-04-16T00:14:45","slug":"yeni-dunya-duzeni-ve-sosyal-hizmet","status":"publish","type":"product","link":"https:\/\/roveyayinevi.com.tr\/index.php\/urun\/yeni-dunya-duzeni-ve-sosyal-hizmet\/","title":{"rendered":"Yeni D\u00fcnya D\u00fczeni ve Sosyal Hizmet"},"content":{"rendered":"<p>Sosyal hizmet mesle\u011fi, ge\u00e7mi\u015ften g\u00fcn\u00fcm\u00fcze insan, do\u011fa ve sosyal \u00e7evre ile ilgili bir\u00e7ok konuyu ve sorunu g\u00fcndemine alarak bireylerin iyilik hali, toplumun kolektif refah\u0131 ve k\u00fcresel geli\u015fme, kalk\u0131nma ve bar\u0131\u015f i\u00e7in m\u00fccadele eden bir meslek olmu\u015ftur. Mesle\u011fin yoksullukla m\u00fccadeleyle ba\u015flayan ve yard\u0131mla\u015fma\/dayan\u0131\u015fmay\u0131 te\u015fvik eden yap\u0131s\u0131 zamanla \u00e7ok daha geni\u015f kapsama d\u00f6n\u00fc\u015fm\u00fc\u015ft\u00fcr. Sosyal hizmet uygulamas\u0131n\u0131n geni\u015f m\u00fcdahale alan\u0131 ve bilgi yelpazesi ve her ge\u00e7en g\u00fcn \u00e7e\u015fitlenen farkl\u0131 sorun alanlar\u0131 mesle\u011fin kendini g\u00fcncelleme ve geli\u015ftirme ihtiyac\u0131n\u0131 ortaya \u00e7\u0131karmaktad\u0131r.Bu kitab\u0131n amac\u0131, sosyal hizmet mesle\u011fi alan\u0131na daha yeni d\u00e2hil olmu\u015f baz\u0131 konular\u0131 tart\u0131\u015fmak ve ortaya yeni \u00e7\u0131km\u0131\u015f ve \u00e7\u0131kmas\u0131 muhtemel sorun alanlar\u0131na y\u00f6nelik bilgi ihtiyac\u0131n\u0131 kar\u015f\u0131lamakt\u0131r. Bu kapsamda bu eserin \u00fclkemizde sosyal hizmetin yeterince odaklanmad\u0131\u011f\u0131 yeni d\u00fcnya d\u00fczeninde sosyal inovasyon, ambulans sosyal hizmeti, teknolojik sosyal hizmet, transnasyonel sosyal hizmet, \u00e7evrimi\u00e7i sosyal hizmet, k\u00fcreselle\u015fme, teknolojik ya\u015fam ve geli\u015fmeler, ekolojik tahribat ve iklim de\u011fi\u015fikli\u011fi, pandemi, uzaktan sosyal hizmet e\u011fitimi, yeni aile modelleri ve sava\u015flar gibi pek \u00e7ok sorun ve uygulama alan\u0131na \u0131\u015f\u0131k tutmas\u0131 ama\u00e7lanmaktad\u0131r.Kendini sosyal hizmet mesle\u011fine adayan \u00f6\u011frenci, akademisyen ve meslek heyecan\u0131 olan herkese fayda sa\u011flamas\u0131 dile\u011fimizle\u2026   <\/p>\n","protected":false},"excerpt":{"rendered":"<p>Sosyal hizmet mesle\u011fi, ge\u00e7mi\u015ften g\u00fcn\u00fcm\u00fcze insan, do\u011fa ve sosyal \u00e7evre ile ilgili bir\u00e7ok konuyu ve sorunu g\u00fcndemine alarak bireylerin iyilik hali, toplumun kolektif refah\u0131 ve k\u00fcresel<span class=\"excerpt-hellip\"> [\u2026]<\/span><\/p>\n","protected":false},"featured_media":0,"template":"","meta":{"_monsterinsights_skip_tracking":false,"_monsterinsights_sitenote_active":false,"_monsterinsights_sitenote_note":"","_monsterinsights_sitenote_category":0},"product_brand":[],"product_cat":[12324],"product_tag":[],"class_list":{"0":"post-761195","1":"product","2":"type-product","3":"status-publish","5":"product_cat-sosyoloji","6":"pa_cilt-ciltsiz","7":"pa_tur-kitap","8":"pa_yayinevi-nika-yayinevi","9":"pa_yazar-nurullah-yelboga-abdullah-isik","11":"first","12":"instock","13":"sale","14":"shipping-taxable","15":"purchasable","16":"product-type-simple"},"_links":{"self":[{"href":"https:\/\/roveyayinevi.com.tr\/index.php\/wp-json\/wp\/v2\/product\/761195","targetHints":{"allow":["GET"]}}],"collection":[{"href":"https:\/\/roveyayinevi.com.tr\/index.php\/wp-json\/wp\/v2\/product"}],"about":[{"href":"https:\/\/roveyayinevi.com.tr\/index.php\/wp-json\/wp\/v2\/types\/product"}],"wp:attachment":[{"href":"https:\/\/roveyayinevi.com.tr\/index.php\/wp-json\/wp\/v2\/media?parent=761195"}],"wp:term":[{"taxonomy":"product_brand","embeddable":true,"href":"https:\/\/roveyayinevi.com.tr\/index.php\/wp-json\/wp\/v2\/product_brand?post=761195"},{"taxonomy":"product_cat","embeddable":true,"href":"https:\/\/roveyayinevi.com.tr\/index.php\/wp-json\/wp\/v2\/product_cat?post=761195"},{"taxonomy":"product_tag","embeddable":true,"href":"https:\/\/roveyayinevi.com.tr\/index.php\/wp-json\/wp\/v2\/product_tag?post=761195"}],"curies":[{"name":"wp","href":"https:\/\/api.w.org\/{rel}","templated":true}]}}