{"id":761194,"date":"2025-08-28T09:30:02","date_gmt":"2025-08-28T06:30:02","guid":{"rendered":"https:\/\/roveyayinevi.com.tr\/index.php\/urun\/sahlar-piyonlar-ve-meta-kent\/"},"modified":"2026-04-16T03:14:45","modified_gmt":"2026-04-16T00:14:45","slug":"sahlar-piyonlar-ve-meta-kent","status":"publish","type":"product","link":"https:\/\/roveyayinevi.com.tr\/index.php\/urun\/sahlar-piyonlar-ve-meta-kent\/","title":{"rendered":"\u015eahlar, Piyonlar ve [Meta] Kent"},"content":{"rendered":"<p>Bu kitap dijital kapitalizmin ivmeleni\u015fine paralel olarak kent mek\u00e2n\u0131n\u0131n \u201cbuharla\u015ft\u0131r\u0131lma\u201d s\u00fcrecini ele al\u0131yor ve bu ideolojik buharla\u015fman\u0131n son a\u015famas\u0131 olarak metaverse olgusunun reel ve fiziki kentsel mek\u00e2na, onun kamusall\u0131\u011f\u0131na s\u0131n\u0131fsal olarak nas\u0131l etki etti\u011fini g\u00f6zler \u00f6n\u00fcne seriyor. Distopik kurgu ile ger\u00e7eklik verilerinin birbirine bug\u00fcne dek hi\u00e7 olmad\u0131\u011f\u0131 kadar yakla\u015ft\u0131\u011f\u0131 g\u00fcn\u00fcm\u00fczde, bu ikisinin kesi\u015fim k\u00fcmesinde belirmeye ba\u015flayan yeni kentsel mek\u00e2n\u0131, oyun ve sim\u00fclasyon ili\u015fkisi i\u00e7inde ele al\u0131yor. Mimarlar ve \u015fehir planlamac\u0131lar\u0131n\u0131n yan\u0131 s\u0131ra, \u201ckent\u201d, \u201csatran\u00e7\u201d ve \u201cmetaverse\u201d d\u00fcnyalar\u0131na ilgi duyanlara da hitap edebilecek kitap, bu g\u00f6r\u00fcn\u00fcrde ilgisiz \u00fc\u00e7 unsurun aralar\u0131ndaki kesi\u015fimlerin, kurulabilecek ba\u011flar\u0131n, ili\u015fkilerin, benzerliklerin ve ortakl\u0131klar\u0131n \u00fczerindeki t\u0131ls\u0131ml\u0131 perdeyi aral\u0131yor. \u0130nsanl\u0131\u011f\u0131n en eski d\u00f6nemlerinden bu yana biyolojik evrimle paralel seyrederek \u015fekillenegelen kentlerimiz, 21. y\u00fczy\u0131l ba\u015f\u0131ndan beri nas\u0131l ve neden h\u0131zla buharla\u015f(t\u0131r\u0131l)\u0131yor?, \u201cbuharla\u015fma\u201d asl\u0131nda nas\u0131l s\u0131n\u0131fsal ve kentsel bir oyun stratejisidir?, Sel, deprem ve pandemi felaketleri bu kentsel ve mimari d\u00f6n\u00fc\u015f\u00fcm s\u00fcre\u00e7lerinde nas\u0131l ara\u00e7salla\u015ft\u0131r\u0131l\u0131r? sorular\u0131n\u0131, kentlerin d\u00f6n\u00fc\u015f\u00fcm\u00fcne \u00e7ok disiplinli ve tarihsel bir perspektiften bakarak cevapl\u0131yor. Kentlerimiz neden ve nas\u0131l bu hallerine geldiler ve yak\u0131nda ne hale d\u00f6n\u00fc\u015fecekler?, Yeni D\u00fcnya D\u00fczeni\u2019nde Kentsel D\u00f6n\u00fc\u015f\u00fcm projeleri ile Metaverse aras\u0131nda nas\u0131l ba\u011flar bulunur?, Kamusal alan\u0131n yerini alaca\u011f\u0131 \u00f6ng\u00f6r\u00fclen dijital ve sanal evren, lanse edildi\u011fi gibi iyi bir \u015fey midir?, Yapay Zek\u00e2 ile yak\u0131ndan ili\u015fkili olan ve Metaverse denilen bu yeni kamusal alan\u0131n arkas\u0131ndaki mek\u00e2n-politik ajanda nedir?, Metaverse iyi olsa dahi ger\u00e7ek kente, sokaklara, meydanlara etkileri ne olacakt\u0131r? sorular\u0131n\u0131 ekonomi-politik a\u00e7\u0131dan ve diyalektik bir \u00e7er\u00e7eveden ele alan yazar, kapitalizmin \u00e7eli\u015fkileri sonucundaki mek\u00e2nsal yar\u0131lma ile ortaya \u00e7\u0131kan; ger\u00e7ek ve meta-mek\u00e2nlar, mimarlar ve meta-mimarlar vs. gibi kutupla\u015fmalar\u0131n arka plan\u0131n\u0131 ortaya koyuyor. Mimarl\u0131\u011f\u0131n \u00f6l\u00fcm\u00fcne ve bir \u201cMeta-Kent\u201d olu\u015fumuna do\u011fru evrilen bu arka plan\u0131n izlerini, yasa, y\u00f6netmelik ve mahkeme kararlar\u0131ndan istatistiksel verilere, ara\u015ft\u0131rmalara ve belgesellere, ki\u015fisel g\u00f6zlemlerden an\u0131 ve al\u0131nt\u0131lara, resimlerden heykellere, felsefi, kuramsal ve edebi metinlerden sinema ve dizilere u\u011frayan, zengin, heyecanl\u0131 ve sars\u0131c\u0131 bir rota takip ederek s\u00fcr\u00fcyor. <\/p>\n","protected":false},"excerpt":{"rendered":"<p>Bu kitap dijital kapitalizmin ivmeleni\u015fine paralel olarak kent mek\u00e2n\u0131n\u0131n \u201cbuharla\u015ft\u0131r\u0131lma\u201d s\u00fcrecini ele al\u0131yor ve bu ideolojik buharla\u015fman\u0131n son a\u015famas\u0131 olarak metaverse olgusunun reel ve fiziki kentsel<span class=\"excerpt-hellip\"> [\u2026]<\/span><\/p>\n","protected":false},"featured_media":0,"template":"","meta":{"_monsterinsights_skip_tracking":false,"_monsterinsights_sitenote_active":false,"_monsterinsights_sitenote_note":"","_monsterinsights_sitenote_category":0},"product_brand":[],"product_cat":[12324],"product_tag":[],"class_list":{"0":"post-761194","1":"product","2":"type-product","3":"status-publish","5":"product_cat-sosyoloji","6":"pa_cilt-ciltsiz","7":"pa_tur-kitap","8":"pa_yayinevi-nika-yayinevi","9":"pa_yazar-murat-cetin","11":"first","12":"instock","13":"sale","14":"shipping-taxable","15":"purchasable","16":"product-type-simple"},"_links":{"self":[{"href":"https:\/\/roveyayinevi.com.tr\/index.php\/wp-json\/wp\/v2\/product\/761194","targetHints":{"allow":["GET"]}}],"collection":[{"href":"https:\/\/roveyayinevi.com.tr\/index.php\/wp-json\/wp\/v2\/product"}],"about":[{"href":"https:\/\/roveyayinevi.com.tr\/index.php\/wp-json\/wp\/v2\/types\/product"}],"wp:attachment":[{"href":"https:\/\/roveyayinevi.com.tr\/index.php\/wp-json\/wp\/v2\/media?parent=761194"}],"wp:term":[{"taxonomy":"product_brand","embeddable":true,"href":"https:\/\/roveyayinevi.com.tr\/index.php\/wp-json\/wp\/v2\/product_brand?post=761194"},{"taxonomy":"product_cat","embeddable":true,"href":"https:\/\/roveyayinevi.com.tr\/index.php\/wp-json\/wp\/v2\/product_cat?post=761194"},{"taxonomy":"product_tag","embeddable":true,"href":"https:\/\/roveyayinevi.com.tr\/index.php\/wp-json\/wp\/v2\/product_tag?post=761194"}],"curies":[{"name":"wp","href":"https:\/\/api.w.org\/{rel}","templated":true}]}}