{"id":761184,"date":"2025-08-28T09:29:43","date_gmt":"2025-08-28T06:29:43","guid":{"rendered":"https:\/\/roveyayinevi.com.tr\/index.php\/urun\/acgozlu-adam-ve-durust-oglu-dunyadan-oykuler\/"},"modified":"2026-04-16T03:14:44","modified_gmt":"2026-04-16T00:14:44","slug":"acgozlu-adam-ve-durust-oglu-dunyadan-oykuler","status":"publish","type":"product","link":"https:\/\/roveyayinevi.com.tr\/index.php\/urun\/acgozlu-adam-ve-durust-oglu-dunyadan-oykuler\/","title":{"rendered":"A\u00e7g\u00f6zl\u00fc Adam ve D\u00fcr\u00fcst O\u011flu \u2013 D\u00fcnyadan \u00d6yk\u00fcler"},"content":{"rendered":"<p>Zengin bir t\u00fcccar olan Naruna Ashoka \u00e7ok de\u011ferli bir hazineye sahiptir: O g\u00fcne kadar biriktirdi\u011fi ve g\u00f6zlerini bir an olsun \u00fczerlerinden ay\u0131rmad\u0131\u011f\u0131 alt\u0131ndan yap\u0131lm\u0131\u015f tam altm\u0131\u015f yedi tane fil. Ama bununla yetinmeyip hazinesini sonsuza dek elinde tutabilmesini sa\u011flayacak olan &#8220;\u00f6l\u00fcms\u00fczl\u00fck h\u0131rkas\u0131n\u0131\u201d bulmak i\u00e7in tehlikeli bir yola \u00e7\u0131kar. Bakal\u0131m o\u011flu onu bu \u00e7\u0131lg\u0131n arzusundan vazge\u00e7irebilecek mi? \u00c7ocuklar\u0131n d\u00fcnyadaki farkl\u0131 \u00fclkeleri ve k\u00fclt\u00fcrleri tan\u0131mas\u0131n\u0131 sa\u011flayan D\u00fcnyadan \u00d6yk\u00fcler dizisi, ku\u015faktan ku\u015fa\u011fa aktar\u0131lan, ya\u015fama dair de\u011ferli dersler veren etkileyici ve ola\u011fan\u00fcst\u00fc \u00f6yk\u00fcleri merakl\u0131 okurlarla bulu\u015fturuyor. Her kitab\u0131n sonunda o \u00fclkenin tarihi, g\u00fcnl\u00fck ya\u015fam\u0131, k\u00fclt\u00fcr\u00fc ve gelenekleri hakk\u0131nda verilen ilgin\u00e7 k\u0131sa bilgiler ise \u00e7ocuklar i\u00e7in keyifle okuyacaklar\u0131 pratik bir kaynak niteli\u011finde.  <\/p>\n","protected":false},"excerpt":{"rendered":"<p>Zengin bir t\u00fcccar olan Naruna Ashoka \u00e7ok de\u011ferli bir hazineye sahiptir: O g\u00fcne kadar biriktirdi\u011fi ve g\u00f6zlerini bir an olsun \u00fczerlerinden ay\u0131rmad\u0131\u011f\u0131 alt\u0131ndan yap\u0131lm\u0131\u015f tam altm\u0131\u015f<span class=\"excerpt-hellip\"> [\u2026]<\/span><\/p>\n","protected":false},"featured_media":0,"template":"","meta":{"_monsterinsights_skip_tracking":false,"_monsterinsights_sitenote_active":false,"_monsterinsights_sitenote_note":"","_monsterinsights_sitenote_category":0},"product_brand":[],"product_cat":[12274,12284],"product_tag":[],"class_list":{"0":"post-761184","1":"product","2":"type-product","3":"status-publish","5":"product_cat-cocuk-ve-genclik-kitaplari","6":"product_cat-hikayeler","7":"pa_cilt-ciltsiz","8":"pa_tur-kitap","9":"pa_yayinevi-1001-cicek-kitaplar","10":"pa_yazar-mario-urbanet","12":"first","13":"instock","14":"sale","15":"shipping-taxable","16":"purchasable","17":"product-type-simple"},"_links":{"self":[{"href":"https:\/\/roveyayinevi.com.tr\/index.php\/wp-json\/wp\/v2\/product\/761184","targetHints":{"allow":["GET"]}}],"collection":[{"href":"https:\/\/roveyayinevi.com.tr\/index.php\/wp-json\/wp\/v2\/product"}],"about":[{"href":"https:\/\/roveyayinevi.com.tr\/index.php\/wp-json\/wp\/v2\/types\/product"}],"wp:attachment":[{"href":"https:\/\/roveyayinevi.com.tr\/index.php\/wp-json\/wp\/v2\/media?parent=761184"}],"wp:term":[{"taxonomy":"product_brand","embeddable":true,"href":"https:\/\/roveyayinevi.com.tr\/index.php\/wp-json\/wp\/v2\/product_brand?post=761184"},{"taxonomy":"product_cat","embeddable":true,"href":"https:\/\/roveyayinevi.com.tr\/index.php\/wp-json\/wp\/v2\/product_cat?post=761184"},{"taxonomy":"product_tag","embeddable":true,"href":"https:\/\/roveyayinevi.com.tr\/index.php\/wp-json\/wp\/v2\/product_tag?post=761184"}],"curies":[{"name":"wp","href":"https:\/\/api.w.org\/{rel}","templated":true}]}}