{"id":761178,"date":"2025-08-28T09:29:32","date_gmt":"2025-08-28T06:29:32","guid":{"rendered":"https:\/\/roveyayinevi.com.tr\/index.php\/urun\/hitlerin-kuzey-utopyasi\/"},"modified":"2026-04-16T03:14:44","modified_gmt":"2026-04-16T00:14:44","slug":"hitlerin-kuzey-utopyasi","status":"publish","type":"product","link":"https:\/\/roveyayinevi.com.tr\/index.php\/urun\/hitlerin-kuzey-utopyasi\/","title":{"rendered":"Hitler&#8217;in Kuzey \u00dctopyas\u0131"},"content":{"rendered":"<p>1940 ile 1945 y\u0131llar\u0131 aras\u0131nda Alman i\u015fgalciler, Norve\u00e7\u2019i geni\u015f bir in\u015faat alan\u0131na d\u00f6n\u00fc\u015ft\u00fcrd\u00fc. Bug\u00fcn b\u00fcy\u00fck \u00f6l\u00e7\u00fcde bilinmeyen bu ola\u011fan\u00fcst\u00fc in\u015faat kampanyas\u0131, B\u00fcy\u00fck Alman \u0130mparatorlu\u011fu\u2019nu Kuzey Kutup Dairesi\u2019nin \u00f6tesine geni\u015fletmek ve \u0130skandinav \u00fclkesini \u0131rksal bir \u00fctopyaya d\u00f6n\u00fc\u015ft\u00fcrmek i\u00e7in tasarland\u0131. \u0130deal yeni \u015fehirlerden, Berlin\u2019den kuzey Norve\u00e7\u2019e kadar uzanan muhte\u015fem bir otoyola kadar, \u00fclkeyi \u00f6rnek bir \u201cAryan\u201d toplumu haline getirme planlar\u0131, Hitler\u2019in, mimar\u0131 Albert Speer\u2019in vedi\u011fer Nazi liderlerinin hayal g\u00fcc\u00fcn\u00fc harekete ge\u00e7irdi. Nazilerin bir \u0130skandinav imparatorlu\u011fu kurma \u00e7abalar\u0131n\u0131n ilk b\u00fcy\u00fck tarihini sunuyor. Hitler\u2019in Kuzey \u00dctopyas\u0131, yay\u0131nlanmam\u0131\u015f ola\u011fan\u00fcst\u00fc g\u00fcnl\u00fckler, foto\u011fraflar ve haritalar\u0131n yan\u0131 s\u0131ra d\u00f6nemin gazetelerinden de yararlanarak Norve\u00e7\u2019in Atlantik\u2019inde in\u015fa edilen tan\u0131nm\u0131\u015f Alman asker\u00ee savunma sistemlerinin \u00e7ok \u00f6tesinde, tamamlanm\u0131\u015f ve ger\u00e7ekle\u015ftirilmemi\u015f \u00e7ok \u00e7e\u015fitli mimari ve altyap\u0131 projelerinin \u00f6yk\u00fcs\u00fcn\u00fc anlat\u0131yor. Bu giri\u015fimler aras\u0131nda do\u011fum merkezleri, Alman askerleri i\u00e7in k\u00fclt\u00fcrel ve dinlenme tesisleri ve Norve\u00e7li mimarlar\u0131n \u00f6nc\u00fcl\u00fck etmesi beklenen, Alman i\u015fgalinde hasar g\u00f6ren yirmi \u00fc\u00e7 kasabadan m\u00fckemmel Nasyonal Sosyalist topluluklar yaratma plan\u0131 yer al\u0131yordu. En iddial\u0131 plan -bir Alman k\u00fclt\u00fcr ba\u015fkenti ve deniz \u00fcss\u00fc- Norve\u00e7 direni\u015fini k\u0131\u015fk\u0131rtma korkusuyla s\u0131k\u0131 bir \u015fekilde korunan bir s\u0131r olarak kald\u0131.\u0130\u015fgal alt\u0131ndaki Norve\u00e7\u2019te Nazi manzaras\u0131n\u0131n y\u00fckseli\u015fini anlatan s\u00fcr\u00fckleyici bir hik\u00e2ye olan Hitler\u2019in Kuzey \u00dctopyas\u0131, gamal\u0131 ha\u00e7 alt\u0131nda s\u00f6m\u00fcrgele\u015ftirilmi\u015f bir d\u00fcnya olabilece\u011fine dair unutulmaz bir vizyonu ortaya koyuyor.<\/p>\n","protected":false},"excerpt":{"rendered":"<p>1940 ile 1945 y\u0131llar\u0131 aras\u0131nda Alman i\u015fgalciler, Norve\u00e7\u2019i geni\u015f bir in\u015faat alan\u0131na d\u00f6n\u00fc\u015ft\u00fcrd\u00fc. Bug\u00fcn b\u00fcy\u00fck \u00f6l\u00e7\u00fcde bilinmeyen bu ola\u011fan\u00fcst\u00fc in\u015faat kampanyas\u0131, B\u00fcy\u00fck Alman \u0130mparatorlu\u011fu\u2019nu Kuzey Kutup<span class=\"excerpt-hellip\"> [\u2026]<\/span><\/p>\n","protected":false},"featured_media":0,"template":"","meta":{"_monsterinsights_skip_tracking":false,"_monsterinsights_sitenote_active":false,"_monsterinsights_sitenote_note":"","_monsterinsights_sitenote_category":0},"product_brand":[],"product_cat":[12370,12304],"product_tag":[],"class_list":{"0":"post-761178","1":"product","2":"type-product","3":"status-publish","5":"product_cat-arastirma-inceleme","6":"product_cat-tarih","7":"pa_cilt-ciltsiz","8":"pa_tur-kitap","9":"pa_yayinevi-turkuvaz-kitap","10":"pa_yazar-despina-stratigakos","12":"first","13":"instock","14":"sale","15":"shipping-taxable","16":"purchasable","17":"product-type-simple"},"_links":{"self":[{"href":"https:\/\/roveyayinevi.com.tr\/index.php\/wp-json\/wp\/v2\/product\/761178","targetHints":{"allow":["GET"]}}],"collection":[{"href":"https:\/\/roveyayinevi.com.tr\/index.php\/wp-json\/wp\/v2\/product"}],"about":[{"href":"https:\/\/roveyayinevi.com.tr\/index.php\/wp-json\/wp\/v2\/types\/product"}],"wp:attachment":[{"href":"https:\/\/roveyayinevi.com.tr\/index.php\/wp-json\/wp\/v2\/media?parent=761178"}],"wp:term":[{"taxonomy":"product_brand","embeddable":true,"href":"https:\/\/roveyayinevi.com.tr\/index.php\/wp-json\/wp\/v2\/product_brand?post=761178"},{"taxonomy":"product_cat","embeddable":true,"href":"https:\/\/roveyayinevi.com.tr\/index.php\/wp-json\/wp\/v2\/product_cat?post=761178"},{"taxonomy":"product_tag","embeddable":true,"href":"https:\/\/roveyayinevi.com.tr\/index.php\/wp-json\/wp\/v2\/product_tag?post=761178"}],"curies":[{"name":"wp","href":"https:\/\/api.w.org\/{rel}","templated":true}]}}