{"id":761176,"date":"2025-08-28T09:29:28","date_gmt":"2025-08-28T06:29:28","guid":{"rendered":"https:\/\/roveyayinevi.com.tr\/index.php\/urun\/ilk-boyama-albumum-ciftlik\/"},"modified":"2026-04-16T03:14:44","modified_gmt":"2026-04-16T00:14:44","slug":"ilk-boyama-albumum-ciftlik","status":"publish","type":"product","link":"https:\/\/roveyayinevi.com.tr\/index.php\/urun\/ilk-boyama-albumum-ciftlik\/","title":{"rendered":"\u0130lk Boyama Alb\u00fcm\u00fcm &#8211; \u00c7iftlik"},"content":{"rendered":"<p>Kuru, kec\u0327eli, pastel ve sulu boyalarla kullan\u0131ma uygun olan bu kitaptaki basit, bu\u0308yu\u0308k c\u0327izimler, kal\u0131n d\u0131s\u0327 c\u0327izgiler, o\u0308rnekler ve c\u0327\u0131kartmalar, 2 yas\u0327 ve u\u0308zeri c\u0327ocuklar\u0131n ince motor, kodlama ve yo\u0308nergeleri takip etme becerilerinin gelis\u0327imini destekler. <\/p>\n","protected":false},"excerpt":{"rendered":"<p>Kuru, kec\u0327eli, pastel ve sulu boyalarla kullan\u0131ma uygun olan bu kitaptaki basit, bu\u0308yu\u0308k c\u0327izimler, kal\u0131n d\u0131s\u0327 c\u0327izgiler, o\u0308rnekler ve c\u0327\u0131kartmalar, 2 yas\u0327 ve u\u0308zeri c\u0327ocuklar\u0131n ince<span class=\"excerpt-hellip\"> [\u2026]<\/span><\/p>\n","protected":false},"featured_media":0,"template":"","meta":{"_monsterinsights_skip_tracking":false,"_monsterinsights_sitenote_active":false,"_monsterinsights_sitenote_note":"","_monsterinsights_sitenote_category":0},"product_brand":[],"product_cat":[12644,12274],"product_tag":[],"class_list":{"0":"post-761176","1":"product","2":"type-product","3":"status-publish","5":"product_cat-boyama-kitaplari","6":"product_cat-cocuk-ve-genclik-kitaplari","7":"pa_cilt-ciltsiz","8":"pa_tur-kitap","9":"pa_yayinevi-beta-kids","10":"pa_yazar-kolektif","12":"first","13":"instock","14":"sale","15":"shipping-taxable","16":"purchasable","17":"product-type-simple"},"_links":{"self":[{"href":"https:\/\/roveyayinevi.com.tr\/index.php\/wp-json\/wp\/v2\/product\/761176","targetHints":{"allow":["GET"]}}],"collection":[{"href":"https:\/\/roveyayinevi.com.tr\/index.php\/wp-json\/wp\/v2\/product"}],"about":[{"href":"https:\/\/roveyayinevi.com.tr\/index.php\/wp-json\/wp\/v2\/types\/product"}],"wp:attachment":[{"href":"https:\/\/roveyayinevi.com.tr\/index.php\/wp-json\/wp\/v2\/media?parent=761176"}],"wp:term":[{"taxonomy":"product_brand","embeddable":true,"href":"https:\/\/roveyayinevi.com.tr\/index.php\/wp-json\/wp\/v2\/product_brand?post=761176"},{"taxonomy":"product_cat","embeddable":true,"href":"https:\/\/roveyayinevi.com.tr\/index.php\/wp-json\/wp\/v2\/product_cat?post=761176"},{"taxonomy":"product_tag","embeddable":true,"href":"https:\/\/roveyayinevi.com.tr\/index.php\/wp-json\/wp\/v2\/product_tag?post=761176"}],"curies":[{"name":"wp","href":"https:\/\/api.w.org\/{rel}","templated":true}]}}