{"id":761171,"date":"2025-08-28T09:29:19","date_gmt":"2025-08-28T06:29:19","guid":{"rendered":"https:\/\/roveyayinevi.com.tr\/index.php\/urun\/deniz-kizinin-kuyrugu\/"},"modified":"2025-09-18T04:29:46","modified_gmt":"2025-09-18T01:29:46","slug":"deniz-kizinin-kuyrugu","status":"publish","type":"product","link":"https:\/\/roveyayinevi.com.tr\/index.php\/urun\/deniz-kizinin-kuyrugu\/","title":{"rendered":"Deniz K\u0131z\u0131n\u0131n Kuyru\u011fu"},"content":{"rendered":"<p>Deniz k\u0131zlar\u0131n\u0131n kuyruklar\u0131 nas\u0131l olu\u015ftu, biliyor musun? Her \u015fey sihirli bir okyanusta, bal\u0131k koleksiyonu yapmay\u0131 sevenTheodore ad\u0131ndaki k\u00fc\u00e7\u00fck bir \u00e7ocukla ba\u015flad\u0131.Bir g\u00fcn Theodore \u00e7ok g\u00fczel bir kabu\u011fun i\u00e7inde k\u00fc\u00e7\u00fcc\u00fck biryarat\u0131k buldu. Onu evine g\u00f6t\u00fcrd\u00fc ama zavall\u0131 yarat\u0131kfanusun i\u00e7inde giderek g\u00fcc\u00fcn\u00fc kaybetti.Neyse ki Theodore yeni arkada\u015f\u0131n\u0131n kendini daha iyihissetmesi i\u00e7in ne yapmas\u0131 gerekti\u011fini biliyordu.Sence ne yapm\u0131\u015f olabilir?<\/p>\n","protected":false},"excerpt":{"rendered":"<p>Deniz k\u0131zlar\u0131n\u0131n kuyruklar\u0131 nas\u0131l olu\u015ftu, biliyor musun? Her \u015fey sihirli bir okyanusta, bal\u0131k koleksiyonu yapmay\u0131 sevenTheodore ad\u0131ndaki k\u00fc\u00e7\u00fck bir \u00e7ocukla ba\u015flad\u0131.Bir g\u00fcn Theodore \u00e7ok g\u00fczel bir<span class=\"excerpt-hellip\"> [\u2026]<\/span><\/p>\n","protected":false},"featured_media":0,"template":"","meta":{"_monsterinsights_skip_tracking":false,"_monsterinsights_sitenote_active":false,"_monsterinsights_sitenote_note":"","_monsterinsights_sitenote_category":0},"product_brand":[],"product_cat":[12274,12284],"product_tag":[],"class_list":{"0":"post-761171","1":"product","2":"type-product","3":"status-publish","5":"product_cat-cocuk-ve-genclik-kitaplari","6":"product_cat-hikayeler","7":"pa_cilt-ciltsiz","8":"pa_tur-kitap","9":"pa_yayinevi-buyulu-fener-yayinlari","10":"pa_yazar-beatrice-blue","12":"first","13":"instock","14":"sale","15":"shipping-taxable","16":"purchasable","17":"product-type-simple"},"_links":{"self":[{"href":"https:\/\/roveyayinevi.com.tr\/index.php\/wp-json\/wp\/v2\/product\/761171","targetHints":{"allow":["GET"]}}],"collection":[{"href":"https:\/\/roveyayinevi.com.tr\/index.php\/wp-json\/wp\/v2\/product"}],"about":[{"href":"https:\/\/roveyayinevi.com.tr\/index.php\/wp-json\/wp\/v2\/types\/product"}],"wp:attachment":[{"href":"https:\/\/roveyayinevi.com.tr\/index.php\/wp-json\/wp\/v2\/media?parent=761171"}],"wp:term":[{"taxonomy":"product_brand","embeddable":true,"href":"https:\/\/roveyayinevi.com.tr\/index.php\/wp-json\/wp\/v2\/product_brand?post=761171"},{"taxonomy":"product_cat","embeddable":true,"href":"https:\/\/roveyayinevi.com.tr\/index.php\/wp-json\/wp\/v2\/product_cat?post=761171"},{"taxonomy":"product_tag","embeddable":true,"href":"https:\/\/roveyayinevi.com.tr\/index.php\/wp-json\/wp\/v2\/product_tag?post=761171"}],"curies":[{"name":"wp","href":"https:\/\/api.w.org\/{rel}","templated":true}]}}