{"id":761148,"date":"2025-08-28T09:28:35","date_gmt":"2025-08-28T06:28:35","guid":{"rendered":"https:\/\/roveyayinevi.com.tr\/index.php\/urun\/tesavir-i-rical\/"},"modified":"2026-04-16T03:14:44","modified_gmt":"2026-04-16T00:14:44","slug":"tesavir-i-rical","status":"publish","type":"product","link":"https:\/\/roveyayinevi.com.tr\/index.php\/urun\/tesavir-i-rical\/","title":{"rendered":"Tesavir-i Rical"},"content":{"rendered":"<p>Osmanl\u0131 tarihi ayn\u0131 zamanda kudretli, \u015f\u00f6hretli, renkli ve bir o kadar da ilgin\u00e7 pa\u015falar demektir. Devrine, padi\u015fah\u0131na, milliyetine, yetene\u011fi ve \u015fans\u0131na g\u00f6re \u00f6ne \u00e7\u0131karlar ve geride kal\u0131rlar. \u0130\u015fte\u2026 Tarhuncu Ahmet Pa\u015fa, \u0130b\u015fir Mustafa Pa\u015fa ve Humbarac\u0131 Ahmet Pa\u015fa. Sadrazaml\u0131k da yapm\u0131\u015f \u00fc\u00e7 farkl\u0131 \u015fahsiyet. \u0130kbal g\u00fcnleri, zor zamanlar, paras\u0131zl\u0131k, iktidar kavgalar\u0131, ayak oyunlar\u0131, k\u0131skan\u00e7l\u0131k ve hayaller\u2026 Devletin yap\u0131s\u0131 kadar Osmanl\u0131 toplum ya\u015fant\u0131s\u0131nda g\u00f6r\u00fclen \u00e7alkant\u0131lar. Padi\u015fah, saray, devlet sistemi ve halk katmanlar\u0131 aras\u0131nda gidi\u015f geli\u015fler. Tarihin erken baharlar\u0131, birden bast\u0131ran sert k\u0131\u015flar. Ahmet Refik, \u00fcslubu, bilgisi, yorumu ve heyecan\u0131yla. Tesavir-i Rical\u2026<\/p>\n","protected":false},"excerpt":{"rendered":"<p>Osmanl\u0131 tarihi ayn\u0131 zamanda kudretli, \u015f\u00f6hretli, renkli ve bir o kadar da ilgin\u00e7 pa\u015falar demektir. Devrine, padi\u015fah\u0131na, milliyetine, yetene\u011fi ve \u015fans\u0131na g\u00f6re \u00f6ne \u00e7\u0131karlar ve geride<span class=\"excerpt-hellip\"> [\u2026]<\/span><\/p>\n","protected":false},"featured_media":0,"template":"","meta":{"_monsterinsights_skip_tracking":false,"_monsterinsights_sitenote_active":false,"_monsterinsights_sitenote_note":"","_monsterinsights_sitenote_category":0},"product_brand":[],"product_cat":[13517,12304],"product_tag":[],"class_list":{"0":"post-761148","1":"product","2":"type-product","3":"status-publish","5":"product_cat-osmanli-tarihi","6":"product_cat-tarih","7":"pa_cilt-ciltsiz","8":"pa_tur-kitap","9":"pa_yayinevi-kapi-yayinlari","10":"pa_yazar-ahmed-refik","12":"first","13":"instock","14":"sale","15":"shipping-taxable","16":"purchasable","17":"product-type-simple"},"_links":{"self":[{"href":"https:\/\/roveyayinevi.com.tr\/index.php\/wp-json\/wp\/v2\/product\/761148","targetHints":{"allow":["GET"]}}],"collection":[{"href":"https:\/\/roveyayinevi.com.tr\/index.php\/wp-json\/wp\/v2\/product"}],"about":[{"href":"https:\/\/roveyayinevi.com.tr\/index.php\/wp-json\/wp\/v2\/types\/product"}],"wp:attachment":[{"href":"https:\/\/roveyayinevi.com.tr\/index.php\/wp-json\/wp\/v2\/media?parent=761148"}],"wp:term":[{"taxonomy":"product_brand","embeddable":true,"href":"https:\/\/roveyayinevi.com.tr\/index.php\/wp-json\/wp\/v2\/product_brand?post=761148"},{"taxonomy":"product_cat","embeddable":true,"href":"https:\/\/roveyayinevi.com.tr\/index.php\/wp-json\/wp\/v2\/product_cat?post=761148"},{"taxonomy":"product_tag","embeddable":true,"href":"https:\/\/roveyayinevi.com.tr\/index.php\/wp-json\/wp\/v2\/product_tag?post=761148"}],"curies":[{"name":"wp","href":"https:\/\/api.w.org\/{rel}","templated":true}]}}