{"id":761144,"date":"2025-08-28T09:28:28","date_gmt":"2025-08-28T06:28:28","guid":{"rendered":"https:\/\/roveyayinevi.com.tr\/index.php\/urun\/bir-kadinin-siir-defteri-anka-kusu\/"},"modified":"2026-04-16T03:14:44","modified_gmt":"2026-04-16T00:14:44","slug":"bir-kadinin-siir-defteri-anka-kusu","status":"publish","type":"product","link":"https:\/\/roveyayinevi.com.tr\/index.php\/urun\/bir-kadinin-siir-defteri-anka-kusu\/","title":{"rendered":"Bir Kad\u0131n\u0131n \u015eiir Defteri: Anka Ku\u015fu"},"content":{"rendered":"<p>Hayat bir yol. Yol ise; bir ya\u015fam\u0131n ba\u015flang\u0131\u00e7 ve bitimidir. Uzak diyarlar vard\u0131r gidip te gelemedi\u011fin; gelsen de g\u00f6remedi\u011fin. \u0130\u015fte b\u00f6yle bir yolculukta ba\u015flar Anka ku\u015funun hik\u00e2yesi. Tatl\u0131 bir masal e\u015fli\u011finde buluverir kendini o umman\u0131 denizlerde.   Koca bir varolu\u015f s\u00fcrecinde; yokluktan gelen bir Anka ku\u015fu. Yeniden do\u011fu\u015fun simgesi, varolu\u015fun sembol\u00fc. Bir bilgedir Anka ku\u015fu. Eme\u011fin, sabr\u0131n, dirili\u015fin g\u00f6stergesi. Kendini yakarak yok eder, k\u00fcllerinden yeniden do\u011far bir Anka ku\u015fu. K\u00f6klerine derinden ba\u011fl\u0131d\u0131r. Anka ku\u015funun varolu\u015f s\u00fcrecindeki hik\u00e2yenin kahraman\u0131; kahraman\u0131n kendisidir. Umudun rengindeki kaybolu\u015fun \u0131\u015f\u0131\u011f\u0131n\u0131 arayan; \u0131\u015f\u0131\u011f\u0131n kendisinde oldu\u011funu bilmelidir. Y\u00fcre\u011finiz daima yol g\u00f6stereniniz olsun.   \u201cYeterince inan\u0131rsan, ger\u00e7ekle\u015ftiremeyece\u011fin hayal yoktur.\u201d <\/p>\n","protected":false},"excerpt":{"rendered":"<p>Hayat bir yol. Yol ise; bir ya\u015fam\u0131n ba\u015flang\u0131\u00e7 ve bitimidir. Uzak diyarlar vard\u0131r gidip te gelemedi\u011fin; gelsen de g\u00f6remedi\u011fin. \u0130\u015fte b\u00f6yle bir yolculukta ba\u015flar Anka ku\u015funun<span class=\"excerpt-hellip\"> [\u2026]<\/span><\/p>\n","protected":false},"featured_media":0,"template":"","meta":{"_monsterinsights_skip_tracking":false,"_monsterinsights_sitenote_active":false,"_monsterinsights_sitenote_note":"","_monsterinsights_sitenote_category":0},"product_brand":[],"product_cat":[12291,12509],"product_tag":[],"class_list":{"0":"post-761144","1":"product","2":"type-product","3":"status-publish","5":"product_cat-edebiyat","6":"product_cat-siir","7":"pa_cilt-ciltsiz","8":"pa_tur-kitap","9":"pa_yayinevi-us-yayinlari","10":"pa_yazar-naciye-biyik","12":"first","13":"instock","14":"sale","15":"shipping-taxable","16":"purchasable","17":"product-type-simple"},"_links":{"self":[{"href":"https:\/\/roveyayinevi.com.tr\/index.php\/wp-json\/wp\/v2\/product\/761144","targetHints":{"allow":["GET"]}}],"collection":[{"href":"https:\/\/roveyayinevi.com.tr\/index.php\/wp-json\/wp\/v2\/product"}],"about":[{"href":"https:\/\/roveyayinevi.com.tr\/index.php\/wp-json\/wp\/v2\/types\/product"}],"wp:attachment":[{"href":"https:\/\/roveyayinevi.com.tr\/index.php\/wp-json\/wp\/v2\/media?parent=761144"}],"wp:term":[{"taxonomy":"product_brand","embeddable":true,"href":"https:\/\/roveyayinevi.com.tr\/index.php\/wp-json\/wp\/v2\/product_brand?post=761144"},{"taxonomy":"product_cat","embeddable":true,"href":"https:\/\/roveyayinevi.com.tr\/index.php\/wp-json\/wp\/v2\/product_cat?post=761144"},{"taxonomy":"product_tag","embeddable":true,"href":"https:\/\/roveyayinevi.com.tr\/index.php\/wp-json\/wp\/v2\/product_tag?post=761144"}],"curies":[{"name":"wp","href":"https:\/\/api.w.org\/{rel}","templated":true}]}}