{"id":761141,"date":"2025-08-28T09:28:25","date_gmt":"2025-08-28T06:28:25","guid":{"rendered":"https:\/\/roveyayinevi.com.tr\/index.php\/urun\/egeden-miras-sofralar-ciltli\/"},"modified":"2026-04-16T03:14:44","modified_gmt":"2026-04-16T00:14:44","slug":"egeden-miras-sofralar-ciltli","status":"publish","type":"product","link":"https:\/\/roveyayinevi.com.tr\/index.php\/urun\/egeden-miras-sofralar-ciltli\/","title":{"rendered":"Ege&#8217;den Miras Sofralar (Ciltli)"},"content":{"rendered":"<p>K\u00fclt\u00fcrel mirasa, zanaatlere ve topra\u011fa sahip \u00e7\u0131karak yeni \u015feyler \u00fcretmeyi kendine misyon edinen Simay B\u00fclb\u00fcl, Gourmand World Cookbook \u00f6d\u00fcll\u00fc yazar Sinan Hamamsar\u0131lar\u2019\u0131n kaleme ald\u0131\u011f\u0131 Ege\u2019den Miras Sofralar\u2019da, kendi ailesinin mutfa\u011f\u0131nda pi\u015fen Girit ve \u0130zmir yemeklerinin re\u00e7etelerini, hik\u00e2yelerini, Ege\u2019nin bereketli topraklar\u0131ndan elde edilen \u00fcr\u00fcnlerle kurdu\u011fu birbirinden g\u00fczel ve k\u0131ymetli sofralar e\u015fli\u011finde anlat\u0131yor.  Ege\u2019den Miras Sofralar, Girit\u2019te ba\u015flayan lezzet yolculu\u011funu, \u0130zmir ve \u00e7evresinin lezzet duraklar\u0131yla s\u00fcrd\u00fcren, \u00e7ocukluk an\u0131lar\u0131yla bug\u00fcn\u00fcn lezzetlerini harmanlayan bir an\u0131-gezi kitab\u0131 ayn\u0131 zamanda.  Simay B\u00fclb\u00fcl ailesinden \u00f6\u011frendi\u011fi, kendisinde derin izler b\u0131rakan ve pi\u015firmekten hep mutlu oldu\u011fu yemekleri bu kez profesyonel bir ekiple yeniden pi\u015firip Urla\u2019daki bah\u00e7esinde, \u0130ltur\u2019daki zeytin a\u011fac\u0131n\u0131n alt\u0131nda kurdu\u011fu sofrada size ikram ediyor.Ege mutfak k\u00fclt\u00fcr\u00fcne merak duyanlar\u0131n k\u00fct\u00fcphanelerinde mutlaka yer almas\u0131 gereken bir eser\u2026<\/p>\n","protected":false},"excerpt":{"rendered":"<p>K\u00fclt\u00fcrel mirasa, zanaatlere ve topra\u011fa sahip \u00e7\u0131karak yeni \u015feyler \u00fcretmeyi kendine misyon edinen Simay B\u00fclb\u00fcl, Gourmand World Cookbook \u00f6d\u00fcll\u00fc yazar Sinan Hamamsar\u0131lar\u2019\u0131n kaleme ald\u0131\u011f\u0131 Ege\u2019den Miras<span class=\"excerpt-hellip\"> [\u2026]<\/span><\/p>\n","protected":false},"featured_media":0,"template":"","meta":{"_monsterinsights_skip_tracking":false,"_monsterinsights_sitenote_active":false,"_monsterinsights_sitenote_note":"","_monsterinsights_sitenote_category":0},"product_brand":[],"product_cat":[12457],"product_tag":[],"class_list":{"0":"post-761141","1":"product","2":"type-product","3":"status-publish","5":"product_cat-yemek-kitaplari","6":"pa_cilt-ciltli","7":"pa_tur-kitap","8":"pa_yayinevi-alfa-yayinlari","9":"pa_yazar-simay-bulbul-sinan-hamamsarilar","11":"first","12":"instock","13":"sale","14":"shipping-taxable","15":"purchasable","16":"product-type-simple"},"_links":{"self":[{"href":"https:\/\/roveyayinevi.com.tr\/index.php\/wp-json\/wp\/v2\/product\/761141","targetHints":{"allow":["GET"]}}],"collection":[{"href":"https:\/\/roveyayinevi.com.tr\/index.php\/wp-json\/wp\/v2\/product"}],"about":[{"href":"https:\/\/roveyayinevi.com.tr\/index.php\/wp-json\/wp\/v2\/types\/product"}],"wp:attachment":[{"href":"https:\/\/roveyayinevi.com.tr\/index.php\/wp-json\/wp\/v2\/media?parent=761141"}],"wp:term":[{"taxonomy":"product_brand","embeddable":true,"href":"https:\/\/roveyayinevi.com.tr\/index.php\/wp-json\/wp\/v2\/product_brand?post=761141"},{"taxonomy":"product_cat","embeddable":true,"href":"https:\/\/roveyayinevi.com.tr\/index.php\/wp-json\/wp\/v2\/product_cat?post=761141"},{"taxonomy":"product_tag","embeddable":true,"href":"https:\/\/roveyayinevi.com.tr\/index.php\/wp-json\/wp\/v2\/product_tag?post=761141"}],"curies":[{"name":"wp","href":"https:\/\/api.w.org\/{rel}","templated":true}]}}