{"id":761136,"date":"2025-08-28T09:28:14","date_gmt":"2025-08-28T06:28:14","guid":{"rendered":"https:\/\/roveyayinevi.com.tr\/index.php\/urun\/esrik-agacin-meyvesi\/"},"modified":"2026-04-16T03:14:43","modified_gmt":"2026-04-16T00:14:43","slug":"esrik-agacin-meyvesi","status":"publish","type":"product","link":"https:\/\/roveyayinevi.com.tr\/index.php\/urun\/esrik-agacin-meyvesi\/","title":{"rendered":"Esrik A\u011fac\u0131n Meyvesi"},"content":{"rendered":"<p>Kolombiya\u2019dan ABD\u2019ye g\u00f6\u00e7t\u00fckten sonra yazd\u0131\u011f\u0131 ilk roman\u0131 Esrik A\u011fac\u0131n Meyvesi ve ard\u0131ndan gelen Pulitzer, Ulusal Kitap ve Ulusal Kitap Ele\u015ftirmenleri \u00f6d\u00fcllerinde finale kalan otobiyografik kitab\u0131 The Man Who Could Move Clouds ile dikkat \u00e7eken Ingrid Rojas Contreras, son d\u00f6nemin gen\u00e7 Latin Amerikal\u0131 yazarlar\u0131n\u0131n en parlak \u00f6rneklerinden. Kolombiya\u2019n\u0131n \u00e7alkant\u0131l\u0131 tarihinde \u00f6rg\u00fctlerle askerlerin, gerillalarla paramiliterlerin durmaks\u0131z\u0131n sava\u015ft\u0131\u011f\u0131, kimin kim oldu\u011funun anla\u015f\u0131lmad\u0131\u011f\u0131 zamanlarda bir \u00e7ocu\u011fun g\u00f6z\u00fcnden bir b\u00fcy\u00fcme, aile ve g\u00f6\u00e7 roman\u0131. Kolombiya Petrol \u015eirketi\u2019nde \u00e7al\u0131\u015fan babas\u0131, suikasta u\u011frayacak siyasi lider Gal\u00e1n hayran\u0131 annesi ve kendisinden iki ya\u015f b\u00fcy\u00fck ablas\u0131yla birlikte ya\u015fayan k\u00fc\u00e7\u00fck Chula\u2019n\u0131n hayat\u0131 evlerine \u00e7al\u0131\u015fmaya gelen Petrona adl\u0131 k\u0131zla de\u011fi\u015fecektir. Pablo Escobar ve adamlar\u0131yla b\u00fcy\u00fck kavgaya tutu\u015fmu\u015f Kolombiya\u2019da siyasi \u015fiddetin ve ter\u00f6r\u00fcn yo\u011funla\u015fmas\u0131yla seyri de\u011fi\u015fen toplumsal m\u00fccadelenin gidi\u015fat\u0131, gecekondu mahallelerinden gelen gen\u00e7 Petrona\u2019n\u0131n hayat\u0131n\u0131 ayr\u0131, orta s\u0131n\u0131f Santiago ailesini ayr\u0131 alt\u00fcst edecektir. Yoksullu\u011fun ve gerilla m\u00fccadelelerinin kavurdu\u011fu mahallelerden \u00e7\u0131k\u0131p g\u00fcvenlikli sitelere hizmet etmeye gelenlerin, siyasi kavgalar\u0131n ter\u00f6r\u00fcnde ka\u00e7\u0131r\u0131lanlarla heba olanlar\u0131n, ya\u015fam\u0131n ko\u015fullar\u0131n\u0131 asla kendileri belirleyemeyenlerin roman\u0131.   \u201c\u00d6zg\u00fcn, siyasi a\u00e7\u0131dan c\u00fcretk\u00e2r ve tutkuyla yaz\u0131lm\u0131\u015f.\u201d \u2014VOGUE   \u201cEscobar Kolombiya\u2019s\u0131nda \u00e7ocukluk hakk\u0131nda g\u00fczelce olu\u015fturulmu\u015f bir roman&#8230; Ak\u0131lda kal\u0131yor ve i\u00e7ine \u00e7ekiyor.\u201d \u2014NEW YORK TIMES BOOK REVIEW <\/p>\n","protected":false},"excerpt":{"rendered":"<p>Kolombiya\u2019dan ABD\u2019ye g\u00f6\u00e7t\u00fckten sonra yazd\u0131\u011f\u0131 ilk roman\u0131 Esrik A\u011fac\u0131n Meyvesi ve ard\u0131ndan gelen Pulitzer, Ulusal Kitap ve Ulusal Kitap Ele\u015ftirmenleri \u00f6d\u00fcllerinde finale kalan otobiyografik kitab\u0131 The<span class=\"excerpt-hellip\"> [\u2026]<\/span><\/p>\n","protected":false},"featured_media":0,"template":"","meta":{"_monsterinsights_skip_tracking":false,"_monsterinsights_sitenote_active":false,"_monsterinsights_sitenote_note":"","_monsterinsights_sitenote_category":0},"product_brand":[],"product_cat":[12291,12711],"product_tag":[],"class_list":{"0":"post-761136","1":"product","2":"type-product","3":"status-publish","5":"product_cat-edebiyat","6":"product_cat-roman-oyku","7":"pa_cilt-ciltsiz","8":"pa_tur-kitap","9":"pa_yayinevi-ithaki-yayinlari","10":"pa_yazar-ingrid-rojas-contreras","12":"first","13":"instock","14":"sale","15":"shipping-taxable","16":"purchasable","17":"product-type-simple"},"_links":{"self":[{"href":"https:\/\/roveyayinevi.com.tr\/index.php\/wp-json\/wp\/v2\/product\/761136","targetHints":{"allow":["GET"]}}],"collection":[{"href":"https:\/\/roveyayinevi.com.tr\/index.php\/wp-json\/wp\/v2\/product"}],"about":[{"href":"https:\/\/roveyayinevi.com.tr\/index.php\/wp-json\/wp\/v2\/types\/product"}],"wp:attachment":[{"href":"https:\/\/roveyayinevi.com.tr\/index.php\/wp-json\/wp\/v2\/media?parent=761136"}],"wp:term":[{"taxonomy":"product_brand","embeddable":true,"href":"https:\/\/roveyayinevi.com.tr\/index.php\/wp-json\/wp\/v2\/product_brand?post=761136"},{"taxonomy":"product_cat","embeddable":true,"href":"https:\/\/roveyayinevi.com.tr\/index.php\/wp-json\/wp\/v2\/product_cat?post=761136"},{"taxonomy":"product_tag","embeddable":true,"href":"https:\/\/roveyayinevi.com.tr\/index.php\/wp-json\/wp\/v2\/product_tag?post=761136"}],"curies":[{"name":"wp","href":"https:\/\/api.w.org\/{rel}","templated":true}]}}