{"id":761128,"date":"2025-08-28T09:28:02","date_gmt":"2025-08-28T06:28:02","guid":{"rendered":"https:\/\/roveyayinevi.com.tr\/index.php\/urun\/erk-hayvanlarinin-mesajlari\/"},"modified":"2026-04-16T03:14:43","modified_gmt":"2026-04-16T00:14:43","slug":"erk-hayvanlarinin-mesajlari","status":"publish","type":"product","link":"https:\/\/roveyayinevi.com.tr\/index.php\/urun\/erk-hayvanlarinin-mesajlari\/","title":{"rendered":"Erk Hayvanlar\u0131n\u0131n Mesajlar\u0131"},"content":{"rendered":"<p>Bu deste ile erk hayvanlar\u0131n\u0131z\u0131n bilgeli\u011fini \u00e7a\u011f\u0131r\u0131n ve onlar\u0131n mesajlar\u0131na kulak verin.   Ruhsal yolculu\u011fumuzda, hangi yolu se\u00e7ersek se\u00e7elim, bu yolculuk boyunca bizi destekleyen, seven ve elimizden tutan bir dizi rehber vard\u0131r. Erk hayvanlar\u0131n\u0131z\u0131 \u00e7e\u015fitli \u015fekillerde g\u00f6rebilir ve hissedebilirsiniz.  Fiziksel d\u00fcnyada ya da dergi ve kitaplarda resimlerini g\u00f6rd\u00fc\u011f\u00fcn\u00fcz erk hayvan\u0131n\u0131zla ans\u0131z\u0131n kar\u015f\u0131la\u015fabilirsiniz; r\u00fcyalar\u0131n\u0131z arac\u0131l\u0131\u011f\u0131yla size mesaj getirebilirler. Erk Hayvanlar\u0131n\u0131n Mesajlar\u0131 destesi, erk hayvanlar\u0131n\u0131zla ba\u011flant\u0131 kurmak, onlar\u0131n rehberliklerini kabul etmek ve mesajlar\u0131n\u0131 dinlemek i\u00e7in bir ara\u00e7t\u0131r. Ayn\u0131 zamanda, ihtiyac\u0131n\u0131z oldu\u011funu hissetti\u011finizde onlar\u0131n enerjisini hayat\u0131n\u0131za \u00e7a\u011f\u0131rmak i\u00e7in de g\u00fc\u00e7l\u00fc bir yoldur. <\/p>\n","protected":false},"excerpt":{"rendered":"<p>Bu deste ile erk hayvanlar\u0131n\u0131z\u0131n bilgeli\u011fini \u00e7a\u011f\u0131r\u0131n ve onlar\u0131n mesajlar\u0131na kulak verin. Ruhsal yolculu\u011fumuzda, hangi yolu se\u00e7ersek se\u00e7elim, bu yolculuk boyunca bizi destekleyen, seven ve elimizden<span class=\"excerpt-hellip\"> [\u2026]<\/span><\/p>\n","protected":false},"featured_media":0,"template":"","meta":{"_monsterinsights_skip_tracking":false,"_monsterinsights_sitenote_active":false,"_monsterinsights_sitenote_note":"","_monsterinsights_sitenote_category":0},"product_brand":[],"product_cat":[15563],"product_tag":[],"class_list":{"0":"post-761128","1":"product","2":"type-product","3":"status-publish","5":"product_cat-hobi","6":"pa_cilt-ciltsiz","7":"pa_tur-kitap","8":"pa_yayinevi-omega","9":"pa_yazar-katie-jane-wright","11":"first","12":"instock","13":"sale","14":"shipping-taxable","15":"purchasable","16":"product-type-simple"},"_links":{"self":[{"href":"https:\/\/roveyayinevi.com.tr\/index.php\/wp-json\/wp\/v2\/product\/761128","targetHints":{"allow":["GET"]}}],"collection":[{"href":"https:\/\/roveyayinevi.com.tr\/index.php\/wp-json\/wp\/v2\/product"}],"about":[{"href":"https:\/\/roveyayinevi.com.tr\/index.php\/wp-json\/wp\/v2\/types\/product"}],"wp:attachment":[{"href":"https:\/\/roveyayinevi.com.tr\/index.php\/wp-json\/wp\/v2\/media?parent=761128"}],"wp:term":[{"taxonomy":"product_brand","embeddable":true,"href":"https:\/\/roveyayinevi.com.tr\/index.php\/wp-json\/wp\/v2\/product_brand?post=761128"},{"taxonomy":"product_cat","embeddable":true,"href":"https:\/\/roveyayinevi.com.tr\/index.php\/wp-json\/wp\/v2\/product_cat?post=761128"},{"taxonomy":"product_tag","embeddable":true,"href":"https:\/\/roveyayinevi.com.tr\/index.php\/wp-json\/wp\/v2\/product_tag?post=761128"}],"curies":[{"name":"wp","href":"https:\/\/api.w.org\/{rel}","templated":true}]}}