{"id":761110,"date":"2025-08-28T09:27:28","date_gmt":"2025-08-28T06:27:28","guid":{"rendered":"https:\/\/roveyayinevi.com.tr\/index.php\/urun\/zor-zamanda-susmak\/"},"modified":"2026-04-16T03:14:43","modified_gmt":"2026-04-16T00:14:43","slug":"zor-zamanda-susmak","status":"publish","type":"product","link":"https:\/\/roveyayinevi.com.tr\/index.php\/urun\/zor-zamanda-susmak\/","title":{"rendered":"Zor Zamanda Susmak"},"content":{"rendered":"<p>\u0130nsan olarak en b\u00fcy\u00fck \u00f6zelli\u011fimizdir ileti\u015fim kurmak, anlatmak, anlamaya \u00e7al\u0131\u015fmak. Ve en b\u00fcy\u00fck ihtiyac\u0131m\u0131zd\u0131r anla\u015f\u0131lmak\u2026 Belki de anla\u015f\u0131lmak i\u00e7indir t\u00fcm bu \u00e7abam\u0131z. Ancak sa\u011fl\u0131kl\u0131 bir ileti\u015fim ile anlayabilir, anlatabiliriz. \u00c7\u00fcnk\u00fc ileti\u015fim, kelimeleri art arda s\u0131ralamaktan \u00e7ok \u00f6tedir. \u0130nsan, bazen susarak da konu\u015fabilir, anlatabilir. Susmak bir sanatt\u0131r ve bu sanat\u0131 ancak ehil olanlar ba\u015farabilir. Susmak i\u00e7in \u00e7ok\u00e7a tefekk\u00fcr etmek gereklidir ki g\u00fcn\u00fcm\u00fczde bunu yapmaya kimsenin niyeti ve vakti yok(!) Herkes daha fazla konu\u015farak kendini anlatma derdinde. Oysa susarak anlatmak zordur, daha zor olan\u0131 ise susanlar\u0131 duymakt\u0131r. <\/p>\n","protected":false},"excerpt":{"rendered":"<p>\u0130nsan olarak en b\u00fcy\u00fck \u00f6zelli\u011fimizdir ileti\u015fim kurmak, anlatmak, anlamaya \u00e7al\u0131\u015fmak. Ve en b\u00fcy\u00fck ihtiyac\u0131m\u0131zd\u0131r anla\u015f\u0131lmak\u2026 Belki de anla\u015f\u0131lmak i\u00e7indir t\u00fcm bu \u00e7abam\u0131z. Ancak sa\u011fl\u0131kl\u0131 bir ileti\u015fim<span class=\"excerpt-hellip\"> [\u2026]<\/span><\/p>\n","protected":false},"featured_media":0,"template":"","meta":{"_monsterinsights_skip_tracking":false,"_monsterinsights_sitenote_active":false,"_monsterinsights_sitenote_note":"","_monsterinsights_sitenote_category":0},"product_brand":[],"product_cat":[12364,12376],"product_tag":[],"class_list":{"0":"post-761110","1":"product","2":"type-product","3":"status-publish","5":"product_cat-genel-konular","6":"product_cat-kisisel-gelisim","7":"pa_cilt-ciltsiz","8":"pa_tur-kitap","9":"pa_yayinevi-cinaralti-yayinlari","10":"pa_yazar-muhammet-sirin","12":"first","13":"instock","14":"sale","15":"shipping-taxable","16":"purchasable","17":"product-type-simple"},"_links":{"self":[{"href":"https:\/\/roveyayinevi.com.tr\/index.php\/wp-json\/wp\/v2\/product\/761110","targetHints":{"allow":["GET"]}}],"collection":[{"href":"https:\/\/roveyayinevi.com.tr\/index.php\/wp-json\/wp\/v2\/product"}],"about":[{"href":"https:\/\/roveyayinevi.com.tr\/index.php\/wp-json\/wp\/v2\/types\/product"}],"wp:attachment":[{"href":"https:\/\/roveyayinevi.com.tr\/index.php\/wp-json\/wp\/v2\/media?parent=761110"}],"wp:term":[{"taxonomy":"product_brand","embeddable":true,"href":"https:\/\/roveyayinevi.com.tr\/index.php\/wp-json\/wp\/v2\/product_brand?post=761110"},{"taxonomy":"product_cat","embeddable":true,"href":"https:\/\/roveyayinevi.com.tr\/index.php\/wp-json\/wp\/v2\/product_cat?post=761110"},{"taxonomy":"product_tag","embeddable":true,"href":"https:\/\/roveyayinevi.com.tr\/index.php\/wp-json\/wp\/v2\/product_tag?post=761110"}],"curies":[{"name":"wp","href":"https:\/\/api.w.org\/{rel}","templated":true}]}}