{"id":761105,"date":"2025-08-28T09:27:19","date_gmt":"2025-08-28T06:27:19","guid":{"rendered":"https:\/\/roveyayinevi.com.tr\/index.php\/urun\/gunaydin-kucuk-tramvay\/"},"modified":"2026-04-16T03:14:42","modified_gmt":"2026-04-16T00:14:42","slug":"gunaydin-kucuk-tramvay","status":"publish","type":"product","link":"https:\/\/roveyayinevi.com.tr\/index.php\/urun\/gunaydin-kucuk-tramvay\/","title":{"rendered":"G\u00fcnayd\u0131n, K\u00fc\u00e7\u00fck Tramvay!"},"content":{"rendered":"<p>Sabah\u0131n ilk saatlerinde, g\u00fcne\u015f uykudaki evlerin pencerelerinden i\u00e7eri s\u0131zarken vatman uykusundan uyan\u0131r. Tramvay\u0131yla usulca g\u00fcn\u00fcn i\u00e7inde s\u00fcz\u00fclmeye ba\u015flar. Tramvaya \u00f6nce bal\u0131k\u00e7\u0131 kad\u0131n biner, sonra k\u00fc\u00e7\u00fck d\u00f6nme dolapl\u0131 \u00e7ocuk, sonra da \u00f6rg\u00fc \u00f6ren nine. Kim nerede inecek acaba? Tramvay hangi sokaklardan ve duraklardan ge\u00e7ecek? Hadi binelim ve say\u0131s\u0131z hik\u00e2yeyi birlikte ke\u015ffedelim! \u201cG\u00fcnayd\u0131n, k\u00fc\u00e7\u00fck tramvay!\u201d 2017\u2019de Avusturya \u00c7ocuk ve Gen\u00e7lik kitab\u0131 \u00f6d\u00fcl\u00fcne ve Alman Kitap Sanat\u0131 Vakf\u0131 (Stiftung Buchkunst) en iyi Almanca kitap \u00f6d\u00fcl\u00fcne lay\u0131k g\u00f6r\u00fcld\u00fc. 3+<\/p>\n","protected":false},"excerpt":{"rendered":"<p>Sabah\u0131n ilk saatlerinde, g\u00fcne\u015f uykudaki evlerin pencerelerinden i\u00e7eri s\u0131zarken vatman uykusundan uyan\u0131r. Tramvay\u0131yla usulca g\u00fcn\u00fcn i\u00e7inde s\u00fcz\u00fclmeye ba\u015flar. Tramvaya \u00f6nce bal\u0131k\u00e7\u0131 kad\u0131n biner, sonra k\u00fc\u00e7\u00fck d\u00f6nme<span class=\"excerpt-hellip\"> [\u2026]<\/span><\/p>\n","protected":false},"featured_media":0,"template":"","meta":{"_monsterinsights_skip_tracking":false,"_monsterinsights_sitenote_active":false,"_monsterinsights_sitenote_note":"","_monsterinsights_sitenote_category":0},"product_brand":[],"product_cat":[12274,12284],"product_tag":[],"class_list":{"0":"post-761105","1":"product","2":"type-product","3":"status-publish","5":"product_cat-cocuk-ve-genclik-kitaplari","6":"product_cat-hikayeler","7":"pa_cilt-ciltsiz","8":"pa_tur-kitap","9":"pa_yayinevi-kuraldisi-yayinevi","10":"pa_yazar-julie-volk","12":"first","13":"instock","14":"sale","15":"shipping-taxable","16":"purchasable","17":"product-type-simple"},"_links":{"self":[{"href":"https:\/\/roveyayinevi.com.tr\/index.php\/wp-json\/wp\/v2\/product\/761105","targetHints":{"allow":["GET"]}}],"collection":[{"href":"https:\/\/roveyayinevi.com.tr\/index.php\/wp-json\/wp\/v2\/product"}],"about":[{"href":"https:\/\/roveyayinevi.com.tr\/index.php\/wp-json\/wp\/v2\/types\/product"}],"wp:attachment":[{"href":"https:\/\/roveyayinevi.com.tr\/index.php\/wp-json\/wp\/v2\/media?parent=761105"}],"wp:term":[{"taxonomy":"product_brand","embeddable":true,"href":"https:\/\/roveyayinevi.com.tr\/index.php\/wp-json\/wp\/v2\/product_brand?post=761105"},{"taxonomy":"product_cat","embeddable":true,"href":"https:\/\/roveyayinevi.com.tr\/index.php\/wp-json\/wp\/v2\/product_cat?post=761105"},{"taxonomy":"product_tag","embeddable":true,"href":"https:\/\/roveyayinevi.com.tr\/index.php\/wp-json\/wp\/v2\/product_tag?post=761105"}],"curies":[{"name":"wp","href":"https:\/\/api.w.org\/{rel}","templated":true}]}}