{"id":761088,"date":"2025-08-28T09:26:50","date_gmt":"2025-08-28T06:26:50","guid":{"rendered":"https:\/\/roveyayinevi.com.tr\/index.php\/urun\/bilgisayar-aglari-yukaridan-asagi-bir-yaklasim\/"},"modified":"2025-10-29T10:15:02","modified_gmt":"2025-10-29T07:15:02","slug":"bilgisayar-aglari-yukaridan-asagi-bir-yaklasim","status":"publish","type":"product","link":"https:\/\/roveyayinevi.com.tr\/index.php\/urun\/bilgisayar-aglari-yukaridan-asagi-bir-yaklasim\/","title":{"rendered":"Bilgisayar A\u011flar\u0131 Yukar\u0131dan A\u015fa\u011f\u0131 Bir Yakla\u015f\u0131m"},"content":{"rendered":"<p>Bilgisayar A\u011flar\u0131 Yukar\u0131dan A\u015fa\u011f\u0131 Bir Yakla\u015f\u0131m<\/p>\n","protected":false},"excerpt":{"rendered":"<p>Bilgisayar A\u011flar\u0131 Yukar\u0131dan A\u015fa\u011f\u0131 Bir Yakla\u015f\u0131m<\/p>\n","protected":false},"featured_media":0,"template":"","meta":{"_monsterinsights_skip_tracking":false,"_monsterinsights_sitenote_active":false,"_monsterinsights_sitenote_note":"","_monsterinsights_sitenote_category":0},"product_brand":[],"product_cat":[13005],"product_tag":[],"class_list":{"0":"post-761088","1":"product","2":"type-product","3":"status-publish","5":"product_cat-bilim-muhendislik","6":"pa_cilt-ciltsiz","7":"pa_tur-kitap","8":"pa_yayinevi-palme-yayincilik-akademik","9":"pa_yazar-james-f-kurose-keith-w-ross","11":"first","12":"instock","13":"sale","14":"shipping-taxable","15":"purchasable","16":"product-type-simple"},"_links":{"self":[{"href":"https:\/\/roveyayinevi.com.tr\/index.php\/wp-json\/wp\/v2\/product\/761088","targetHints":{"allow":["GET"]}}],"collection":[{"href":"https:\/\/roveyayinevi.com.tr\/index.php\/wp-json\/wp\/v2\/product"}],"about":[{"href":"https:\/\/roveyayinevi.com.tr\/index.php\/wp-json\/wp\/v2\/types\/product"}],"wp:attachment":[{"href":"https:\/\/roveyayinevi.com.tr\/index.php\/wp-json\/wp\/v2\/media?parent=761088"}],"wp:term":[{"taxonomy":"product_brand","embeddable":true,"href":"https:\/\/roveyayinevi.com.tr\/index.php\/wp-json\/wp\/v2\/product_brand?post=761088"},{"taxonomy":"product_cat","embeddable":true,"href":"https:\/\/roveyayinevi.com.tr\/index.php\/wp-json\/wp\/v2\/product_cat?post=761088"},{"taxonomy":"product_tag","embeddable":true,"href":"https:\/\/roveyayinevi.com.tr\/index.php\/wp-json\/wp\/v2\/product_tag?post=761088"}],"curies":[{"name":"wp","href":"https:\/\/api.w.org\/{rel}","templated":true}]}}