{"id":761086,"date":"2025-08-28T09:26:48","date_gmt":"2025-08-28T06:26:48","guid":{"rendered":"https:\/\/roveyayinevi.com.tr\/index.php\/urun\/ataturkun-gemileri\/"},"modified":"2026-04-16T03:14:42","modified_gmt":"2026-04-16T00:14:42","slug":"ataturkun-gemileri","status":"publish","type":"product","link":"https:\/\/roveyayinevi.com.tr\/index.php\/urun\/ataturkun-gemileri\/","title":{"rendered":"Atat\u00fcrk\u2019\u00fcn Gemileri"},"content":{"rendered":"<p>&#8211; Mustafa Kemal Atat\u00fcrk, sekiz y\u0131l, bir ay, on dokuz g\u00fcn sonra \u0130stanbul\u2019a d\u00f6nerken neden deniz yolunu se\u00e7mi\u015fti? Atat\u00fcrk\u2019\u00fc \u0130stanbul\u2019a hangi deniz arac\u0131 getirdi?  &#8211; T\u00fcrkiye Cumhuriyeti\u2019nin modern y\u00fcz\u00fcn\u00fc geleneksel motiflerle harmanlayan S\/S Karadeniz, d\u00fcnyan\u0131n ilk halkla ili\u015flkiler vapuru olarak ka\u00e7 limanda, ka\u00e7 \u00fclkeyi ziyaret etti? Paris\u2019te Eyfel Kulesi\u2019nde ezan okunmas\u0131n\u0131 sa\u011flayan vapurun yolcular\u0131 kimdi?  &#8211; T\u00fcrk sivil denizcili\u011finin sembol\u00fc olan Mustafa Kemal Atat\u00fcrk\u2019\u00fcn \u00e7ift \u00e7ipal\u0131 yast\u0131klarla verdi\u011fi pozlar, hangi vapurda, ne zaman \u00e7ekilmi\u015fti?  &#8211; Her 23 Nisan\u2019da \u00e7ok payla\u015f\u0131lan Atat\u00fcrk\u2019\u00fcn sal\u0131ncakta sallanan foto\u011fraflar\u0131 bir vapurda m\u0131 \u00e7ekilmi\u015fti?  &#8211; Be\u015f y\u00fcz altm\u0131\u015f dokuz Yahudi m\u00fclteciyi Karadeniz\u2019de \u00f6l\u00fcme yollayan Sovyet SC 213 denizalt\u0131s\u0131 ayn\u0131 gece Atat\u00fcrk\u2019\u00fcn de bir zamanlar bindi\u011fi hangi gemiyi bat\u0131rm\u0131\u015ft\u0131?  &#8211; B\u00fcy\u00fck \u00d6nder Atat\u00fcrk, \u00e7ocuk heyecan\u0131yla bekledi\u011fi, ancak elli be\u015f g\u00fcn binebildi\u011fi Beyaz Ku\u011fu Savarona\u2019da hangi yurt sorunlar\u0131yla ilgilenmi\u015fti?  &#8211; Atat\u00fcrk\u2019\u00fcn hayattayken bindi\u011fi son deniz arac\u0131, hayata g\u00f6zlerini yumdu\u011fu \u015fehirle ayn\u0131 ismi mi ta\u015f\u0131yordu?  &#8211; Cumhurba\u015fkan\u0131 Atat\u00fcrk yurt d\u0131\u015f\u0131na hi\u00e7 \u00e7\u0131km\u0131\u015f m\u0131yd\u0131? \u201cAntalya-Alanya- \u0130talya\u201d slogan\u0131yla Akdeniz k\u0131y\u0131lar\u0131m\u0131za g\u00f6z diken \u0130talyan Benito Mussoli\u2019ye, Cumhurba\u015fkan\u0131 Atat\u00fcrk hangi sava\u015f gemisiyle bizzat mesaj verdi?  &#8211; \u0130ngiltere Kral\u0131 VIII. Edward\u2019\u0131n beyaz ceketini baca duman\u0131yla kirleten Cumhurba\u015fkanl\u0131\u011f\u0131 yat\u0131n\u0131n ismi neydi?  &#8211; Vahdettin\u2019i yurt d\u0131\u015f\u0131na ka\u00e7\u0131ran \u0130ngiliz gemisi; on alt\u0131 y\u0131l, iki g\u00fcn sonra Atat\u00fcrk\u2019\u00fc u\u011furlamaya m\u0131 gelecekti?  &#8211; \u0130\u015fgal Komutan\u0131 General Harington, son padi\u015fah Vahdettin ve Cumhurba\u015fkan\u0131 Atat\u00fcrk\u2019\u00fc a\u011f\u0131rlayan tek deniz arac\u0131n\u0131n ismi neydi?  &#8211; Cumhurba\u015fkan\u0131 Atat\u00fcrk, sava\u015flarda boyun e\u011fdirdi\u011fi Yunanlar taraf\u0131ndan nas\u0131l Nobel Bar\u0131\u015f \u00d6d\u00fcl\u00fc Aday\u0131 g\u00f6sterildi?  &#8211; Yeni bir Cumhurba\u015fkanl\u0131\u011f\u0131 yat\u0131 i\u00e7in \u00e7abalar s\u00fcrerken hangi Levanten ailesinin tekneleri Atat\u00fcrk\u2019e sunulmu\u015ftu? <\/p>\n","protected":false},"excerpt":{"rendered":"<p>&#8211; Mustafa Kemal Atat\u00fcrk, sekiz y\u0131l, bir ay, on dokuz g\u00fcn sonra \u0130stanbul\u2019a d\u00f6nerken neden deniz yolunu se\u00e7mi\u015fti? Atat\u00fcrk\u2019\u00fc \u0130stanbul\u2019a hangi deniz arac\u0131 getirdi? &#8211; T\u00fcrkiye<span class=\"excerpt-hellip\"> [\u2026]<\/span><\/p>\n","protected":false},"featured_media":0,"template":"","meta":{"_monsterinsights_skip_tracking":false,"_monsterinsights_sitenote_active":false,"_monsterinsights_sitenote_note":"","_monsterinsights_sitenote_category":0},"product_brand":[],"product_cat":[12530,12304],"product_tag":[],"class_list":{"0":"post-761086","1":"product","2":"type-product","3":"status-publish","5":"product_cat-mustafa-kemal-ataturk","6":"product_cat-tarih","7":"pa_cilt-ciltsiz","8":"pa_tur-kitap","9":"pa_yayinevi-pankus-yayinlari","10":"pa_yazar-ali-bozoglu-gokhan-karakas","12":"first","13":"instock","14":"sale","15":"shipping-taxable","16":"purchasable","17":"product-type-simple"},"_links":{"self":[{"href":"https:\/\/roveyayinevi.com.tr\/index.php\/wp-json\/wp\/v2\/product\/761086","targetHints":{"allow":["GET"]}}],"collection":[{"href":"https:\/\/roveyayinevi.com.tr\/index.php\/wp-json\/wp\/v2\/product"}],"about":[{"href":"https:\/\/roveyayinevi.com.tr\/index.php\/wp-json\/wp\/v2\/types\/product"}],"wp:attachment":[{"href":"https:\/\/roveyayinevi.com.tr\/index.php\/wp-json\/wp\/v2\/media?parent=761086"}],"wp:term":[{"taxonomy":"product_brand","embeddable":true,"href":"https:\/\/roveyayinevi.com.tr\/index.php\/wp-json\/wp\/v2\/product_brand?post=761086"},{"taxonomy":"product_cat","embeddable":true,"href":"https:\/\/roveyayinevi.com.tr\/index.php\/wp-json\/wp\/v2\/product_cat?post=761086"},{"taxonomy":"product_tag","embeddable":true,"href":"https:\/\/roveyayinevi.com.tr\/index.php\/wp-json\/wp\/v2\/product_tag?post=761086"}],"curies":[{"name":"wp","href":"https:\/\/api.w.org\/{rel}","templated":true}]}}

Atatürk’ün Gemileri

<p>&#8211; Mustafa Kemal Atatürk, sekiz yıl, bir ay, on dokuz gün sonra İstanbul’a dönerken neden deniz yolunu seçmişti? Atatürk’ü İstanbul’a hangi deniz aracı getirdi?  &#8211; Türkiye Cumhuriyeti’nin modern yüzünü geleneksel motiflerle harmanlayan S/S Karadeniz, dünyanın ilk halkla ilişlkiler vapuru olarak kaç limanda, kaç ülkeyi ziyaret etti? Paris’te Eyfel Kulesi’nde ezan okunmasını sağlayan vapurun yolcuları kimdi?  &#8211; Türk sivil denizciliğinin sembolü olan Mustafa Kemal Atatürk’ün çift çipalı yastıklarla verdiği pozlar, hangi vapurda, ne zaman çekilmişti?  &#8211; Her 23 Nisan’da çok paylaşılan Atatürk’ün salıncakta sallanan fotoğrafları bir vapurda mı çekilmişti?  &#8211; Beş yüz altmış dokuz Yahudi mülteciyi Karadeniz’de ölüme yollayan Sovyet SC 213 denizaltısı aynı gece Atatürk’ün de bir zamanlar bindiği hangi gemiyi batırmıştı?  &#8211; Büyük Önder Atatürk, çocuk heyecanıyla beklediği, ancak elli beş gün binebildiği Beyaz Kuğu Savarona’da hangi yurt sorunlarıyla ilgilenmişti?  &#8211; Atatürk’ün hayattayken bindiği son deniz aracı, hayata gözlerini yumduğu şehirle aynı ismi mi taşıyordu?  &#8211; Cumhurbaşkanı Atatürk yurt dışına hiç çıkmış mıydı? “Antalya-Alanya- İtalya” sloganıyla Akdeniz kıyılarımıza göz diken İtalyan Benito Mussoli’ye, Cumhurbaşkanı Atatürk hangi savaş gemisiyle bizzat mesaj verdi?  &#8211; İngiltere Kralı VIII. Edward’ın beyaz ceketini baca dumanıyla kirleten Cumhurbaşkanlığı yatının ismi neydi?  &#8211; Vahdettin’i yurt dışına kaçıran İngiliz gemisi; on altı yıl, iki gün sonra Atatürk’ü uğurlamaya mı gelecekti?  &#8211; İşgal Komutanı General Harington, son padişah Vahdettin ve Cumhurbaşkanı Atatürk’ü ağırlayan tek deniz aracının ismi neydi?  &#8211; Cumhurbaşkanı Atatürk, savaşlarda boyun eğdirdiği Yunanlar tarafından nasıl Nobel Barış Ödülü Adayı gösterildi?  &#8211; Yeni bir Cumhurbaşkanlığı yatı için çabalar sürerken hangi Levanten ailesinin tekneleri Atatürk’e sunulmuştu? </p>

<p>&#8211; Mustafa Kemal Atatürk, sekiz yıl, bir ay, on dokuz gün sonra İstanbul’a dönerken neden deniz yolunu seçmişti? Atatürk’ü İstanbul’a hangi deniz aracı getirdi? &#8211; Türkiye<span class="excerpt-hellip"> […]</span></p>
