{"id":761072,"date":"2025-08-28T09:26:25","date_gmt":"2025-08-28T06:26:25","guid":{"rendered":"https:\/\/roveyayinevi.com.tr\/index.php\/urun\/ahtapotlarin-sifir-kemigi-vardir\/"},"modified":"2026-04-16T03:14:42","modified_gmt":"2026-04-16T00:14:42","slug":"ahtapotlarin-sifir-kemigi-vardir","status":"publish","type":"product","link":"https:\/\/roveyayinevi.com.tr\/index.php\/urun\/ahtapotlarin-sifir-kemigi-vardir\/","title":{"rendered":"Ahtapotlar\u0131n S\u0131f\u0131r Kemi\u011fi Vard\u0131r"},"content":{"rendered":"<p>H\u0130\u00c7 MERAK ETT\u0130N M\u0130? Bir kara ay\u0131n\u0131n kalbi bir saatte ka\u00e7 kez atar? Bir g\u00fcnde ka\u00e7 kere nefes al\u0131rs\u0131n? Ay\u2019a gidip gelmek ne kadar s\u00fcrer? Peki ya Sat\u00fcrn\u2019e gitmek? Seninle bulutlar aras\u0131nda ka\u00e7 metre var? Peki say\u0131lar\u0131n sonuna s\u00fcrekli s\u0131f\u0131r koyarsan ne olur?   Rakamlar, y\u00fcz binler, milyonlar ve milyarlar&#8230; Say\u0131lar\u0131n g\u00fcc\u00fcn\u00fc g\u00f6steren bir\u00e7ok bilgiyle birlikte, sorular\u0131na t\u00fcm cevaplar bu kitab\u0131n i\u00e7inde. Saymaya ve \u00f6l\u00e7meye haz\u0131rlan, d\u00fcnyam\u0131za hayranl\u0131k duyma s\u0131ras\u0131 sende! <\/p>\n","protected":false},"excerpt":{"rendered":"<p>H\u0130\u00c7 MERAK ETT\u0130N M\u0130? Bir kara ay\u0131n\u0131n kalbi bir saatte ka\u00e7 kez atar? Bir g\u00fcnde ka\u00e7 kere nefes al\u0131rs\u0131n? Ay\u2019a gidip gelmek ne kadar s\u00fcrer? Peki<span class=\"excerpt-hellip\"> [\u2026]<\/span><\/p>\n","protected":false},"featured_media":0,"template":"","meta":{"_monsterinsights_skip_tracking":false,"_monsterinsights_sitenote_active":false,"_monsterinsights_sitenote_note":"","_monsterinsights_sitenote_category":0},"product_brand":[],"product_cat":[12274],"product_tag":[],"class_list":{"0":"post-761072","1":"product","2":"type-product","3":"status-publish","5":"product_cat-cocuk-ve-genclik-kitaplari","6":"pa_cilt-ciltsiz","7":"pa_tur-kitap","8":"pa_yayinevi-mundi","9":"pa_yazar-anne-richardson","11":"first","12":"instock","13":"sale","14":"shipping-taxable","15":"purchasable","16":"product-type-simple"},"_links":{"self":[{"href":"https:\/\/roveyayinevi.com.tr\/index.php\/wp-json\/wp\/v2\/product\/761072","targetHints":{"allow":["GET"]}}],"collection":[{"href":"https:\/\/roveyayinevi.com.tr\/index.php\/wp-json\/wp\/v2\/product"}],"about":[{"href":"https:\/\/roveyayinevi.com.tr\/index.php\/wp-json\/wp\/v2\/types\/product"}],"wp:attachment":[{"href":"https:\/\/roveyayinevi.com.tr\/index.php\/wp-json\/wp\/v2\/media?parent=761072"}],"wp:term":[{"taxonomy":"product_brand","embeddable":true,"href":"https:\/\/roveyayinevi.com.tr\/index.php\/wp-json\/wp\/v2\/product_brand?post=761072"},{"taxonomy":"product_cat","embeddable":true,"href":"https:\/\/roveyayinevi.com.tr\/index.php\/wp-json\/wp\/v2\/product_cat?post=761072"},{"taxonomy":"product_tag","embeddable":true,"href":"https:\/\/roveyayinevi.com.tr\/index.php\/wp-json\/wp\/v2\/product_tag?post=761072"}],"curies":[{"name":"wp","href":"https:\/\/api.w.org\/{rel}","templated":true}]}}