{"id":761061,"date":"2025-08-28T09:26:07","date_gmt":"2025-08-28T06:26:07","guid":{"rendered":"https:\/\/roveyayinevi.com.tr\/index.php\/urun\/minik-eller-pembe-kitap\/"},"modified":"2026-04-16T03:14:41","modified_gmt":"2026-04-16T00:14:41","slug":"minik-eller-pembe-kitap","status":"publish","type":"product","link":"https:\/\/roveyayinevi.com.tr\/index.php\/urun\/minik-eller-pembe-kitap\/","title":{"rendered":"Minik Eller &#8211; Pembe Kitap"},"content":{"rendered":"<p>\u00c7ocu\u011funuz bir taraftan \u00f6rnek \u00e7\u0131kartmalara bakarak resimleri boyarken di\u011fer taraftan da k\u00fc\u00e7\u00fck \u00e7\u0131kartmalar\u0131 sayfalar\u0131na yap\u0131\u015ft\u0131rarak \u00e7ok e\u011flenceli vakit ge\u00e7irecek.  <\/p>\n","protected":false},"excerpt":{"rendered":"<p>\u00c7ocu\u011funuz bir taraftan \u00f6rnek \u00e7\u0131kartmalara bakarak resimleri boyarken di\u011fer taraftan da k\u00fc\u00e7\u00fck \u00e7\u0131kartmalar\u0131 sayfalar\u0131na yap\u0131\u015ft\u0131rarak \u00e7ok e\u011flenceli vakit ge\u00e7irecek.<\/p>\n","protected":false},"featured_media":0,"template":"","meta":{"_monsterinsights_skip_tracking":false,"_monsterinsights_sitenote_active":false,"_monsterinsights_sitenote_note":"","_monsterinsights_sitenote_category":0},"product_brand":[],"product_cat":[12554,12274],"product_tag":[],"class_list":{"0":"post-761061","1":"product","2":"type-product","3":"status-publish","5":"product_cat-cikartmali-kitaplar","6":"product_cat-cocuk-ve-genclik-kitaplari","7":"pa_cilt-ciltsiz","8":"pa_tur-kitap","9":"pa_yayinevi-0-6-yas-yayinlari","10":"pa_yazar-ahmet-altay","12":"first","13":"instock","14":"sale","15":"shipping-taxable","16":"purchasable","17":"product-type-simple"},"_links":{"self":[{"href":"https:\/\/roveyayinevi.com.tr\/index.php\/wp-json\/wp\/v2\/product\/761061","targetHints":{"allow":["GET"]}}],"collection":[{"href":"https:\/\/roveyayinevi.com.tr\/index.php\/wp-json\/wp\/v2\/product"}],"about":[{"href":"https:\/\/roveyayinevi.com.tr\/index.php\/wp-json\/wp\/v2\/types\/product"}],"wp:attachment":[{"href":"https:\/\/roveyayinevi.com.tr\/index.php\/wp-json\/wp\/v2\/media?parent=761061"}],"wp:term":[{"taxonomy":"product_brand","embeddable":true,"href":"https:\/\/roveyayinevi.com.tr\/index.php\/wp-json\/wp\/v2\/product_brand?post=761061"},{"taxonomy":"product_cat","embeddable":true,"href":"https:\/\/roveyayinevi.com.tr\/index.php\/wp-json\/wp\/v2\/product_cat?post=761061"},{"taxonomy":"product_tag","embeddable":true,"href":"https:\/\/roveyayinevi.com.tr\/index.php\/wp-json\/wp\/v2\/product_tag?post=761061"}],"curies":[{"name":"wp","href":"https:\/\/api.w.org\/{rel}","templated":true}]}}