{"id":761038,"date":"2025-08-28T09:25:33","date_gmt":"2025-08-28T06:25:33","guid":{"rendered":"https:\/\/roveyayinevi.com.tr\/index.php\/urun\/aileyi-sirketlestirmek\/"},"modified":"2026-04-16T03:13:40","modified_gmt":"2026-04-16T00:13:40","slug":"aileyi-sirketlestirmek","status":"publish","type":"product","link":"https:\/\/roveyayinevi.com.tr\/index.php\/urun\/aileyi-sirketlestirmek\/","title":{"rendered":"Aileyi \u015eirketle\u015ftirmek"},"content":{"rendered":"<p>Aile \u015firketlerinin ak\u0131l hocas\u0131ndan  \u015firket kurtaracak tavsiyeler\u2026   \u201cDe\u011ferli Y\u0131lmaz Hoca y\u00f6netim ilkeleri ile ilgili \u00f6nc\u00fc ve \u00e7a\u011fda\u015f yakla\u015f\u0131mlar payla\u015f\u0131yor. Kurumsalla\u015fmaya do\u011fru ilerlerken mutlaka okuman\u0131z\u0131 tavsiye ederim.\u201d Tal Garih \/ Alarko- \u0130novasyon Direkt\u00f6r\u00fc   \u201cDr. Y\u0131lmaz S\u00f6nmez\u2019in bu de\u011ferli kitab\u0131, \u015firketlerin as\u0131rlar \u00f6tesine gidecek bir yol haritas\u0131 ile birlikte aile \u015firketlerindeki ya\u015fam\u0131\u015fl\u0131klar\u0131 \u00f6rneklerle sunarak \u00e2deta \u201cibret al\u0131n, \u00f6nlem al\u0131n\u201d dercesine t\u00fcm aile \u015firketlerini uyar\u0131yor. Zuhal Mansfield \/ TMG Madencilik YKB   \u201cD\u00fcnyada aile \u015firketlerinin d\u00f6rd\u00fcnc\u00fc ku\u015fa\u011fa ge\u00e7i\u015fi sadece %4. \u015eirketlerin s\u00fcrd\u00fcr\u00fclebilirli\u011finin ne kadar \u00f6nemli oldu\u011funu daha iyi anlayabilmemiz i\u00e7in gelin Dr. Y\u0131lmaz S\u00f6nmez\u2019e kulak verin.\u201d Murat Kolba\u015f\u0131 \/ Arzum Ev Aletleri YKB   \u201cSevgili hocam kurumsal yap\u0131lanma yolculu\u011funda g\u00f6stermi\u015f oldu\u011funuz destekler i\u00e7in sonsuz te\u015fekk\u00fcrler. \u0130nsano\u011flu i\u00e7in dengeyi bulmak ve dengede kalmak hi\u00e7 de kolay de\u011fil iyi ki vars\u0131n\u0131z.\u201d Birol Celep \/ KFC G\u0131da YKB \u201cAile \u015firketlerinin da\u011f\u0131lmas\u0131 bir kader de\u011fildir, yeter ki zaman\u0131nda \u00f6nlem al\u0131ns\u0131n. Aile \u015firketlerinin ak\u0131l hocas\u0131 Y\u0131lmaz Hoca, yine i\u00e7imizden ge\u00e7erek rehber niteli\u011finde bir eser yazm\u0131\u015f.\u201d Adnan Dalgak\u0131ran \/ Dalgak\u0131ran Kompres\u00f6r YKB \u201cAile \u015firketleri dan\u0131\u015fman\u0131 Dr. Y\u0131lmaz S\u00f6nmez taraf\u0131ndan kaleme al\u0131nan bu kitap, aile i\u015fletmelerinin s\u00fcrd\u00fcr\u00fclebilir b\u00fcy\u00fcme yolculu\u011funda kar\u015f\u0131la\u015fabilecekleri zorluklar\u0131 ve bu zorluklar\u0131n \u00fcstesinden gelmek i\u00e7in izleyebilecekleri stratejileri ele al\u0131yor. \u0130\u00e7inde \u00e7ok\u00e7a ya\u015fanm\u0131\u015f hik\u00e2ye, global ve ulusal \u00f6rneklerden vaka analizleri, ba\u015farmak isteyen aile \u015firketleri i\u00e7in yol haritalar\u0131 ve aksiyon setleri yer al\u0131yor.\u201d Davut Do\u011fan \/ Do\u011fanlar Holding, Aile \u015eirketi Lideri <\/p>\n","protected":false},"excerpt":{"rendered":"<p>Aile \u015firketlerinin ak\u0131l hocas\u0131ndan \u015firket kurtaracak tavsiyeler\u2026 \u201cDe\u011ferli Y\u0131lmaz Hoca y\u00f6netim ilkeleri ile ilgili \u00f6nc\u00fc ve \u00e7a\u011fda\u015f yakla\u015f\u0131mlar payla\u015f\u0131yor. Kurumsalla\u015fmaya do\u011fru ilerlerken mutlaka okuman\u0131z\u0131 tavsiye ederim.\u201d<span class=\"excerpt-hellip\"> [\u2026]<\/span><\/p>\n","protected":false},"featured_media":0,"template":"","meta":{"_monsterinsights_skip_tracking":false,"_monsterinsights_sitenote_active":false,"_monsterinsights_sitenote_note":"","_monsterinsights_sitenote_category":0},"product_brand":[],"product_cat":[13043,19008],"product_tag":[],"class_list":{"0":"post-761038","1":"product","2":"type-product","3":"status-publish","5":"product_cat-ekonomi","6":"product_cat-yonetim","7":"pa_cilt-ciltsiz","8":"pa_tur-kitap","9":"pa_yayinevi-hayat-yayinlari","10":"pa_yazar-yilmaz-sonmez","12":"first","13":"instock","14":"sale","15":"shipping-taxable","16":"purchasable","17":"product-type-simple"},"_links":{"self":[{"href":"https:\/\/roveyayinevi.com.tr\/index.php\/wp-json\/wp\/v2\/product\/761038","targetHints":{"allow":["GET"]}}],"collection":[{"href":"https:\/\/roveyayinevi.com.tr\/index.php\/wp-json\/wp\/v2\/product"}],"about":[{"href":"https:\/\/roveyayinevi.com.tr\/index.php\/wp-json\/wp\/v2\/types\/product"}],"wp:attachment":[{"href":"https:\/\/roveyayinevi.com.tr\/index.php\/wp-json\/wp\/v2\/media?parent=761038"}],"wp:term":[{"taxonomy":"product_brand","embeddable":true,"href":"https:\/\/roveyayinevi.com.tr\/index.php\/wp-json\/wp\/v2\/product_brand?post=761038"},{"taxonomy":"product_cat","embeddable":true,"href":"https:\/\/roveyayinevi.com.tr\/index.php\/wp-json\/wp\/v2\/product_cat?post=761038"},{"taxonomy":"product_tag","embeddable":true,"href":"https:\/\/roveyayinevi.com.tr\/index.php\/wp-json\/wp\/v2\/product_tag?post=761038"}],"curies":[{"name":"wp","href":"https:\/\/api.w.org\/{rel}","templated":true}]}}