{"id":761030,"date":"2025-08-28T09:25:19","date_gmt":"2025-08-28T06:25:19","guid":{"rendered":"https:\/\/roveyayinevi.com.tr\/index.php\/urun\/onu-s-a-v-kalbinle-dinle-mekke-gunleri\/"},"modified":"2026-01-28T03:49:34","modified_gmt":"2026-01-28T00:49:34","slug":"onu-s-a-v-kalbinle-dinle-mekke-gunleri","status":"publish","type":"product","link":"https:\/\/roveyayinevi.com.tr\/index.php\/urun\/onu-s-a-v-kalbinle-dinle-mekke-gunleri\/","title":{"rendered":"O\u2019nu (s.a.v.) Kalbinle Dinle \u2013 Mekke G\u00fcnleri"},"content":{"rendered":"<p>\u015eimdi beraberce as\u0131rlar \u00f6ncesine gidelim, g\u00fcl kokulu ayak izlerinin pe\u015fine d\u00fc\u015f\u00fcp k\u00f6m\u00fcr karas\u0131 bir \u00e7a\u011f\u0131n nas\u0131l mutluluk asr\u0131na d\u00f6n\u00fc\u015ft\u00fc\u011f\u00fcne \u015fahitlik edelim. Peygamberimizin (s.a.v.) do\u011fumundan gen\u00e7li\u011fine, n\u00fcb\u00fcvvetinden hicret yolculu\u011funa uzanan Mekke G\u00fcnleri\u2019ni hep birlikte okuyal\u0131m, anlayal\u0131m, bug\u00fcn\u00fcn g\u00f6zl\u00fc\u011f\u00fcyle bak\u0131p y\u00fcre\u011fimize ilmek ilmek i\u015fleyelim. Bu muhte\u015fem \u00f6mr\u00fcn serencam\u0131n\u0131 gelin kalbimizle dinleyelim\u2026 On binlerce gence kalemi ve kelam\u0131yla dokunan Onur Kaplan, bu defa okurlar\u0131n\u0131 g\u00fcl kokulu bir yolculu\u011fa davet ediyor. G\u00fcnler d\u00fcne d\u00f6n\u00fcyor, takvimler kutlu bir do\u011fumu m\u00fcjdeliyor, O\u2019nun (s.a.v.) hayat\u0131 bug\u00fcne rehberlik ediyor. \u201cTelevizyonlar\u0131n ve sosyal medya platformlar\u0131n\u0131n yatak odalar\u0131m\u0131zdan zihnimizin en \u00fccra k\u00f6\u015felerine kadar s\u0131zd\u0131\u011f\u0131 bu \u00e7a\u011fda, k\u00f6t\u00fc etkilerden uzak durmak, akl\u0131m\u0131z\u0131 ve kalbimizi ar\u0131nd\u0131rmak ad\u0131na ilahi beyan\u0131n yank\u0131land\u0131\u011f\u0131 ortamlar\u0131n pe\u015fine d\u00fc\u015fmek, modern \u00e7a\u011f\u0131n kendi hicretidir.\u201d <\/p>\n","protected":false},"excerpt":{"rendered":"<p>\u015eimdi beraberce as\u0131rlar \u00f6ncesine gidelim, g\u00fcl kokulu ayak izlerinin pe\u015fine d\u00fc\u015f\u00fcp k\u00f6m\u00fcr karas\u0131 bir \u00e7a\u011f\u0131n nas\u0131l mutluluk asr\u0131na d\u00f6n\u00fc\u015ft\u00fc\u011f\u00fcne \u015fahitlik edelim. Peygamberimizin (s.a.v.) do\u011fumundan gen\u00e7li\u011fine, n\u00fcb\u00fcvvetinden<span class=\"excerpt-hellip\"> [\u2026]<\/span><\/p>\n","protected":false},"featured_media":0,"template":"","meta":{"_monsterinsights_skip_tracking":false,"_monsterinsights_sitenote_active":false,"_monsterinsights_sitenote_note":"","_monsterinsights_sitenote_category":0},"product_brand":[],"product_cat":[12304],"product_tag":[],"class_list":{"0":"post-761030","1":"product","2":"type-product","3":"status-publish","5":"product_cat-tarih","6":"pa_cilt-ciltsiz","7":"pa_tur-kitap","8":"pa_yayinevi-aile-yayinlari","9":"pa_yazar-onur-kaplan","11":"first","12":"instock","13":"sale","14":"shipping-taxable","15":"purchasable","16":"product-type-simple"},"_links":{"self":[{"href":"https:\/\/roveyayinevi.com.tr\/index.php\/wp-json\/wp\/v2\/product\/761030","targetHints":{"allow":["GET"]}}],"collection":[{"href":"https:\/\/roveyayinevi.com.tr\/index.php\/wp-json\/wp\/v2\/product"}],"about":[{"href":"https:\/\/roveyayinevi.com.tr\/index.php\/wp-json\/wp\/v2\/types\/product"}],"wp:attachment":[{"href":"https:\/\/roveyayinevi.com.tr\/index.php\/wp-json\/wp\/v2\/media?parent=761030"}],"wp:term":[{"taxonomy":"product_brand","embeddable":true,"href":"https:\/\/roveyayinevi.com.tr\/index.php\/wp-json\/wp\/v2\/product_brand?post=761030"},{"taxonomy":"product_cat","embeddable":true,"href":"https:\/\/roveyayinevi.com.tr\/index.php\/wp-json\/wp\/v2\/product_cat?post=761030"},{"taxonomy":"product_tag","embeddable":true,"href":"https:\/\/roveyayinevi.com.tr\/index.php\/wp-json\/wp\/v2\/product_tag?post=761030"}],"curies":[{"name":"wp","href":"https:\/\/api.w.org\/{rel}","templated":true}]}}