{"id":761015,"date":"2025-08-28T09:24:23","date_gmt":"2025-08-28T06:24:23","guid":{"rendered":"https:\/\/roveyayinevi.com.tr\/index.php\/urun\/hikaye-satan-tavsan\/"},"modified":"2026-04-16T03:13:39","modified_gmt":"2026-04-16T00:13:39","slug":"hikaye-satan-tavsan","status":"publish","type":"product","link":"https:\/\/roveyayinevi.com.tr\/index.php\/urun\/hikaye-satan-tavsan\/","title":{"rendered":"Hikaye Satan Tav\u015fan"},"content":{"rendered":"<p>\u201cMori Adas\u0131\u2019na gitmek i\u00e7in \u00e7ekti\u011fimiz bu \u00e7ile, a\u015fmak zorunda kald\u0131\u011f\u0131m\u0131z engeller, kar\u015f\u0131la\u015ft\u0131\u011f\u0131m\u0131z tehlikeler\u2026 B\u00fct\u00fcn bunlar\u0131n hepsi buna de\u011fer mi?\u201d Kafas\u0131 ticarete \u00e7al\u0131\u015fan, daha \u00e7ok zengin olmak isteyen ama bunun yolunu kurnazl\u0131k yapmakta bulmu\u015f, umut taciri bir tav\u015fan, oteline daha \u00e7ok m\u00fc\u015fteri \u00e7ekmek i\u00e7in Mori Adas\u0131\u2019na yolculuk d\u00fczenler. \u00c7ok uzak yerlerden zorlu \u015fekillerde gelmi\u015f, di\u011fer hayvanlar\u0131n \u00f6tekile\u015ftirdi\u011fi, alay edilen birbirinden farkl\u0131 hayvanlar\u0131n en b\u00fcy\u00fck hayali, su ye\u015fili ya\u011fmurun ya\u011fd\u0131\u011f\u0131 Mori Adas\u0131\u2019na gidip oradaki bilgelerin verece\u011fi re\u00e7eteyle sorunlu g\u00f6rd\u00fckleri yerlerini iyile\u015ftirmek ve orada mutlu mesut ya\u015fayabilmektir. Herkesi kumsala toplamay\u0131 ba\u015farm\u0131\u015f tav\u015fan\u0131n a\u011fz\u0131ndan iki kelime duyabilmek i\u00e7in heyecanla beklerler. Tav\u015fan bir s\u00fcre hi\u00e7 konu\u015fmaz. Sonra onlar\u0131n ilgisini \u00e7ekebilmek i\u00e7in \u015f\u00f6yle ba\u015flar konu\u015fmas\u0131na: \u201cBiliyorum, Mori Adas\u0131\u2019na gitmek istiyorsunuz!\u201d Homurdanmaya ba\u015flam\u0131\u015f hayvanlar\u0131n sesi bir anda kesilir. B\u00fcy\u00fck macera da b\u00f6yle ba\u015flar! Bakal\u0131m, onca yol gelmi\u015f hayvanlar Mori Adas\u0131\u2019na varabilecek mi? Yoksa kurnaz tav\u015fan\u0131n her gece anlatt\u0131\u011f\u0131 masallarla uyumaya devam m\u0131 edecekler?<\/p>\n","protected":false},"excerpt":{"rendered":"<p>\u201cMori Adas\u0131\u2019na gitmek i\u00e7in \u00e7ekti\u011fimiz bu \u00e7ile, a\u015fmak zorunda kald\u0131\u011f\u0131m\u0131z engeller, kar\u015f\u0131la\u015ft\u0131\u011f\u0131m\u0131z tehlikeler\u2026 B\u00fct\u00fcn bunlar\u0131n hepsi buna de\u011fer mi?\u201d Kafas\u0131 ticarete \u00e7al\u0131\u015fan, daha \u00e7ok zengin olmak<span class=\"excerpt-hellip\"> [\u2026]<\/span><\/p>\n","protected":false},"featured_media":0,"template":"","meta":{"_monsterinsights_skip_tracking":false,"_monsterinsights_sitenote_active":false,"_monsterinsights_sitenote_note":"","_monsterinsights_sitenote_category":0},"product_brand":[],"product_cat":[12291,12711],"product_tag":[],"class_list":{"0":"post-761015","1":"product","2":"type-product","3":"status-publish","5":"product_cat-edebiyat","6":"product_cat-roman-oyku","7":"pa_cilt-ciltsiz","8":"pa_tur-kitap","9":"pa_yayinevi-genc-timas","10":"pa_yazar-hamza-celikel","12":"first","13":"instock","14":"sale","15":"shipping-taxable","16":"purchasable","17":"product-type-simple"},"_links":{"self":[{"href":"https:\/\/roveyayinevi.com.tr\/index.php\/wp-json\/wp\/v2\/product\/761015","targetHints":{"allow":["GET"]}}],"collection":[{"href":"https:\/\/roveyayinevi.com.tr\/index.php\/wp-json\/wp\/v2\/product"}],"about":[{"href":"https:\/\/roveyayinevi.com.tr\/index.php\/wp-json\/wp\/v2\/types\/product"}],"wp:attachment":[{"href":"https:\/\/roveyayinevi.com.tr\/index.php\/wp-json\/wp\/v2\/media?parent=761015"}],"wp:term":[{"taxonomy":"product_brand","embeddable":true,"href":"https:\/\/roveyayinevi.com.tr\/index.php\/wp-json\/wp\/v2\/product_brand?post=761015"},{"taxonomy":"product_cat","embeddable":true,"href":"https:\/\/roveyayinevi.com.tr\/index.php\/wp-json\/wp\/v2\/product_cat?post=761015"},{"taxonomy":"product_tag","embeddable":true,"href":"https:\/\/roveyayinevi.com.tr\/index.php\/wp-json\/wp\/v2\/product_tag?post=761015"}],"curies":[{"name":"wp","href":"https:\/\/api.w.org\/{rel}","templated":true}]}}