{"id":761014,"date":"2025-08-28T09:24:21","date_gmt":"2025-08-28T06:24:21","guid":{"rendered":"https:\/\/roveyayinevi.com.tr\/index.php\/urun\/benim-adim-kus-degil-ki\/"},"modified":"2026-04-13T03:21:38","modified_gmt":"2026-04-13T00:21:38","slug":"benim-adim-kus-degil-ki","status":"publish","type":"product","link":"https:\/\/roveyayinevi.com.tr\/index.php\/urun\/benim-adim-kus-degil-ki\/","title":{"rendered":"Benim Ad\u0131m Ku\u015f De\u011fil ki"},"content":{"rendered":"<p>EFSANE KU\u015eLAR\u2026 KU\u015e EFSANELER\u0130\u2026SORAN, SORGULAYAN, ARA\u015eTIRAN, MERAK EDEN, KORUYAN, KOLLAYAN, SESLENEN, SES VEREN, C\u0130KLEYEN, GAKLAYAN KU\u015eLARLA DOLU B\u0130R K\u0130TAP!BU K\u0130TAP KALB\u0130N\u0130ZDE YER EDECEK. \u201cAbdullah Harmanc\u0131\u2019n\u0131n her kitab\u0131 renkli d\u00fcnyalara giri\u015f bileti \u00e2deta. Hayal g\u00fcc\u00fcn\u00fc tetikliyor, sizi farkl\u0131 d\u00fcnyalarda e\u015fsiz bir yolculu\u011fa \u00e7\u0131kar\u0131yor, Anadolu\u2019nun kadim co\u011frafyas\u0131ndan zengin k\u0131ssalar\u0131, rivayetleri, efsaneleri al\u0131yor; merak \u00f6gesinin hi\u00e7 bitmedi\u011fi, a\u011fz\u0131n\u0131zda erimesini istemedi\u011finiz bir \u00e7ikolata par\u00e7as\u0131 gibi kelimeler de zihninizde ayn\u0131 tad\u0131 b\u0131rak\u0131yor. Her bir eser okunmuyor, ak\u0131yor; sizi sar\u0131p sarmal\u0131yor; bitirdi\u011finizde ise kalbinizde okuman\u0131n o kendine has tad\u0131 kal\u0131yor. Bu kitaplarda edebiyat, \u00f6\u011fretmen oluyor, kelimelerle en g\u00fczel dersi i\u015fliyor. Bu kitaplar\u0131 okurken okur, g\u00f6z\u00fcne sevgi, sayg\u0131, empati, iyilik, payla\u015f\u0131m gibi g\u00f6zl\u00fckler ge\u00e7iriyor; hayata o \u00e7er\u00e7eveden bak\u0131yor. Okuduk\u00e7a iyiye, iyi olan her \u015feye kar\u015f\u0131 umudunuz art\u0131yor. 4., 5. ve 6. s\u0131n\u0131flar\u0131n severek okuyaca\u011f\u0131 bu eserler, s\u0131n\u0131f ve ev kitapl\u0131klar\u0131nda mutlaka bulunmal\u0131.\u201dMET\u0130N \u00d6ZDAMARLAR <\/p>\n","protected":false},"excerpt":{"rendered":"<p>EFSANE KU\u015eLAR\u2026 KU\u015e EFSANELER\u0130\u2026SORAN, SORGULAYAN, ARA\u015eTIRAN, MERAK EDEN, KORUYAN, KOLLAYAN, SESLENEN, SES VEREN, C\u0130KLEYEN, GAKLAYAN KU\u015eLARLA DOLU B\u0130R K\u0130TAP!BU K\u0130TAP KALB\u0130N\u0130ZDE YER EDECEK. \u201cAbdullah Harmanc\u0131\u2019n\u0131n her<span class=\"excerpt-hellip\"> [\u2026]<\/span><\/p>\n","protected":false},"featured_media":0,"template":"","meta":{"_monsterinsights_skip_tracking":false,"_monsterinsights_sitenote_active":false,"_monsterinsights_sitenote_note":"","_monsterinsights_sitenote_category":0},"product_brand":[],"product_cat":[12291,18202],"product_tag":[],"class_list":{"0":"post-761014","1":"product","2":"type-product","3":"status-publish","5":"product_cat-edebiyat","6":"product_cat-hikaye","7":"pa_cilt-ciltsiz","8":"pa_tur-kitap","9":"pa_yayinevi-genc-timas","10":"pa_yazar-abdullah-harmanci","12":"first","13":"instock","14":"sale","15":"shipping-taxable","16":"purchasable","17":"product-type-simple"},"_links":{"self":[{"href":"https:\/\/roveyayinevi.com.tr\/index.php\/wp-json\/wp\/v2\/product\/761014","targetHints":{"allow":["GET"]}}],"collection":[{"href":"https:\/\/roveyayinevi.com.tr\/index.php\/wp-json\/wp\/v2\/product"}],"about":[{"href":"https:\/\/roveyayinevi.com.tr\/index.php\/wp-json\/wp\/v2\/types\/product"}],"wp:attachment":[{"href":"https:\/\/roveyayinevi.com.tr\/index.php\/wp-json\/wp\/v2\/media?parent=761014"}],"wp:term":[{"taxonomy":"product_brand","embeddable":true,"href":"https:\/\/roveyayinevi.com.tr\/index.php\/wp-json\/wp\/v2\/product_brand?post=761014"},{"taxonomy":"product_cat","embeddable":true,"href":"https:\/\/roveyayinevi.com.tr\/index.php\/wp-json\/wp\/v2\/product_cat?post=761014"},{"taxonomy":"product_tag","embeddable":true,"href":"https:\/\/roveyayinevi.com.tr\/index.php\/wp-json\/wp\/v2\/product_tag?post=761014"}],"curies":[{"name":"wp","href":"https:\/\/api.w.org\/{rel}","templated":true}]}}