{"id":761012,"date":"2025-08-28T09:24:17","date_gmt":"2025-08-28T06:24:17","guid":{"rendered":"https:\/\/roveyayinevi.com.tr\/index.php\/urun\/yedi-diyar-gecidi-2\/"},"modified":"2026-04-16T03:13:39","modified_gmt":"2026-04-16T00:13:39","slug":"yedi-diyar-gecidi-2","status":"publish","type":"product","link":"https:\/\/roveyayinevi.com.tr\/index.php\/urun\/yedi-diyar-gecidi-2\/","title":{"rendered":"Yedi Diyar Ge\u00e7idi 2"},"content":{"rendered":"<p>Y\u00fcrekleri a\u011f\u0131zlara getiren aksiyonlu sahneler ve unutulmaz karakterlerle dolu halk hik\u00e2yelerinden ilham alan bu kitap, 4 kitapl\u0131k fantastik seri Yedi Diyar Ge\u00e7idi\u2019nin ikinci cildi. Celeste ge\u00e7en sene ba\u015f\u0131ndan ge\u00e7en destans\u0131 maceran\u0131n yeniden ya\u015fanmas\u0131n\u0131 beklerken Diyarlar Ge\u00e7idi\u2019nde bir isyan patlak verir. Ferd\u2019\u00fcn g\u00f6revi ise t\u00fcm bunlar\u0131n arkas\u0131nda kimin oldu\u011funu bulmakt\u0131r. Orman Diyar\u0131\u2019nda bir sald\u0131r\u0131 haberi al\u0131nd\u0131\u011f\u0131nda, Celeste nihayet ba\u015fka bir macera i\u00e7in \u015fans\u0131n\u0131 yakalar. Ancak daha fazlas\u0131n\u0131 \u00f6\u011frenmek i\u00e7in ara\u015ft\u0131rmaya ba\u015flad\u0131klar\u0131nda ge\u00e7it onlar\u0131 tropik bir ormana de\u011fil, dondurucu bir g\u00f6le g\u00f6t\u00fcr\u00fcr. Her nas\u0131lsa kendilerini tehlikelerle dolu Buzlar Diyar\u0131\u2019nda bulurlar. Daha da k\u00f6t\u00fcs\u00fc, ba\u015fka bir cad\u0131 ta\u015f\u0131 tehdit alt\u0131ndad\u0131r. Macerac\u0131 ekip cad\u0131 ta\u015f\u0131n\u0131 d\u00fc\u015fmanlar\u0131ndan \u00f6nce bulmakta ve Celeste de ge\u00e7mi\u015fteki kahramanl\u0131klar\u0131n\u0131n bir kerelik olmad\u0131\u011f\u0131n\u0131 kan\u0131tlamaya kararl\u0131d\u0131r. Ancak son maceras\u0131ndan kalan bir hat\u0131ra, kurtarma g\u00f6revini baltalay\u0131nca, Celeste bu kez ba\u015far\u0131s\u0131z olmalar\u0131n\u0131n sebebinin kendisi olup olmayaca\u011f\u0131ndan \u015f\u00fcphelenmeye ba\u015flar.<\/p>\n","protected":false},"excerpt":{"rendered":"<p>Y\u00fcrekleri a\u011f\u0131zlara getiren aksiyonlu sahneler ve unutulmaz karakterlerle dolu halk hik\u00e2yelerinden ilham alan bu kitap, 4 kitapl\u0131k fantastik seri Yedi Diyar Ge\u00e7idi\u2019nin ikinci cildi. Celeste ge\u00e7en<span class=\"excerpt-hellip\"> [\u2026]<\/span><\/p>\n","protected":false},"featured_media":0,"template":"","meta":{"_monsterinsights_skip_tracking":false,"_monsterinsights_sitenote_active":false,"_monsterinsights_sitenote_note":"","_monsterinsights_sitenote_category":0},"product_brand":[],"product_cat":[12291,14777],"product_tag":[],"class_list":{"0":"post-761012","1":"product","2":"type-product","3":"status-publish","5":"product_cat-edebiyat","6":"product_cat-fantastik","7":"pa_cilt-ciltsiz","8":"pa_tur-kitap","9":"pa_yayinevi-genc-timas","10":"pa_yazar-samantha-ellen-bound","12":"first","13":"instock","14":"sale","15":"shipping-taxable","16":"purchasable","17":"product-type-simple"},"_links":{"self":[{"href":"https:\/\/roveyayinevi.com.tr\/index.php\/wp-json\/wp\/v2\/product\/761012","targetHints":{"allow":["GET"]}}],"collection":[{"href":"https:\/\/roveyayinevi.com.tr\/index.php\/wp-json\/wp\/v2\/product"}],"about":[{"href":"https:\/\/roveyayinevi.com.tr\/index.php\/wp-json\/wp\/v2\/types\/product"}],"wp:attachment":[{"href":"https:\/\/roveyayinevi.com.tr\/index.php\/wp-json\/wp\/v2\/media?parent=761012"}],"wp:term":[{"taxonomy":"product_brand","embeddable":true,"href":"https:\/\/roveyayinevi.com.tr\/index.php\/wp-json\/wp\/v2\/product_brand?post=761012"},{"taxonomy":"product_cat","embeddable":true,"href":"https:\/\/roveyayinevi.com.tr\/index.php\/wp-json\/wp\/v2\/product_cat?post=761012"},{"taxonomy":"product_tag","embeddable":true,"href":"https:\/\/roveyayinevi.com.tr\/index.php\/wp-json\/wp\/v2\/product_tag?post=761012"}],"curies":[{"name":"wp","href":"https:\/\/api.w.org\/{rel}","templated":true}]}}