{"id":760988,"date":"2025-08-28T09:23:41","date_gmt":"2025-08-28T06:23:41","guid":{"rendered":"https:\/\/roveyayinevi.com.tr\/index.php\/urun\/bahtina-dustum-ya-rab\/"},"modified":"2026-04-16T03:13:38","modified_gmt":"2026-04-16T00:13:38","slug":"bahtina-dustum-ya-rab","status":"publish","type":"product","link":"https:\/\/roveyayinevi.com.tr\/index.php\/urun\/bahtina-dustum-ya-rab\/","title":{"rendered":"Baht\u0131na D\u00fc\u015ft\u00fcm Ya Rab"},"content":{"rendered":"<p>Al\u0131p gidecekler \u015fu d\u00fcnyadan. Ne diyeceksin?\u0130\u015fim vard\u0131\u2026 D\u00fcnyam yo\u011fundu\u2026 Etraf\u0131mdakilerin g\u00f6nl\u00fcn\u00fc yapmakla me\u015fguld\u00fcm\u2026Ya benim hat\u0131r\u0131m nerede derse. Ne cevap vereceksin?Allah\u2019\u0131n imtihan i\u00e7in yaratt\u0131\u011f\u0131 \u015feylere -ha\u015fa- Allah\u2019a de\u011fer verir gibi de\u011fer veriyorsun. Sonra da onlar\u0131 kaybetmekten tir tir titriyorsun.Bu bazen sa\u011fl\u0131\u011f\u0131n bazen makam\u0131n bazen de paran oluyor. \u00d6lmek ne kadar b\u00fcy\u00fck bir dert olabilir ki? Zaten gideceksin\u2026Esas mesele \u00f6l\u00fcmden sonra nas\u0131l hesap vereceksin? Bu meseleyi halletmedikten sonra di\u011ferlerinin ne \u00f6nemi var ki?                                                                                                       Mehmet Y\u0131ld\u0131z Kitaplar\u0131 ve videolar\u0131yla milyonlara ula\u015fan Mehmet Y\u0131ld\u0131z, Baht\u0131na D\u00fc\u015ft\u00fcm Y\u00e2 Rab\u2019da da ak\u0131c\u0131 \u00fcslubuyla Allah&#8217;\u0131 ve \u0130sl\u00e2m\u2019\u0131 anlatmaya devam ediyor. Ahiret g\u00fcn\u00fcne nas\u0131l haz\u0131rlanmam\u0131z gerekti\u011finin ve Allah\u2019a nas\u0131l s\u0131\u011f\u0131nabilece\u011fimizin ipu\u00e7lar\u0131n\u0131 vermeye \u00e7al\u0131\u015f\u0131yor.<\/p>\n","protected":false},"excerpt":{"rendered":"<p>Al\u0131p gidecekler \u015fu d\u00fcnyadan. Ne diyeceksin?\u0130\u015fim vard\u0131\u2026 D\u00fcnyam yo\u011fundu\u2026 Etraf\u0131mdakilerin g\u00f6nl\u00fcn\u00fc yapmakla me\u015fguld\u00fcm\u2026Ya benim hat\u0131r\u0131m nerede derse. Ne cevap vereceksin?Allah\u2019\u0131n imtihan i\u00e7in yaratt\u0131\u011f\u0131 \u015feylere -ha\u015fa- Allah\u2019a<span class=\"excerpt-hellip\"> [\u2026]<\/span><\/p>\n","protected":false},"featured_media":0,"template":"","meta":{"_monsterinsights_skip_tracking":false,"_monsterinsights_sitenote_active":false,"_monsterinsights_sitenote_note":"","_monsterinsights_sitenote_category":0},"product_brand":[],"product_cat":[12718,12719],"product_tag":[],"class_list":{"0":"post-760988","1":"product","2":"type-product","3":"status-publish","5":"product_cat-din","6":"product_cat-islam","7":"pa_cilt-ciltsiz","8":"pa_tur-kitap","9":"pa_yayinevi-timas-yayinlari","10":"pa_yazar-mehmet-yildiz","12":"first","13":"instock","14":"sale","15":"shipping-taxable","16":"purchasable","17":"product-type-simple"},"_links":{"self":[{"href":"https:\/\/roveyayinevi.com.tr\/index.php\/wp-json\/wp\/v2\/product\/760988","targetHints":{"allow":["GET"]}}],"collection":[{"href":"https:\/\/roveyayinevi.com.tr\/index.php\/wp-json\/wp\/v2\/product"}],"about":[{"href":"https:\/\/roveyayinevi.com.tr\/index.php\/wp-json\/wp\/v2\/types\/product"}],"wp:attachment":[{"href":"https:\/\/roveyayinevi.com.tr\/index.php\/wp-json\/wp\/v2\/media?parent=760988"}],"wp:term":[{"taxonomy":"product_brand","embeddable":true,"href":"https:\/\/roveyayinevi.com.tr\/index.php\/wp-json\/wp\/v2\/product_brand?post=760988"},{"taxonomy":"product_cat","embeddable":true,"href":"https:\/\/roveyayinevi.com.tr\/index.php\/wp-json\/wp\/v2\/product_cat?post=760988"},{"taxonomy":"product_tag","embeddable":true,"href":"https:\/\/roveyayinevi.com.tr\/index.php\/wp-json\/wp\/v2\/product_tag?post=760988"}],"curies":[{"name":"wp","href":"https:\/\/api.w.org\/{rel}","templated":true}]}}