{"id":760966,"date":"2025-08-28T09:22:58","date_gmt":"2025-08-28T06:22:58","guid":{"rendered":"https:\/\/roveyayinevi.com.tr\/index.php\/urun\/gorevimiz-arilari-korumak\/"},"modified":"2026-04-16T03:13:38","modified_gmt":"2026-04-16T00:13:38","slug":"gorevimiz-arilari-korumak","status":"publish","type":"product","link":"https:\/\/roveyayinevi.com.tr\/index.php\/urun\/gorevimiz-arilari-korumak\/","title":{"rendered":"G\u00f6revimiz Ar\u0131lar\u0131 Korumak"},"content":{"rendered":"<p>Hepimiz ayn\u0131 kovanday\u0131z! Ar\u0131lar yery\u00fcz\u00fcnde 80 milyon y\u0131l \u00f6nce ortaya \u00e7\u0131kt\u0131. Peki ya biz insanlar?   Ar\u0131 deyince akl\u0131n\u0131za sadece kahvalt\u0131 sofralar\u0131n\u0131n vazge\u00e7ilmez lezzeti bal geliyorsa, bir kez daha d\u00fc\u015f\u00fcn\u00fcn deriz. D\u00fcnyam\u0131zdaki ya\u015fam\u0131n b\u00fcy\u00fck k\u0131sm\u0131 ar\u0131lar\u0131n g\u00f6revini yapmas\u0131na ba\u011fl\u0131. Biyolojik \u00e7e\u015fitlili\u011fin korunmas\u0131 ve oksijen d\u00f6ng\u00fcs\u00fcn\u00fcn devam ettirilmesi hep bu muhte\u015fem i\u015f\u00e7ilerin eseri. Do\u011fan\u0131n ger\u00e7ek koruyucular\u0131 olan ar\u0131lar, \u00e7evremizin hastalanmas\u0131na kar\u015f\u0131 bizi uyar\u0131yor. Gelgelelim, ekosistemimiz bir s\u00fcredir ar\u0131lar i\u00e7in alarm veriyor! Bir saat i\u00e7inde 250 \u00e7i\u00e7e\u011fi ziyaret edebilen bir ar\u0131 neden baz\u0131 \u00e7i\u00e7eklere yakla\u015fmaktan \u00e7ekiniyor? \u00c7ift\u00e7ilerin kulland\u0131\u011f\u0131 pestisitler canl\u0131 organizmalar\u0131n sa\u011fl\u0131\u011f\u0131na nas\u0131l olumsuz etki ediyor? D\u00fcnyan\u0131n \u00e7o\u011fu \u00fclkesinde ar\u0131lar\u0131n gelece\u011fi tehdit alt\u0131nda. 90&#8217;l\u0131 y\u0131llara kadar, ar\u0131larda y\u0131lda y\u00fczde 8&#8217;den az g\u00f6r\u00fclen \u00f6l\u00fcm oranlar\u0131 bug\u00fcnlerde baz\u0131 b\u00f6lgelerde y\u00fczde 70&#8217;lere kadar y\u00fckselmi\u015f vaziyette. B\u00f6ceklerin krali\u00e7esi ar\u0131lar\u0131n g\u00fc\u00e7s\u00fczle\u015ferek yok olmalar\u0131na sebep olan tehlikeler ayn\u0131 zamanda yar\u0131nlar\u0131m\u0131z\u0131 da belirsizle\u015ftiriyor. O kadar ki, bu \u00f6nemli canl\u0131 t\u00fcr\u00fcn\u00fc korumak i\u00e7in tedbir almazsak ana besin zincirimiz her an bozulabilir.   Ar\u0131lar ac\u0131 \u00e7ekerse t\u00fcm do\u011fa ac\u0131 \u00e7eker! Oysa bu endi\u015fe verici olas\u0131l\u0131\u011f\u0131 tersine \u00e7evirebilmek i\u00e7in hepimiz faydal\u0131 bir \u015feyler yapabiliriz.  Ar\u0131lar\u0131n gezegenimiz ve canl\u0131lar \u00fczerindeki hayati \u00f6nemine vurgu yapan G\u00f6revimiz Ar\u0131lar\u0131 Korumak, gelece\u011fe \u00e7ok daha ya\u015fanabilir bir d\u00fcnya b\u0131rakabilmek ad\u0131na ar\u0131lar\u0131n ve ar\u0131c\u0131lar\u0131n durumunun iyile\u015ftirilmesi gerekti\u011fini savunuyor. \u00c7ocuklara do\u011fa bilinci kazand\u0131rmak amac\u0131yla haz\u0131rlanan \u201cGezegenimizi Koruyal\u0131m!\u201d serisinin s\u00fcrd\u00fcr\u00fclebilir \u00e7evre i\u00e7in \u201car\u0131 fark\u0131ndal\u0131\u011f\u0131\u201d yaratmay\u0131 hedefleyen bu halkas\u0131, e\u011flenceli oyunlar ve resimler e\u015fli\u011finde tozla\u015fma, bal olu\u015fumu, ar\u0131lar\u0131n g\u00fcnl\u00fck ya\u015fam\u0131 gibi temel bilgileri basit \u015fekilde aktararak, onlar\u0131 ve dolay\u0131s\u0131yla d\u00fcnyam\u0131z\u0131 koruman\u0131n yollar\u0131n\u0131 ele al\u0131yor. \u201c\u015eehirli\u201d ar\u0131larla balkonda kendi kovan\u0131n\u0131 yapmaya, yahut evdeki bo\u015f bir saks\u0131ya b\u00f6ceklerin faydalanabilece\u011fi \u00e7i\u00e7ekler ekmeye ne dersin? \u0130\u015fleri yoluna koymak i\u00e7in h\u00e2l\u00e2 \u00e7ok ge\u00e7 de\u011fil, ama bir an \u00f6nce somut ad\u0131mlar da atmal\u0131y\u0131z. Unutmay\u0131n, ar\u0131lar ya\u015fas\u0131n diye, bundan b\u00f6yle hepimiz ayn\u0131 kovanday\u0131z!<\/p>\n","protected":false},"excerpt":{"rendered":"<p>Hepimiz ayn\u0131 kovanday\u0131z! Ar\u0131lar yery\u00fcz\u00fcnde 80 milyon y\u0131l \u00f6nce ortaya \u00e7\u0131kt\u0131. Peki ya biz insanlar? Ar\u0131 deyince akl\u0131n\u0131za sadece kahvalt\u0131 sofralar\u0131n\u0131n vazge\u00e7ilmez lezzeti bal geliyorsa, bir<span class=\"excerpt-hellip\"> [\u2026]<\/span><\/p>\n","protected":false},"featured_media":0,"template":"","meta":{"_monsterinsights_skip_tracking":false,"_monsterinsights_sitenote_active":false,"_monsterinsights_sitenote_note":"","_monsterinsights_sitenote_category":0},"product_brand":[],"product_cat":[12274],"product_tag":[],"class_list":{"0":"post-760966","1":"product","2":"type-product","3":"status-publish","5":"product_cat-cocuk-ve-genclik-kitaplari","6":"pa_cilt-ciltsiz","7":"pa_tur-kitap","8":"pa_yayinevi-tudem-yayinlari","9":"pa_yazar-henri-clement","11":"first","12":"instock","13":"sale","14":"shipping-taxable","15":"purchasable","16":"product-type-simple"},"_links":{"self":[{"href":"https:\/\/roveyayinevi.com.tr\/index.php\/wp-json\/wp\/v2\/product\/760966","targetHints":{"allow":["GET"]}}],"collection":[{"href":"https:\/\/roveyayinevi.com.tr\/index.php\/wp-json\/wp\/v2\/product"}],"about":[{"href":"https:\/\/roveyayinevi.com.tr\/index.php\/wp-json\/wp\/v2\/types\/product"}],"wp:attachment":[{"href":"https:\/\/roveyayinevi.com.tr\/index.php\/wp-json\/wp\/v2\/media?parent=760966"}],"wp:term":[{"taxonomy":"product_brand","embeddable":true,"href":"https:\/\/roveyayinevi.com.tr\/index.php\/wp-json\/wp\/v2\/product_brand?post=760966"},{"taxonomy":"product_cat","embeddable":true,"href":"https:\/\/roveyayinevi.com.tr\/index.php\/wp-json\/wp\/v2\/product_cat?post=760966"},{"taxonomy":"product_tag","embeddable":true,"href":"https:\/\/roveyayinevi.com.tr\/index.php\/wp-json\/wp\/v2\/product_tag?post=760966"}],"curies":[{"name":"wp","href":"https:\/\/api.w.org\/{rel}","templated":true}]}}