{"id":760942,"date":"2025-08-28T09:22:20","date_gmt":"2025-08-28T06:22:20","guid":{"rendered":"https:\/\/roveyayinevi.com.tr\/index.php\/urun\/onurlu-yasam-davasi\/"},"modified":"2026-04-16T03:13:37","modified_gmt":"2026-04-16T00:13:37","slug":"onurlu-yasam-davasi","status":"publish","type":"product","link":"https:\/\/roveyayinevi.com.tr\/index.php\/urun\/onurlu-yasam-davasi\/","title":{"rendered":"Onurlu Ya\u015fam Davas\u0131"},"content":{"rendered":"<p>Bilinmelidir ki, bu dava ve yarg\u0131lama ad\u0131 alt\u0131nda y\u00fcr\u00fct\u00fclen bu faaliyetlere kar\u015f\u0131 bizim eylemimiz, s\u00f6z\u00fcm\u00fcz ve savunmam\u0131z sadece g\u00fcn\u00fcm\u00fcze yap\u0131lm\u0131\u015f bir \u00e7a\u011fr\u0131 de\u011fil, esas\u0131nda gelece\u011fe yaz\u0131lm\u0131\u015f bir mektuptur. K\u00fcrt halk\u0131 mazlumdur, T\u00fcrk halk\u0131 mazlumdur. Onlar\u0131 s\u00f6m\u00fcrenlerdir katil olanlar. Topraklar\u0131n\u0131 i\u015fgal edenlerdir. K\u00fclt\u00fcr\u00fcne, diline el koyanlard\u0131r katil olanlar, biz de\u011filiz. Biz sadece halk\u0131m\u0131z\u0131n onurunu savunduk, haysiyetini savunduk, karn\u0131n\u0131 doyurma hakk\u0131n\u0131 savunduk, \u015fu yery\u00fcz\u00fcnde \u00f6zg\u00fcrce ya\u015fama hakk\u0131n\u0131 savunduk, kendi topraklar\u0131nda insan gibi ya\u015fama hakk\u0131n\u0131 savunduk. K\u00fcrt ve K\u00fcrdistan ger\u00e7e\u011fini inkar, insan\u0131 inkard\u0131r. Herhangi bir insan\u0131n dilini, vatan\u0131n\u0131 inkar, insan\u0131 inkard\u0131r, insan\u0131n onuruna sald\u0131r\u0131d\u0131r. K\u00fcrt halk\u0131n\u0131n kendine ait K\u00fcrt milleti olarak bir tarihi vard\u0131r, bunu inkar insan\u0131n onurunu inkard\u0131r. Bunu kabul etti\u011fimiz zaman biz kendimizi onursuz gibi hissederiz. Birbirimizin y\u00fcz\u00fcne bakamay\u0131z K\u00fcrtler olarak. Sizin de y\u00fcz\u00fcn\u00fcze bakamam. Bu dava vesilesiyle bizi k\u00f6lele\u015ftirmek isteyenlere biz, \u201cHay\u0131r, biz \u00f6zg\u00fcr insanlar\u0131z.\u201d diyoruz. <\/p>\n","protected":false},"excerpt":{"rendered":"<p>Bilinmelidir ki, bu dava ve yarg\u0131lama ad\u0131 alt\u0131nda y\u00fcr\u00fct\u00fclen bu faaliyetlere kar\u015f\u0131 bizim eylemimiz, s\u00f6z\u00fcm\u00fcz ve savunmam\u0131z sadece g\u00fcn\u00fcm\u00fcze yap\u0131lm\u0131\u015f bir \u00e7a\u011fr\u0131 de\u011fil, esas\u0131nda gelece\u011fe yaz\u0131lm\u0131\u015f<span class=\"excerpt-hellip\"> [\u2026]<\/span><\/p>\n","protected":false},"featured_media":0,"template":"","meta":{"_monsterinsights_skip_tracking":false,"_monsterinsights_sitenote_active":false,"_monsterinsights_sitenote_note":"","_monsterinsights_sitenote_category":0},"product_brand":[],"product_cat":[12337],"product_tag":[],"class_list":{"0":"post-760942","1":"product","2":"type-product","3":"status-publish","5":"product_cat-politika-siyaset","6":"pa_cilt-ciltsiz","7":"pa_tur-kitap","8":"pa_yayinevi-dipnot-yayinlari","9":"pa_yazar-selahattin-demirtas","11":"first","12":"instock","13":"sale","14":"shipping-taxable","15":"purchasable","16":"product-type-simple"},"_links":{"self":[{"href":"https:\/\/roveyayinevi.com.tr\/index.php\/wp-json\/wp\/v2\/product\/760942","targetHints":{"allow":["GET"]}}],"collection":[{"href":"https:\/\/roveyayinevi.com.tr\/index.php\/wp-json\/wp\/v2\/product"}],"about":[{"href":"https:\/\/roveyayinevi.com.tr\/index.php\/wp-json\/wp\/v2\/types\/product"}],"wp:attachment":[{"href":"https:\/\/roveyayinevi.com.tr\/index.php\/wp-json\/wp\/v2\/media?parent=760942"}],"wp:term":[{"taxonomy":"product_brand","embeddable":true,"href":"https:\/\/roveyayinevi.com.tr\/index.php\/wp-json\/wp\/v2\/product_brand?post=760942"},{"taxonomy":"product_cat","embeddable":true,"href":"https:\/\/roveyayinevi.com.tr\/index.php\/wp-json\/wp\/v2\/product_cat?post=760942"},{"taxonomy":"product_tag","embeddable":true,"href":"https:\/\/roveyayinevi.com.tr\/index.php\/wp-json\/wp\/v2\/product_tag?post=760942"}],"curies":[{"name":"wp","href":"https:\/\/api.w.org\/{rel}","templated":true}]}}