{"id":760935,"date":"2025-08-28T09:22:07","date_gmt":"2025-08-28T06:22:07","guid":{"rendered":"https:\/\/roveyayinevi.com.tr\/index.php\/urun\/kalpten-baba\/"},"modified":"2026-04-16T03:13:37","modified_gmt":"2026-04-16T00:13:37","slug":"kalpten-baba","status":"publish","type":"product","link":"https:\/\/roveyayinevi.com.tr\/index.php\/urun\/kalpten-baba\/","title":{"rendered":"Kalpten Baba"},"content":{"rendered":"<p>T\u00fcrkiye\u2019de evlat edinen ilk bekar erkek taraf\u0131ndan yaz\u0131lan bu kitap, sadece babalar i\u00e7in de\u011fil, anne ya da baba, evli ya da de\u011fil, t\u00fcm ebeveynler i\u00e7in bir rehber niteli\u011finde. Kalpten Baba Serkan \u00d6z\u00fcbek, b\u00fcy\u00fck bir cesaret \u00f6rne\u011fi g\u00f6stererek tek ba\u015f\u0131na at\u0131ld\u0131\u011f\u0131 babal\u0131k maceras\u0131nda babal\u0131\u011f\u0131n illa da genetik ba\u011f ile olmayaca\u011f\u0131n\u0131 g\u00f6stermekle kalm\u0131yor, ayn\u0131 zamanda sevgi ve g\u00fcven ili\u015fkisi temelinde insan yeti\u015ftirmenin kodlar\u0131n\u0131 da hepimize sat\u0131r aralar\u0131nda g\u00f6steriyor. Ebeveynli\u011fin \u00e7e\u015fitli trendlerle y\u00f6nlendirildi\u011fi g\u00fcn\u00fcm\u00fcz d\u00fcnyas\u0131nda do\u011frular ve yanl\u0131\u015flar s\u0131kl\u0131kla de\u011fi\u015firken, asl\u0131nda de\u011fi\u015fmeyen tek \u015fey \u00e7ocuklar\u0131m\u0131zla kurdu\u011fumuz ba\u011f\u0131n gelecek nesilleri \u015fekillendirmede ne derece \u00f6nemli oldu\u011fu. Kalpten Baba, bo\u015fanm\u0131\u015f ya da bo\u015fanmam\u0131\u015f, evli ya da de\u011fil, anne ya da baba, t\u00fcm ebeveynler i\u00e7in kalpten bir rehber.\u201c\u0130\u00e7inizi \u0131s\u0131tacak, ebeveynli\u011fi sorgulatacak, sevmeyi ve aileyi yeniden tan\u0131mlatacak, kalpten bir kavu\u015fma hik\u00e2yesi bu. Kimi zaman g\u00fcl\u00fcmseyerek, kimi zaman g\u00f6zlerinizden ya\u015flar s\u00fcz\u00fclerek, uzmanlar\u0131n verdi\u011fi teorik bilgilerin pratikteki iyi \u00f6rneklerini \u00f6\u011frenerek okuyaca\u011f\u0131n\u0131z harika bir kitap sizi bekliyor.\u201d Dr. Bahar Eri\u015f \u2013 E\u011fitimci Yazar\u201cHayat boyu y\u00fcr\u00fcmekle bitmeyen ebeveynlik yolculu\u011fumuzda ba\u015fucumuzdan eksik etmeyece\u011fimiz bu kitap, ayn\u0131 zamanda s\u0131ms\u0131cak bir baba-o\u011ful hik\u00e2yesiyle bir hayata dokunman\u0131n ne kadar k\u0131ymetli oldu\u011funu y\u00fcre\u011fimize i\u015fliyor.\u201d \u0130rem Bekar \u2013 Psikolog ve Aile Dan\u0131\u015fman\u0131\u201cKalbinizin kap\u0131lar\u0131n\u0131 tamamen bilmedi\u011finiz bir d\u00fcnyaya a\u00e7t\u0131n\u0131z m\u0131? Bu yeni d\u00fcnya ruhu derinden tatmin eden sonsuz bir ser\u00fcvene at\u0131lmak gibidir ve cesaret ister. Kalpten Baba, ebeveynlik yolculu\u011funuzda kalbinizin kap\u0131lar\u0131n\u0131 a\u00e7arken size cesaret ve umut verecek s\u0131cac\u0131k bir hik\u00e2ye&#8230; Bir \u00e7ocu\u011fun size \u2018evim\u2019 demesiyle beklenmeyeni kucaklatan ve hayat\u0131n\u0131z\u0131 sonsuza dek de\u011fi\u015ftiren ola\u011fan\u00fcst\u00fc bir yolculuk&#8230;\u201d G\u00fcl\u015fah Yemen \u2013 E\u011fitimci Yazar<\/p>\n","protected":false},"excerpt":{"rendered":"<p>T\u00fcrkiye\u2019de evlat edinen ilk bekar erkek taraf\u0131ndan yaz\u0131lan bu kitap, sadece babalar i\u00e7in de\u011fil, anne ya da baba, evli ya da de\u011fil, t\u00fcm ebeveynler i\u00e7in bir<span class=\"excerpt-hellip\"> [\u2026]<\/span><\/p>\n","protected":false},"featured_media":0,"template":"","meta":{"_monsterinsights_skip_tracking":false,"_monsterinsights_sitenote_active":false,"_monsterinsights_sitenote_note":"","_monsterinsights_sitenote_category":0},"product_brand":[],"product_cat":[12831,12324],"product_tag":[],"class_list":{"0":"post-760935","1":"product","2":"type-product","3":"status-publish","5":"product_cat-aile-ve-cocuk","6":"product_cat-sosyoloji","7":"pa_cilt-ciltsiz","8":"pa_tur-kitap","9":"pa_yayinevi-literatur-yayinevi","10":"pa_yazar-serkan-ozubek","12":"first","13":"instock","14":"sale","15":"shipping-taxable","16":"purchasable","17":"product-type-simple"},"_links":{"self":[{"href":"https:\/\/roveyayinevi.com.tr\/index.php\/wp-json\/wp\/v2\/product\/760935","targetHints":{"allow":["GET"]}}],"collection":[{"href":"https:\/\/roveyayinevi.com.tr\/index.php\/wp-json\/wp\/v2\/product"}],"about":[{"href":"https:\/\/roveyayinevi.com.tr\/index.php\/wp-json\/wp\/v2\/types\/product"}],"wp:attachment":[{"href":"https:\/\/roveyayinevi.com.tr\/index.php\/wp-json\/wp\/v2\/media?parent=760935"}],"wp:term":[{"taxonomy":"product_brand","embeddable":true,"href":"https:\/\/roveyayinevi.com.tr\/index.php\/wp-json\/wp\/v2\/product_brand?post=760935"},{"taxonomy":"product_cat","embeddable":true,"href":"https:\/\/roveyayinevi.com.tr\/index.php\/wp-json\/wp\/v2\/product_cat?post=760935"},{"taxonomy":"product_tag","embeddable":true,"href":"https:\/\/roveyayinevi.com.tr\/index.php\/wp-json\/wp\/v2\/product_tag?post=760935"}],"curies":[{"name":"wp","href":"https:\/\/api.w.org\/{rel}","templated":true}]}}