{"id":760934,"date":"2025-08-28T09:22:06","date_gmt":"2025-08-28T06:22:06","guid":{"rendered":"https:\/\/roveyayinevi.com.tr\/index.php\/urun\/ormani-planlamak\/"},"modified":"2026-04-16T03:13:37","modified_gmt":"2026-04-16T00:13:37","slug":"ormani-planlamak","status":"publish","type":"product","link":"https:\/\/roveyayinevi.com.tr\/index.php\/urun\/ormani-planlamak\/","title":{"rendered":"Orman\u0131 Planlamak"},"content":{"rendered":"<p>&#8220;Bu \u00e7al\u0131\u015fma, T\u00fcrkiye\u2019de orman\u0131n nas\u0131l sorunsalla\u015ft\u0131r\u0131ld\u0131\u011f\u0131, nas\u0131l planland\u0131\u011f\u0131 ve bu planlama mant\u0131klar\u0131n\u0131n iklim de\u011f\u0306i\u015fikli\u011fine y\u00f6nelik politikalardan nas\u0131l etkilendi\u011fi sorular\u0131ndan yola \u00e7\u0131kt\u0131. Cumhuriyet\u2019in ilk y\u00fcz y\u0131l\u0131na bakt\u0131\u011f\u0131m\u0131zda, bu s\u00fcrecin \u00fcretim-koruma sarkac\u0131nda \u015fekillendi\u011fini s\u00f6ylemek m\u00fcmk\u00fcn. 2000 sonras\u0131 d\u00f6neme \u00e7evreyi koruma s\u00f6ylemi damga vurduysa da, ormanlar yo\u011fun bir \u00fcretim rejimi i\u00e7inde planlanmaya devam ediyor.   &#8220;Ancak \u00e7al\u0131\u015fmada \u00fcretimci ve korumac\u0131 planlamay\u0131 birbirine kar\u015f\u0131t yakla\u015f\u0131mlar olarak ele alm\u0131yorum. Orman\u0131 planlaman\u0131n, ister odun \u00fcretimi i\u00e7in olsun, ister biyo\u00e7e\u015fitlili\u011fi korumak i\u00e7in olsun biyopolitik m\u00fcdahaleler oldu\u011funu iddia ediyorum. Bu vurgu, ni\u00e7in \u00f6nemli? \u0130lk olarak, her iki planlama yakla\u015f\u0131m\u0131n\u0131n da nesnellik bir yana, de\u011fer y\u00fckl\u00fc s\u00fcre\u00e7ler i\u00e7erdi\u011fini ortaya koyuyor. Bu m\u00fcdahalelere i\u00e7kin belirsizliklere ve deneyselliklere i\u015faret ederek, ba\u015fka g\u00f6rme bi\u00e7imlerine imk\u00e2n tan\u0131yor. Kendi bilimselli\u011finin politikli\u011fini kabul eden bir planlama ve koruma prati\u011fini ara\u015ft\u0131rmaya davet ediyor. \u0130kinci olarak, modernist mek\u00e2nsal planlama gelene\u011finin insan ve sermaye merkezli ba\u015fat y\u00f6nelimine kar\u015f\u0131, insandan ibaret olmayan bir d\u00fcnya tasavvuruna ve bu tasavvura dayanan epistemolojik hareket noktalar\u0131na kap\u0131 aral\u0131yor. Bu ba\u011flamda ve son olarak, nesnelli\u011fin yerine insandan ibaret olmayan d\u00fcnyalara kar\u015f\u0131 sorumlulu\u011fu koyuyor.&#8221;   \u2014 Fatma \u00d6nder \u00d6z\u015feker <\/p>\n","protected":false},"excerpt":{"rendered":"<p>&#8220;Bu \u00e7al\u0131\u015fma, T\u00fcrkiye\u2019de orman\u0131n nas\u0131l sorunsalla\u015ft\u0131r\u0131ld\u0131\u011f\u0131, nas\u0131l planland\u0131\u011f\u0131 ve bu planlama mant\u0131klar\u0131n\u0131n iklim de\u011f\u0306i\u015fikli\u011fine y\u00f6nelik politikalardan nas\u0131l etkilendi\u011fi sorular\u0131ndan yola \u00e7\u0131kt\u0131. Cumhuriyet\u2019in ilk y\u00fcz y\u0131l\u0131na bakt\u0131\u011f\u0131m\u0131zda,<span class=\"excerpt-hellip\"> [\u2026]<\/span><\/p>\n","protected":false},"featured_media":0,"template":"","meta":{"_monsterinsights_skip_tracking":false,"_monsterinsights_sitenote_active":false,"_monsterinsights_sitenote_note":"","_monsterinsights_sitenote_category":0},"product_brand":[],"product_cat":[12324],"product_tag":[],"class_list":{"0":"post-760934","1":"product","2":"type-product","3":"status-publish","5":"product_cat-sosyoloji","6":"pa_cilt-ciltsiz","7":"pa_tur-kitap","8":"pa_yayinevi-metis-yayinlari","9":"pa_yazar-fatma-onder-ozseker","11":"first","12":"instock","13":"sale","14":"shipping-taxable","15":"purchasable","16":"product-type-simple"},"_links":{"self":[{"href":"https:\/\/roveyayinevi.com.tr\/index.php\/wp-json\/wp\/v2\/product\/760934","targetHints":{"allow":["GET"]}}],"collection":[{"href":"https:\/\/roveyayinevi.com.tr\/index.php\/wp-json\/wp\/v2\/product"}],"about":[{"href":"https:\/\/roveyayinevi.com.tr\/index.php\/wp-json\/wp\/v2\/types\/product"}],"wp:attachment":[{"href":"https:\/\/roveyayinevi.com.tr\/index.php\/wp-json\/wp\/v2\/media?parent=760934"}],"wp:term":[{"taxonomy":"product_brand","embeddable":true,"href":"https:\/\/roveyayinevi.com.tr\/index.php\/wp-json\/wp\/v2\/product_brand?post=760934"},{"taxonomy":"product_cat","embeddable":true,"href":"https:\/\/roveyayinevi.com.tr\/index.php\/wp-json\/wp\/v2\/product_cat?post=760934"},{"taxonomy":"product_tag","embeddable":true,"href":"https:\/\/roveyayinevi.com.tr\/index.php\/wp-json\/wp\/v2\/product_tag?post=760934"}],"curies":[{"name":"wp","href":"https:\/\/api.w.org\/{rel}","templated":true}]}}