{"id":760931,"date":"2025-08-28T09:22:01","date_gmt":"2025-08-28T06:22:01","guid":{"rendered":"https:\/\/roveyayinevi.com.tr\/index.php\/urun\/ergenlik-2\/"},"modified":"2026-04-16T03:13:37","modified_gmt":"2026-04-16T00:13:37","slug":"ergenlik-2","status":"publish","type":"product","link":"https:\/\/roveyayinevi.com.tr\/index.php\/urun\/ergenlik-2\/","title":{"rendered":"Ergenlik"},"content":{"rendered":"<p>Ergenlik ebeveyn, \u00f6\u011fretmen ve e\u011fitimciler i\u00e7in b\u00fcy\u00fck \u00f6nem ta\u015f\u0131yan f\u0131rt\u0131nal\u0131 ve s\u0131k\u0131nt\u0131l\u0131 bir devir. Bu d\u00f6nemde ergenler kendi kimliklerini in\u015fa etmek, ebeveynlerinden ve akran grubundan gelen ve genellikle de \u00e7at\u0131\u015fan taleplere kar\u015f\u0131l\u0131k vermek ve ilk romantik ili\u015fkilerini geli\u015ftirmek gibi zorlu bir dizi meydan okumayla kar\u015f\u0131 kar\u015f\u0131ya kal\u0131rlar. Bu denli nazik ve karma\u015f\u0131k bir evreyi basite ka\u00e7madan, olduk\u00e7a \u00f6zl\u00fc bi\u00e7imde ele alan Peter K. Smith klasik kuramlar kadar son d\u00f6nemdeki modern ara\u015ft\u0131rmalara dair de bilgiler veriyor. Oxford \u00dcniversitesi Yay\u0131nlar\u0131\u2019n\u0131n bu k\u0131sa giri\u015f kitab\u0131, ayr\u0131ca ergenli\u011fi biyolojik, k\u00fclt\u00fcrel ve tarihsel ba\u011flam\u0131 da i\u00e7eren \u00e7ok \u00e7e\u015fitli boyutlar\u0131yla ele almas\u0131 bak\u0131m\u0131ndan da dikkat \u00e7ekici bir eser.<\/p>\n","protected":false},"excerpt":{"rendered":"<p>Ergenlik ebeveyn, \u00f6\u011fretmen ve e\u011fitimciler i\u00e7in b\u00fcy\u00fck \u00f6nem ta\u015f\u0131yan f\u0131rt\u0131nal\u0131 ve s\u0131k\u0131nt\u0131l\u0131 bir devir. Bu d\u00f6nemde ergenler kendi kimliklerini in\u015fa etmek, ebeveynlerinden ve akran grubundan gelen<span class=\"excerpt-hellip\"> [\u2026]<\/span><\/p>\n","protected":false},"featured_media":0,"template":"","meta":{"_monsterinsights_skip_tracking":false,"_monsterinsights_sitenote_active":false,"_monsterinsights_sitenote_note":"","_monsterinsights_sitenote_category":0},"product_brand":[],"product_cat":[12357],"product_tag":[],"class_list":{"0":"post-760931","1":"product","2":"type-product","3":"status-publish","5":"product_cat-psikoloji","6":"pa_cilt-ciltsiz","7":"pa_tur-kitap","8":"pa_yayinevi-is-bankasi-kultur-yayinlari","9":"pa_yazar-peter-k-smith","11":"first","12":"instock","13":"sale","14":"shipping-taxable","15":"purchasable","16":"product-type-simple"},"_links":{"self":[{"href":"https:\/\/roveyayinevi.com.tr\/index.php\/wp-json\/wp\/v2\/product\/760931","targetHints":{"allow":["GET"]}}],"collection":[{"href":"https:\/\/roveyayinevi.com.tr\/index.php\/wp-json\/wp\/v2\/product"}],"about":[{"href":"https:\/\/roveyayinevi.com.tr\/index.php\/wp-json\/wp\/v2\/types\/product"}],"wp:attachment":[{"href":"https:\/\/roveyayinevi.com.tr\/index.php\/wp-json\/wp\/v2\/media?parent=760931"}],"wp:term":[{"taxonomy":"product_brand","embeddable":true,"href":"https:\/\/roveyayinevi.com.tr\/index.php\/wp-json\/wp\/v2\/product_brand?post=760931"},{"taxonomy":"product_cat","embeddable":true,"href":"https:\/\/roveyayinevi.com.tr\/index.php\/wp-json\/wp\/v2\/product_cat?post=760931"},{"taxonomy":"product_tag","embeddable":true,"href":"https:\/\/roveyayinevi.com.tr\/index.php\/wp-json\/wp\/v2\/product_tag?post=760931"}],"curies":[{"name":"wp","href":"https:\/\/api.w.org\/{rel}","templated":true}]}}