{"id":760929,"date":"2025-08-28T09:21:59","date_gmt":"2025-08-28T06:21:59","guid":{"rendered":"https:\/\/roveyayinevi.com.tr\/index.php\/urun\/arkeoloji\/"},"modified":"2026-04-16T03:13:37","modified_gmt":"2026-04-16T00:13:37","slug":"arkeoloji","status":"publish","type":"product","link":"https:\/\/roveyayinevi.com.tr\/index.php\/urun\/arkeoloji\/","title":{"rendered":"Arkeoloji"},"content":{"rendered":"<p>Ma\u011faralar\u0131n derinliklerinden da\u011flar\u0131n doruklar\u0131na, \u00e7\u00f6llerden ormanlara, ta\u015f aletlerden uydu foto\u011fraflar\u0131na, kaz\u0131lardan soyut teoriye dek arkeoloji, ge\u00e7mi\u015fi kavrama \u00e7abas\u0131nda di\u011fer disiplinlerin hemen hemen hepsiyle etkile\u015fim halinde. Ard\u0131m\u0131zda b\u0131rakt\u0131\u011f\u0131m\u0131z y\u00fczbinlerce y\u0131l\u0131, gezegenin tamam\u0131n\u0131 kapsam\u0131na almaktan \u00e7ekinmeden ara\u015ft\u0131rma cesaretine sahip bir u\u011fra\u015f, meslek ve akademik disiplin. Oxford \u00dcniversitesi Yay\u0131nlar\u0131\u2019n\u0131n bu k\u0131sa giri\u015f kitab\u0131nda Paul Bahn\u2019\u0131n ak\u0131c\u0131 ve esprili \u00fcslubuyla bu bilim dal\u0131na duydu\u011fumuz ilginin k\u00f6kenlerine e\u011filiyoruz. Arkeologlar\u0131n ge\u00e7mi\u015fi ke\u015ffetmek ve insanlar\u0131n nas\u0131l ya\u015fad\u0131\u011f\u0131n\u0131 de\u011ferlendirmek i\u00e7in kulland\u0131klar\u0131 y\u00f6ntemleri karikat\u00fcrler e\u015fli\u011finde, e\u011flenceli bir dille aktaran yazar, geleneksel arkeolojiden bilime dayal\u0131 arkeolojiye ge\u00e7i\u015f s\u00fcrecini \u00f6zetlerken, yeni bilimsel ve teknolojik geli\u015fmelerin uygulamada sa\u011flad\u0131\u011f\u0131 b\u00fcy\u00fck kolayl\u0131klara da i\u015faret ediyor.<\/p>\n","protected":false},"excerpt":{"rendered":"<p>Ma\u011faralar\u0131n derinliklerinden da\u011flar\u0131n doruklar\u0131na, \u00e7\u00f6llerden ormanlara, ta\u015f aletlerden uydu foto\u011fraflar\u0131na, kaz\u0131lardan soyut teoriye dek arkeoloji, ge\u00e7mi\u015fi kavrama \u00e7abas\u0131nda di\u011fer disiplinlerin hemen hemen hepsiyle etkile\u015fim halinde. Ard\u0131m\u0131zda<span class=\"excerpt-hellip\"> [\u2026]<\/span><\/p>\n","protected":false},"featured_media":0,"template":"","meta":{"_monsterinsights_skip_tracking":false,"_monsterinsights_sitenote_active":false,"_monsterinsights_sitenote_note":"","_monsterinsights_sitenote_category":0},"product_brand":[],"product_cat":[52477,52478],"product_tag":[],"class_list":{"0":"post-760929","1":"product","2":"type-product","3":"status-publish","5":"product_cat-arastirma","6":"product_cat-arkeoloji","7":"pa_cilt-ciltsiz","8":"pa_tur-kitap","9":"pa_yayinevi-is-bankasi-kultur-yayinlari","10":"pa_yazar-paul-bahn","12":"first","13":"instock","14":"sale","15":"shipping-taxable","16":"purchasable","17":"product-type-simple"},"_links":{"self":[{"href":"https:\/\/roveyayinevi.com.tr\/index.php\/wp-json\/wp\/v2\/product\/760929","targetHints":{"allow":["GET"]}}],"collection":[{"href":"https:\/\/roveyayinevi.com.tr\/index.php\/wp-json\/wp\/v2\/product"}],"about":[{"href":"https:\/\/roveyayinevi.com.tr\/index.php\/wp-json\/wp\/v2\/types\/product"}],"wp:attachment":[{"href":"https:\/\/roveyayinevi.com.tr\/index.php\/wp-json\/wp\/v2\/media?parent=760929"}],"wp:term":[{"taxonomy":"product_brand","embeddable":true,"href":"https:\/\/roveyayinevi.com.tr\/index.php\/wp-json\/wp\/v2\/product_brand?post=760929"},{"taxonomy":"product_cat","embeddable":true,"href":"https:\/\/roveyayinevi.com.tr\/index.php\/wp-json\/wp\/v2\/product_cat?post=760929"},{"taxonomy":"product_tag","embeddable":true,"href":"https:\/\/roveyayinevi.com.tr\/index.php\/wp-json\/wp\/v2\/product_tag?post=760929"}],"curies":[{"name":"wp","href":"https:\/\/api.w.org\/{rel}","templated":true}]}}