{"id":760926,"date":"2025-08-28T09:21:53","date_gmt":"2025-08-28T06:21:53","guid":{"rendered":"https:\/\/roveyayinevi.com.tr\/index.php\/urun\/karsiliksiz-askin-eseri\/"},"modified":"2026-04-16T03:13:37","modified_gmt":"2026-04-16T00:13:37","slug":"karsiliksiz-askin-eseri","status":"publish","type":"product","link":"https:\/\/roveyayinevi.com.tr\/index.php\/urun\/karsiliksiz-askin-eseri\/","title":{"rendered":"Kar\u015f\u0131l\u0131ks\u0131z A\u015fk\u0131n Eseri"},"content":{"rendered":"<p>Gitmiyorsun akl\u0131mdan tam gidecekken y\u00fcre\u011fim izin vermiyor gitmene. Seni \u00e7a\u011f\u0131r\u0131yorum karanl\u0131k odalarda gelmiyorsun ac\u0131n geliyor y\u00fcre\u011fime. Bahane ediyorum i\u015fte ac\u0131n\u0131, \u015fiir yazmak i\u00e7in. A\u015fk kokuyor sonra her taraf kalemimden damla damla a\u015fk ak\u0131yor. Sen doluyor sat\u0131rlar ve bilmedi\u011fim kokun geliyor. Ne g\u00fczel bir koku bu, sanki gelmi\u015f bahar. Sen olan \u015fiir defterimi a\u00e7\u0131yorum bazen i\u00e7inden \u00e7\u0131k\u0131p gelirsin diye. Sen gelmiyorsun ama hep ac\u0131n geliyor. Verdi\u011fin ac\u0131n bile \u00fcmit oluyor bana\u2026 <\/p>\n","protected":false},"excerpt":{"rendered":"<p>Gitmiyorsun akl\u0131mdan tam gidecekken y\u00fcre\u011fim izin vermiyor gitmene. Seni \u00e7a\u011f\u0131r\u0131yorum karanl\u0131k odalarda gelmiyorsun ac\u0131n geliyor y\u00fcre\u011fime. Bahane ediyorum i\u015fte ac\u0131n\u0131, \u015fiir yazmak i\u00e7in. A\u015fk kokuyor sonra<span class=\"excerpt-hellip\"> [\u2026]<\/span><\/p>\n","protected":false},"featured_media":0,"template":"","meta":{"_monsterinsights_skip_tracking":false,"_monsterinsights_sitenote_active":false,"_monsterinsights_sitenote_note":"","_monsterinsights_sitenote_category":0},"product_brand":[],"product_cat":[12291,12509],"product_tag":[],"class_list":{"0":"post-760926","1":"product","2":"type-product","3":"status-publish","5":"product_cat-edebiyat","6":"product_cat-siir","7":"pa_cilt-ciltsiz","8":"pa_tur-kitap","9":"pa_yayinevi-servet-yayinevi","10":"pa_yazar-ramazan-solak","12":"first","13":"instock","14":"sale","15":"shipping-taxable","16":"purchasable","17":"product-type-simple"},"_links":{"self":[{"href":"https:\/\/roveyayinevi.com.tr\/index.php\/wp-json\/wp\/v2\/product\/760926","targetHints":{"allow":["GET"]}}],"collection":[{"href":"https:\/\/roveyayinevi.com.tr\/index.php\/wp-json\/wp\/v2\/product"}],"about":[{"href":"https:\/\/roveyayinevi.com.tr\/index.php\/wp-json\/wp\/v2\/types\/product"}],"wp:attachment":[{"href":"https:\/\/roveyayinevi.com.tr\/index.php\/wp-json\/wp\/v2\/media?parent=760926"}],"wp:term":[{"taxonomy":"product_brand","embeddable":true,"href":"https:\/\/roveyayinevi.com.tr\/index.php\/wp-json\/wp\/v2\/product_brand?post=760926"},{"taxonomy":"product_cat","embeddable":true,"href":"https:\/\/roveyayinevi.com.tr\/index.php\/wp-json\/wp\/v2\/product_cat?post=760926"},{"taxonomy":"product_tag","embeddable":true,"href":"https:\/\/roveyayinevi.com.tr\/index.php\/wp-json\/wp\/v2\/product_tag?post=760926"}],"curies":[{"name":"wp","href":"https:\/\/api.w.org\/{rel}","templated":true}]}}