{"id":760832,"date":"2025-08-28T09:19:01","date_gmt":"2025-08-28T06:19:01","guid":{"rendered":"https:\/\/roveyayinevi.com.tr\/index.php\/urun\/kapa-ceneni-ve-isine-bak\/"},"modified":"2026-04-11T14:28:52","modified_gmt":"2026-04-11T11:28:52","slug":"kapa-ceneni-ve-isine-bak","status":"publish","type":"product","link":"https:\/\/roveyayinevi.com.tr\/index.php\/urun\/kapa-ceneni-ve-isine-bak\/","title":{"rendered":"Kapa \u00c7eneni ve \u0130\u015fine Bak"},"content":{"rendered":"<p>G\u00dcC\u00dc EL\u0130NDE TUTANLAR SESS\u0130Z KALMAYI B\u0130LENLERD\u0130R.   Yeni bir araba veya ev mi sat\u0131n al\u0131yorsunuz? \u0130\u015fyerinde y\u00fckselmeyi mi umuyorsunuz? Arkada\u015f edinip insanlar\u0131 etkilemeye mi \u00e7al\u0131\u015f\u0131yorsunuz? O zaman susmay\u0131 \u00f6\u011frenmelisiniz.   Bug\u00fcn\u00fcn g\u00fcr\u00fclt\u00fcl\u00fc d\u00fcnyas\u0131 bizi hep son s\u00f6z\u00fc s\u00f6yleyenin kazanaca\u011f\u0131na ikna etti. Halbuki yolunuzu a\u00e7acak, hayat\u0131n\u0131z\u0131 de\u011fi\u015ftirecek ve \u00f6nemli olana odaklanman\u0131z\u0131 sa\u011flayacak bir y\u00f6ntem var.   New York Times\u2019\u0131n \u00e7ok satan yazarlar\u0131ndan Dan Lyons, Kapa \u00c7eneni ve \u0130\u015fine Bak kitab\u0131nda ger\u00e7ekten susman\u0131z gerekti\u011fini s\u00f6yl\u00fcyor. Nas\u0131l bilin\u00e7li ileti\u015fim kuraca\u011f\u0131n\u0131z, ele\u015ftirel d\u00fc\u015f\u00fcnebilece\u011finiz, zihninizi etraf\u0131n\u0131zdaki d\u00fcnyaya nas\u0131l a\u00e7aca\u011f\u0131n\u0131z konusunda uygulanabilir tavsiyeler sunuyor. \u0130\u015fyerinde, evde, sanal \u00e2lemde veya ili\u015fkilerinizde daha g\u00fc\u00e7l\u00fc hissetmeniz i\u00e7in ipu\u00e7lar\u0131 veriyor.   \u015eimdi derin bir nefes al\u0131n, sayfalar\u0131 \u00e7evirin ve hayat\u0131n\u0131z\u0131 sessizce de\u011fi\u015ftirin. Daha az konu\u015fun, daha fazlas\u0131n\u0131 al\u0131n. <\/p>\n","protected":false},"excerpt":{"rendered":"<p>G\u00dcC\u00dc EL\u0130NDE TUTANLAR SESS\u0130Z KALMAYI B\u0130LENLERD\u0130R. Yeni bir araba veya ev mi sat\u0131n al\u0131yorsunuz? \u0130\u015fyerinde y\u00fckselmeyi mi umuyorsunuz? Arkada\u015f edinip insanlar\u0131 etkilemeye mi \u00e7al\u0131\u015f\u0131yorsunuz? O zaman<span class=\"excerpt-hellip\"> [\u2026]<\/span><\/p>\n","protected":false},"featured_media":0,"template":"","meta":{"_monsterinsights_skip_tracking":false,"_monsterinsights_sitenote_active":false,"_monsterinsights_sitenote_note":"","_monsterinsights_sitenote_category":0},"product_brand":[],"product_cat":[12364,12376],"product_tag":[],"class_list":{"0":"post-760832","1":"product","2":"type-product","3":"status-publish","5":"product_cat-genel-konular","6":"product_cat-kisisel-gelisim","7":"pa_cilt-ciltsiz","8":"pa_tur-kitap","9":"pa_yayinevi-destek-yayinlari","10":"pa_yazar-dan-lyons","12":"first","13":"instock","14":"sale","15":"shipping-taxable","16":"purchasable","17":"product-type-simple"},"_links":{"self":[{"href":"https:\/\/roveyayinevi.com.tr\/index.php\/wp-json\/wp\/v2\/product\/760832","targetHints":{"allow":["GET"]}}],"collection":[{"href":"https:\/\/roveyayinevi.com.tr\/index.php\/wp-json\/wp\/v2\/product"}],"about":[{"href":"https:\/\/roveyayinevi.com.tr\/index.php\/wp-json\/wp\/v2\/types\/product"}],"wp:attachment":[{"href":"https:\/\/roveyayinevi.com.tr\/index.php\/wp-json\/wp\/v2\/media?parent=760832"}],"wp:term":[{"taxonomy":"product_brand","embeddable":true,"href":"https:\/\/roveyayinevi.com.tr\/index.php\/wp-json\/wp\/v2\/product_brand?post=760832"},{"taxonomy":"product_cat","embeddable":true,"href":"https:\/\/roveyayinevi.com.tr\/index.php\/wp-json\/wp\/v2\/product_cat?post=760832"},{"taxonomy":"product_tag","embeddable":true,"href":"https:\/\/roveyayinevi.com.tr\/index.php\/wp-json\/wp\/v2\/product_tag?post=760832"}],"curies":[{"name":"wp","href":"https:\/\/api.w.org\/{rel}","templated":true}]}}