{"id":760826,"date":"2025-08-28T09:17:55","date_gmt":"2025-08-28T06:17:55","guid":{"rendered":"https:\/\/roveyayinevi.com.tr\/index.php\/urun\/karakter-ve-nevroz\/"},"modified":"2026-04-16T03:13:34","modified_gmt":"2026-04-16T00:13:34","slug":"karakter-ve-nevroz","status":"publish","type":"product","link":"https:\/\/roveyayinevi.com.tr\/index.php\/urun\/karakter-ve-nevroz\/","title":{"rendered":"Karakter ve Nevroz"},"content":{"rendered":"<p>Enneagram ki\u015filik tiplerini modern psikiyatrinin \u0131\u015f\u0131\u011f\u0131yla in\u015fa eden Claudio Naranjo, Enneagram hususunda verdi\u011fi en kapsaml\u0131 \u00e7al\u0131\u015fma olarak kabul edilen bu eserinde karakter geli\u015fimi ve psikolojik rahats\u0131zl\u0131klar\u0131n kesi\u015fimine derinlemesine bir bak\u0131\u015f vadediyor. Psikiyatri alan\u0131ndaki uzmanl\u0131\u011f\u0131ndan ve spirit\u00fcel geleneklerden ald\u0131\u011f\u0131 g\u00fc\u00e7le, karakter \u00f6zelliklerimizin di\u011fer psikolojik s\u0131n\u0131fland\u0131rmalarla olan ili\u015fkisine ve bu durumun d\u00fcnya g\u00f6r\u00fc\u015f\u00fcm\u00fcz\u00fc ve ba\u015fkalar\u0131yla etkile\u015fimlerimizi nas\u0131l \u015fekillendirebilece\u011fine a\u00e7\u0131kl\u0131k getiriyor. Enneagram\u2019\u0131n dokuz ki\u015filik tipini literat\u00fcrden \u00f6rneklerle tart\u0131\u015farak her bir tipin biricikli\u011fine, g\u00fc\u00e7l\u00fc ve zay\u0131f y\u00f6nlerine dair kapsaml\u0131 bir kavray\u0131\u015f sunuyor. Karakter ve Nevroz bir kaynak kitab\u0131 olmakla yetinmeyen, ayn\u0131 zamanda i\u00e7sel bir el feneri i\u015flevi g\u00f6ren bir eser.<\/p>\n","protected":false},"excerpt":{"rendered":"<p>Enneagram ki\u015filik tiplerini modern psikiyatrinin \u0131\u015f\u0131\u011f\u0131yla in\u015fa eden Claudio Naranjo, Enneagram hususunda verdi\u011fi en kapsaml\u0131 \u00e7al\u0131\u015fma olarak kabul edilen bu eserinde karakter geli\u015fimi ve psikolojik rahats\u0131zl\u0131klar\u0131n<span class=\"excerpt-hellip\"> [\u2026]<\/span><\/p>\n","protected":false},"featured_media":0,"template":"","meta":{"_monsterinsights_skip_tracking":false,"_monsterinsights_sitenote_active":false,"_monsterinsights_sitenote_note":"","_monsterinsights_sitenote_category":0},"product_brand":[],"product_cat":[12357],"product_tag":[],"class_list":{"0":"post-760826","1":"product","2":"type-product","3":"status-publish","5":"product_cat-psikoloji","6":"pa_cilt-ciltsiz","7":"pa_tur-kitap","8":"pa_yayinevi-okuyan-us-yayin","9":"pa_yazar-claudio-naranjo","11":"first","12":"instock","13":"sale","14":"shipping-taxable","15":"purchasable","16":"product-type-simple"},"_links":{"self":[{"href":"https:\/\/roveyayinevi.com.tr\/index.php\/wp-json\/wp\/v2\/product\/760826","targetHints":{"allow":["GET"]}}],"collection":[{"href":"https:\/\/roveyayinevi.com.tr\/index.php\/wp-json\/wp\/v2\/product"}],"about":[{"href":"https:\/\/roveyayinevi.com.tr\/index.php\/wp-json\/wp\/v2\/types\/product"}],"wp:attachment":[{"href":"https:\/\/roveyayinevi.com.tr\/index.php\/wp-json\/wp\/v2\/media?parent=760826"}],"wp:term":[{"taxonomy":"product_brand","embeddable":true,"href":"https:\/\/roveyayinevi.com.tr\/index.php\/wp-json\/wp\/v2\/product_brand?post=760826"},{"taxonomy":"product_cat","embeddable":true,"href":"https:\/\/roveyayinevi.com.tr\/index.php\/wp-json\/wp\/v2\/product_cat?post=760826"},{"taxonomy":"product_tag","embeddable":true,"href":"https:\/\/roveyayinevi.com.tr\/index.php\/wp-json\/wp\/v2\/product_tag?post=760826"}],"curies":[{"name":"wp","href":"https:\/\/api.w.org\/{rel}","templated":true}]}}