{"id":760822,"date":"2025-08-28T09:17:46","date_gmt":"2025-08-28T06:17:46","guid":{"rendered":"https:\/\/roveyayinevi.com.tr\/index.php\/urun\/annemle-konusmalar\/"},"modified":"2026-04-16T03:13:34","modified_gmt":"2026-04-16T00:13:34","slug":"annemle-konusmalar","status":"publish","type":"product","link":"https:\/\/roveyayinevi.com.tr\/index.php\/urun\/annemle-konusmalar\/","title":{"rendered":"Annemle Konu\u015fmalar"},"content":{"rendered":"<p>Anneler G\u00fcn\u00fc\u2019ne \u00f6zel farkl\u0131 bir an\u0131 kitab\u0131&#8230; \u201cSeninle burada, bu \u00e7i\u011f beyaz \u0131\u015f\u0131\u011f\u0131n yar\u0131m yamalak ayd\u0131nlatt\u0131\u011f\u0131 bu hastane odas\u0131nda, lo\u015f koridorlarda hem\u015firelerin beyaz g\u00f6lgelerinden ve \u00f6rt\u00fclerini durmadan ba\u011flay\u0131p \u00e7\u00f6z\u00fcp dua eden hasta yak\u0131n\u0131 kad\u0131nlar\u0131n bezgin f\u0131s\u0131lt\u0131lar\u0131ndan ba\u015fka hi\u00e7bir \u015feyin olmad\u0131\u011f\u0131 ama hayata ve \u00f6l\u00fcme dair her \u015feyin b\u00fct\u00fcn a\u011f\u0131rl\u0131\u011f\u0131yla topland\u0131\u011f\u0131 burada, seninle bir yola \u00e7\u0131kt\u0131\u011f\u0131m\u0131n fark\u0131nday\u0131m anne&#8230; Bu yolda d\u00f6n\u00fcp d\u00f6n\u00fcp hat\u0131rlanan ge\u00e7mi\u015f olacak, y\u00fczle\u015fmeler, sorgu sualler, hesapla\u015fmalar, itiraflar, vicdan azaplar\u0131 ve cevaps\u0131z sorular olacak&#8230;\u201d<\/p>\n","protected":false},"excerpt":{"rendered":"<p>Anneler G\u00fcn\u00fc\u2019ne \u00f6zel farkl\u0131 bir an\u0131 kitab\u0131&#8230; \u201cSeninle burada, bu \u00e7i\u011f beyaz \u0131\u015f\u0131\u011f\u0131n yar\u0131m yamalak ayd\u0131nlatt\u0131\u011f\u0131 bu hastane odas\u0131nda, lo\u015f koridorlarda hem\u015firelerin beyaz g\u00f6lgelerinden ve \u00f6rt\u00fclerini<span class=\"excerpt-hellip\"> [\u2026]<\/span><\/p>\n","protected":false},"featured_media":0,"template":"","meta":{"_monsterinsights_skip_tracking":false,"_monsterinsights_sitenote_active":false,"_monsterinsights_sitenote_note":"","_monsterinsights_sitenote_category":0},"product_brand":[],"product_cat":[18545,12291],"product_tag":[],"class_list":{"0":"post-760822","1":"product","2":"type-product","3":"status-publish","5":"product_cat-anlati","6":"product_cat-edebiyat","7":"pa_cilt-ciltsiz","8":"pa_tur-kitap","9":"pa_yayinevi-remzi-kitabevi","10":"pa_yazar-sohret-baltas","12":"first","13":"instock","14":"sale","15":"shipping-taxable","16":"purchasable","17":"product-type-simple"},"_links":{"self":[{"href":"https:\/\/roveyayinevi.com.tr\/index.php\/wp-json\/wp\/v2\/product\/760822","targetHints":{"allow":["GET"]}}],"collection":[{"href":"https:\/\/roveyayinevi.com.tr\/index.php\/wp-json\/wp\/v2\/product"}],"about":[{"href":"https:\/\/roveyayinevi.com.tr\/index.php\/wp-json\/wp\/v2\/types\/product"}],"wp:attachment":[{"href":"https:\/\/roveyayinevi.com.tr\/index.php\/wp-json\/wp\/v2\/media?parent=760822"}],"wp:term":[{"taxonomy":"product_brand","embeddable":true,"href":"https:\/\/roveyayinevi.com.tr\/index.php\/wp-json\/wp\/v2\/product_brand?post=760822"},{"taxonomy":"product_cat","embeddable":true,"href":"https:\/\/roveyayinevi.com.tr\/index.php\/wp-json\/wp\/v2\/product_cat?post=760822"},{"taxonomy":"product_tag","embeddable":true,"href":"https:\/\/roveyayinevi.com.tr\/index.php\/wp-json\/wp\/v2\/product_tag?post=760822"}],"curies":[{"name":"wp","href":"https:\/\/api.w.org\/{rel}","templated":true}]}}