{"id":760818,"date":"2025-08-28T09:17:39","date_gmt":"2025-08-28T06:17:39","guid":{"rendered":"https:\/\/roveyayinevi.com.tr\/index.php\/urun\/oscarin-aslani\/"},"modified":"2026-04-16T03:13:34","modified_gmt":"2026-04-16T00:13:34","slug":"oscarin-aslani","status":"publish","type":"product","link":"https:\/\/roveyayinevi.com.tr\/index.php\/urun\/oscarin-aslani\/","title":{"rendered":"Oscar&#8217;\u0131n Aslan\u0131"},"content":{"rendered":"<p>Oscar bir sabah uyan\u0131r ve evde anne babas\u0131n\u0131n yerine kocaman bir aslanla kar\u015f\u0131la\u015f\u0131r. \u00d6nce biraz korksa da aslan ona en sevdi\u011fi kitab\u0131 okumay\u0131 teklif edince i\u015fler e\u011flenceli bir hal al\u0131r. \u00dcstelik aslan farkl\u0131 hayvanlara da (mesela bir sakaya!) d\u00f6nu\u0308\u015febiliyordur. Oscar, aslanla ge\u00e7irece\u011fi bu ola\u011fanu\u0308stu\u0308 hafta sonunu hayat\u0131 boyunca unutmayacakt\u0131r!   Usta yazar Adam Baron her \u00e7ocu\u011fun severek okuyaca\u011f\u0131 hem duygusal hem de macera dolu bir b\u00fcy\u00fcme ve olgunla\u015fma \u00f6yk\u00fcs\u00fc anlat\u0131yor. Benji Davies\u2019in s\u0131cak \u00e7izimleriyle canlanm\u0131\u015f bu \u00e7ocuk roman\u0131n\u0131 elinizden b\u0131rakamayacaks\u0131n\u0131z. <\/p>\n","protected":false},"excerpt":{"rendered":"<p>Oscar bir sabah uyan\u0131r ve evde anne babas\u0131n\u0131n yerine kocaman bir aslanla kar\u015f\u0131la\u015f\u0131r. \u00d6nce biraz korksa da aslan ona en sevdi\u011fi kitab\u0131 okumay\u0131 teklif edince i\u015fler<span class=\"excerpt-hellip\"> [\u2026]<\/span><\/p>\n","protected":false},"featured_media":0,"template":"","meta":{"_monsterinsights_skip_tracking":false,"_monsterinsights_sitenote_active":false,"_monsterinsights_sitenote_note":"","_monsterinsights_sitenote_category":0},"product_brand":[],"product_cat":[12275,12274],"product_tag":[],"class_list":{"0":"post-760818","1":"product","2":"type-product","3":"status-publish","5":"product_cat-6-12-yas-kitaplari","6":"product_cat-cocuk-ve-genclik-kitaplari","7":"pa_cilt-ciltsiz","8":"pa_tur-kitap","9":"pa_yayinevi-redhouse-kidz-yayinlari","10":"pa_yazar-adam-baron","12":"first","13":"instock","14":"sale","15":"shipping-taxable","16":"purchasable","17":"product-type-simple"},"_links":{"self":[{"href":"https:\/\/roveyayinevi.com.tr\/index.php\/wp-json\/wp\/v2\/product\/760818","targetHints":{"allow":["GET"]}}],"collection":[{"href":"https:\/\/roveyayinevi.com.tr\/index.php\/wp-json\/wp\/v2\/product"}],"about":[{"href":"https:\/\/roveyayinevi.com.tr\/index.php\/wp-json\/wp\/v2\/types\/product"}],"wp:attachment":[{"href":"https:\/\/roveyayinevi.com.tr\/index.php\/wp-json\/wp\/v2\/media?parent=760818"}],"wp:term":[{"taxonomy":"product_brand","embeddable":true,"href":"https:\/\/roveyayinevi.com.tr\/index.php\/wp-json\/wp\/v2\/product_brand?post=760818"},{"taxonomy":"product_cat","embeddable":true,"href":"https:\/\/roveyayinevi.com.tr\/index.php\/wp-json\/wp\/v2\/product_cat?post=760818"},{"taxonomy":"product_tag","embeddable":true,"href":"https:\/\/roveyayinevi.com.tr\/index.php\/wp-json\/wp\/v2\/product_tag?post=760818"}],"curies":[{"name":"wp","href":"https:\/\/api.w.org\/{rel}","templated":true}]}}