{"id":760809,"date":"2025-08-28T09:17:21","date_gmt":"2025-08-28T06:17:21","guid":{"rendered":"https:\/\/roveyayinevi.com.tr\/index.php\/urun\/aydin-despotizmi\/"},"modified":"2026-02-03T03:28:35","modified_gmt":"2026-02-03T00:28:35","slug":"aydin-despotizmi","status":"publish","type":"product","link":"https:\/\/roveyayinevi.com.tr\/index.php\/urun\/aydin-despotizmi\/","title":{"rendered":"Ayd\u0131n Despotizmi"},"content":{"rendered":"<p>Bu \u00e7al\u0131\u015fmaya \u00fc\u00e7 nedenle katland\u0131m; 1) 1986 T\u00fcrkiyesi&#8217;nde, T\u00fcrkiye ilericili\u011finin \u00f6nderlerinden, &#8220;bilim adam\u0131&#8221; kimli\u011fi ile \u00fcnl\u00fc, etkin ve \u00fcretken bir T\u00fcrk ayd\u0131n\u0131, &#8220;T\u00fcrk esteti\u011fi ve roman&#8221; konular\u0131ndaki d\u00fc\u015f\u00fcncelerini anlatmay\u0131 vaat etti\u011fi bir \u00e7al\u0131\u015fmas\u0131nda, gen\u00e7 bir yazar\u0131n, hemen her kitap\u00e7\u0131da bulunabilecek bir yap\u0131t\u0131n\u0131, Latife Tekin&#8217;in Gece Dersleri\u2019ni, yetersiz ya da ba\u011flam d\u0131\u015f\u0131 aktarmalar ve yorumlarla, yap\u0131tta var olan\u0131 yok, yok olan\u0131 var ederek, kendi tezlerini do\u011frulayaca\u011f\u0131n\u0131 umdu\u011fu bi\u00e7imde ve okurlar\u0131n\u0131n g\u00f6zlerinin i\u00e7ine baka baka sapt\u0131rmaktan zerre kadar utan\u00e7 duymayabiliyor; okurun elinin alt\u0131ndaki bir yap\u0131t\u0131n b\u00f6ylesine yak\u0131\u015f\u0131ks\u0131z bir sapt\u0131rma ile yorumlanabilmi\u015f olmas\u0131, ba\u015fka bir dilde yaz\u0131lm\u0131\u015fl\u0131k, eski bas\u0131m olma vb. nedenlerle gen\u00e7 okurlara uzak d\u00fc\u015fen kitaplar\u0131n aktar\u0131lmas\u0131nda g\u00f6zetilen \u00f6zen hakk\u0131nda, bilim ahl\u00e2k\u0131 ad\u0131na derin endi\u015felere sevk ediliyor. 2) T\u00fcrkiye&#8217;nin neredeyse \u00f6l\u00fcmc\u00fcl bir anomali ge\u00e7irdi\u011fine, bu cinnetin \u00e7\u0131ld\u0131rm\u0131\u015fl\u0131ktan nasibini alan t\u00fcm hareketler taraf\u0131ndan yeniden de\u011ferlendirilmesi, \u00e7\u00f6z\u00fcmlenmesi gere\u011fine inan\u0131yor; olmad\u0131\u011f\u0131n\u0131n varsay\u0131lmas\u0131n\u0131n, ink\u00e2r\u0131n\u0131n yeni ve daha da me\u015f&#8217;um d\u00f6nemleri getirebilece\u011finden korkuyorum. 3) \u0130stibdat\u0131n sadece belirli ve bilinen kurumlar\u0131n tekelinde olmad\u0131\u011f\u0131na, T\u00fcrk d\u00fc\u015f\u00fcnce hayat\u0131nda muhtelif k\u00f6\u015feba\u015flar\u0131nda yerle\u015fik ayd\u0131nlar\u0131n &#8220;yeni\u201dye ge\u00e7it vermeyen tekellerini \u0131srarla korumak gayreti i\u00e7inde olduklar\u0131na, bu tutumun \u00f6zg\u00fcr d\u00fc\u015f\u00fcnce filizlerinin hoyrat\u00e7a kopart\u0131lmas\u0131 ile sonu\u00e7land\u0131\u011f\u0131na, gen\u00e7lerin \u00fczerinde neredeyse s\u0131n\u0131fsal nitelikli bir bask\u0131 yaratt\u0131\u011f\u0131na inan\u0131yor, T\u00fcrk d\u00fc\u015f\u00fcnce ya\u015fam\u0131n\u0131 ve edebiyat\u0131n\u0131 vesayetleri alt\u0131nda tutmaya \u00e7al\u0131\u015fan b\u00fct\u00fcn m\u00fcstebitlere kar\u015f\u0131 \u00e7\u0131k\u0131lmas\u0131 gerekti\u011fini savunuyorum. Alev Alatl\u0131\/Temmuz, 1986<\/p>\n","protected":false},"excerpt":{"rendered":"<p>Bu \u00e7al\u0131\u015fmaya \u00fc\u00e7 nedenle katland\u0131m; 1) 1986 T\u00fcrkiyesi&#8217;nde, T\u00fcrkiye ilericili\u011finin \u00f6nderlerinden, &#8220;bilim adam\u0131&#8221; kimli\u011fi ile \u00fcnl\u00fc, etkin ve \u00fcretken bir T\u00fcrk ayd\u0131n\u0131, &#8220;T\u00fcrk esteti\u011fi ve roman&#8221;<span class=\"excerpt-hellip\"> [\u2026]<\/span><\/p>\n","protected":false},"featured_media":0,"template":"","meta":{"_monsterinsights_skip_tracking":false,"_monsterinsights_sitenote_active":false,"_monsterinsights_sitenote_note":"","_monsterinsights_sitenote_category":0},"product_brand":[],"product_cat":[13072,12291],"product_tag":[],"class_list":{"0":"post-760809","1":"product","2":"type-product","3":"status-publish","5":"product_cat-arastirma-inceleme-referans","6":"product_cat-edebiyat","7":"pa_cilt-ciltsiz","8":"pa_tur-kitap","9":"pa_yayinevi-kapi-yayinlari","10":"pa_yazar-alev-alatli","12":"first","13":"instock","14":"sale","15":"shipping-taxable","16":"purchasable","17":"product-type-simple"},"_links":{"self":[{"href":"https:\/\/roveyayinevi.com.tr\/index.php\/wp-json\/wp\/v2\/product\/760809","targetHints":{"allow":["GET"]}}],"collection":[{"href":"https:\/\/roveyayinevi.com.tr\/index.php\/wp-json\/wp\/v2\/product"}],"about":[{"href":"https:\/\/roveyayinevi.com.tr\/index.php\/wp-json\/wp\/v2\/types\/product"}],"wp:attachment":[{"href":"https:\/\/roveyayinevi.com.tr\/index.php\/wp-json\/wp\/v2\/media?parent=760809"}],"wp:term":[{"taxonomy":"product_brand","embeddable":true,"href":"https:\/\/roveyayinevi.com.tr\/index.php\/wp-json\/wp\/v2\/product_brand?post=760809"},{"taxonomy":"product_cat","embeddable":true,"href":"https:\/\/roveyayinevi.com.tr\/index.php\/wp-json\/wp\/v2\/product_cat?post=760809"},{"taxonomy":"product_tag","embeddable":true,"href":"https:\/\/roveyayinevi.com.tr\/index.php\/wp-json\/wp\/v2\/product_tag?post=760809"}],"curies":[{"name":"wp","href":"https:\/\/api.w.org\/{rel}","templated":true}]}}