{"id":760808,"date":"2025-08-28T09:17:19","date_gmt":"2025-08-28T06:17:19","guid":{"rendered":"https:\/\/roveyayinevi.com.tr\/index.php\/urun\/dostlarim-asklarim\/"},"modified":"2026-04-12T03:17:31","modified_gmt":"2026-04-12T00:17:31","slug":"dostlarim-asklarim","status":"publish","type":"product","link":"https:\/\/roveyayinevi.com.tr\/index.php\/urun\/dostlarim-asklarim\/","title":{"rendered":"Dostlar\u0131m A\u015fklar\u0131m"},"content":{"rendered":"<p>Her ikisi de otuzlu ya\u015flar\u0131nda, bek\u00e2r babalar olan Mathias ve Antoine, Londra&#8217;da bir ev tutup birlikte ya\u015famaya ve \u00e7ocuklar\u0131n\u0131 birlikte b\u00fcy\u00fctmeye karar verirler. Kendilerine iki kural koyarlar: Bebek bak\u0131c\u0131s\u0131 tutulmayacak ve eve kad\u0131n girmeyecek\u2026   Karar an\u0131ndan itibaren odak noktalar\u0131 \u00e7ocuklar\u0131 k\u00fc\u00e7\u00fck Louis ve sevimli Emily olacakt\u0131r.   Kurallara \u00e7abucak uyum sa\u011flarlar fakat bu uzun s\u00fcrmeyecektir! Bir g\u00fcn Mathias, Audrey isimli bir gazeteciyle tan\u0131\u015f\u0131r. Mathias bu kad\u0131ndan hemen etkilenir. Ama kurallara uymakta \u0131srar eden ev arkada\u015f\u0131 Antoine&#8217;la bunu payla\u015fmak hi\u00e7 kolay bir i\u015f de\u011fildir. \u00c2\u015f\u0131k oldu\u011funu ona nas\u0131l a\u00e7\u0131klayaca\u011f\u0131na karar veremez. Ama mutluluk da \u00e7ok ge\u00e7meden Antoine&#8217;\u0131 saklamba\u00e7 oyunundaki gibi sobeleyecektir, hem de b\u00fcy\u00fcleyici g\u00fczelli\u011fiyle \u00e7i\u00e7ek\u00e7i Sophie&#8217;nin suretinde&#8230;   \u0130ki dostun \u00e7\u0131lg\u0131n kararlar\u0131n\u0131 \u00e7ekinerek de olsa bozma cesaretini anlatan, a\u015fk ve dostlu\u011fu bamba\u015fka bir g\u00fczellikle yans\u0131tan harika bir roman.<\/p>\n","protected":false},"excerpt":{"rendered":"<p>Her ikisi de otuzlu ya\u015flar\u0131nda, bek\u00e2r babalar olan Mathias ve Antoine, Londra&#8217;da bir ev tutup birlikte ya\u015famaya ve \u00e7ocuklar\u0131n\u0131 birlikte b\u00fcy\u00fctmeye karar verirler. Kendilerine iki kural<span class=\"excerpt-hellip\"> [\u2026]<\/span><\/p>\n","protected":false},"featured_media":0,"template":"","meta":{"_monsterinsights_skip_tracking":false,"_monsterinsights_sitenote_active":false,"_monsterinsights_sitenote_note":"","_monsterinsights_sitenote_category":0},"product_brand":[],"product_cat":[12291,12711],"product_tag":[],"class_list":{"0":"post-760808","1":"product","2":"type-product","3":"status-publish","5":"product_cat-edebiyat","6":"product_cat-roman-oyku","7":"pa_cilt-ciltsiz","8":"pa_tur-kitap","9":"pa_yayinevi-artemis-yayinlari","10":"pa_yazar-marc-levy","12":"first","13":"instock","14":"sale","15":"shipping-taxable","16":"purchasable","17":"product-type-simple"},"_links":{"self":[{"href":"https:\/\/roveyayinevi.com.tr\/index.php\/wp-json\/wp\/v2\/product\/760808","targetHints":{"allow":["GET"]}}],"collection":[{"href":"https:\/\/roveyayinevi.com.tr\/index.php\/wp-json\/wp\/v2\/product"}],"about":[{"href":"https:\/\/roveyayinevi.com.tr\/index.php\/wp-json\/wp\/v2\/types\/product"}],"wp:attachment":[{"href":"https:\/\/roveyayinevi.com.tr\/index.php\/wp-json\/wp\/v2\/media?parent=760808"}],"wp:term":[{"taxonomy":"product_brand","embeddable":true,"href":"https:\/\/roveyayinevi.com.tr\/index.php\/wp-json\/wp\/v2\/product_brand?post=760808"},{"taxonomy":"product_cat","embeddable":true,"href":"https:\/\/roveyayinevi.com.tr\/index.php\/wp-json\/wp\/v2\/product_cat?post=760808"},{"taxonomy":"product_tag","embeddable":true,"href":"https:\/\/roveyayinevi.com.tr\/index.php\/wp-json\/wp\/v2\/product_tag?post=760808"}],"curies":[{"name":"wp","href":"https:\/\/api.w.org\/{rel}","templated":true}]}}