{"id":760802,"date":"2025-08-28T09:17:07","date_gmt":"2025-08-28T06:17:07","guid":{"rendered":"https:\/\/roveyayinevi.com.tr\/index.php\/urun\/anneannemin-dikis-makinesi\/"},"modified":"2026-04-16T03:13:34","modified_gmt":"2026-04-16T00:13:34","slug":"anneannemin-dikis-makinesi","status":"publish","type":"product","link":"https:\/\/roveyayinevi.com.tr\/index.php\/urun\/anneannemin-dikis-makinesi\/","title":{"rendered":"Anneannemin Diki\u015f Makinesi"},"content":{"rendered":"<p>Duru\u2019nun minicik, pamuk gibi elleri, kocaman, sevgi dolu kalbi olan bir kahraman\u0131 var. ANNEANNES\u0130!   \u00dcstelik kahraman\u0131n\u0131n gizli g\u00fc\u00e7leri de var. Bir de diki\u015f makinesi\u2026   \u201cDuru, anneannesini \u00e7ok seven, onu pelerinsiz kahraman olarak g\u00f6ren sevgi dolu bir karakterdir. Yazar, kitapta Duru\u2019nun anneannesine olan sevgisini, hayranl\u0131\u011f\u0131n\u0131, sadece k\u0131yafetleri de\u011fil insanlar aras\u0131ndaki sevgi ba\u011f\u0131n\u0131 da kuvvetlendirecek kadar iyi diki\u015f dikebildi\u011fini \u015fiir \u015feklinde bizlere anlatm\u0131\u015ft\u0131r. Kitab\u0131 okurken hem maceralara dalacaks\u0131n\u0131z hem de kendi \u00e7ocuklu\u011funuza d\u00f6nerek kalbinizin sar\u0131p sarmaland\u0131\u011f\u0131n\u0131 hissedeceksiniz.\u201d   G\u00f6k\u00e7em Elif YOLCU Psikolojik Dan\u0131\u015fman- Oyun Terapisti<\/p>\n","protected":false},"excerpt":{"rendered":"<p>Duru\u2019nun minicik, pamuk gibi elleri, kocaman, sevgi dolu kalbi olan bir kahraman\u0131 var. ANNEANNES\u0130! \u00dcstelik kahraman\u0131n\u0131n gizli g\u00fc\u00e7leri de var. Bir de diki\u015f makinesi\u2026 \u201cDuru, anneannesini<span class=\"excerpt-hellip\"> [\u2026]<\/span><\/p>\n","protected":false},"featured_media":0,"template":"","meta":{"_monsterinsights_skip_tracking":false,"_monsterinsights_sitenote_active":false,"_monsterinsights_sitenote_note":"","_monsterinsights_sitenote_category":0},"product_brand":[],"product_cat":[12274,12284],"product_tag":[],"class_list":{"0":"post-760802","1":"product","2":"type-product","3":"status-publish","5":"product_cat-cocuk-ve-genclik-kitaplari","6":"product_cat-hikayeler","7":"pa_cilt-ciltsiz","8":"pa_tur-kitap","9":"pa_yayinevi-luna-cocuk-yayinlari","10":"pa_yazar-dilan-dogan","12":"first","13":"instock","14":"sale","15":"shipping-taxable","16":"purchasable","17":"product-type-simple"},"_links":{"self":[{"href":"https:\/\/roveyayinevi.com.tr\/index.php\/wp-json\/wp\/v2\/product\/760802","targetHints":{"allow":["GET"]}}],"collection":[{"href":"https:\/\/roveyayinevi.com.tr\/index.php\/wp-json\/wp\/v2\/product"}],"about":[{"href":"https:\/\/roveyayinevi.com.tr\/index.php\/wp-json\/wp\/v2\/types\/product"}],"wp:attachment":[{"href":"https:\/\/roveyayinevi.com.tr\/index.php\/wp-json\/wp\/v2\/media?parent=760802"}],"wp:term":[{"taxonomy":"product_brand","embeddable":true,"href":"https:\/\/roveyayinevi.com.tr\/index.php\/wp-json\/wp\/v2\/product_brand?post=760802"},{"taxonomy":"product_cat","embeddable":true,"href":"https:\/\/roveyayinevi.com.tr\/index.php\/wp-json\/wp\/v2\/product_cat?post=760802"},{"taxonomy":"product_tag","embeddable":true,"href":"https:\/\/roveyayinevi.com.tr\/index.php\/wp-json\/wp\/v2\/product_tag?post=760802"}],"curies":[{"name":"wp","href":"https:\/\/api.w.org\/{rel}","templated":true}]}}