{"id":760790,"date":"2025-08-28T09:16:41","date_gmt":"2025-08-28T06:16:41","guid":{"rendered":"https:\/\/roveyayinevi.com.tr\/index.php\/urun\/comment-on-meurt-nasil-olunur-fransizca\/"},"modified":"2026-04-03T03:18:09","modified_gmt":"2026-04-03T00:18:09","slug":"comment-on-meurt-nasil-olunur-fransizca","status":"publish","type":"product","link":"https:\/\/roveyayinevi.com.tr\/index.php\/urun\/comment-on-meurt-nasil-olunur-fransizca\/","title":{"rendered":"Comment On Meurt\/Nas\u0131l \u00d6l\u00fcn\u00fcr (Frans\u0131zca)"},"content":{"rendered":"<p>\u201cLe comte de Verteuil a cinquante-cinq ans. Il appartient \u00e0 une des plus illustres familles de France, et poss\u00e8de une grande fortune. Boudant le gouvernement, il s\u2019est occup\u00e9 comme il a pu, a donn\u00e9 des articles aux revues s\u00e9rieuses, qui l\u2019ont fait entrer \u00e0 l\u2019Acad\u00e9mie des sciences morales et politiques, s\u2019est jet\u00e9 dans les affaires, s\u2019est passionn\u00e9 successivement pour l\u2019agriculture, l\u2019\u00e9levage, les beaux-arts.\u201d L&#8217;oeuvre immortelle de \u00c9mile Zola Comment On Meurt dans sa langue d&#8217;origine&#8230;<\/p>\n","protected":false},"excerpt":{"rendered":"<p>\u201cLe comte de Verteuil a cinquante-cinq ans. Il appartient \u00e0 une des plus illustres familles de France, et poss\u00e8de une grande fortune. Boudant le gouvernement, il<span class=\"excerpt-hellip\"> [\u2026]<\/span><\/p>\n","protected":false},"featured_media":0,"template":"","meta":{"_monsterinsights_skip_tracking":false,"_monsterinsights_sitenote_active":false,"_monsterinsights_sitenote_note":"","_monsterinsights_sitenote_category":0},"product_brand":[],"product_cat":[12291,12711],"product_tag":[],"class_list":{"0":"post-760790","1":"product","2":"type-product","3":"status-publish","5":"product_cat-edebiyat","6":"product_cat-roman-oyku","7":"pa_cilt-ciltsiz","8":"pa_tur-kitap","9":"pa_yayinevi-sapiens-yayinlari","10":"pa_yazar-emile-zola","12":"first","13":"instock","14":"sale","15":"shipping-taxable","16":"purchasable","17":"product-type-simple"},"_links":{"self":[{"href":"https:\/\/roveyayinevi.com.tr\/index.php\/wp-json\/wp\/v2\/product\/760790","targetHints":{"allow":["GET"]}}],"collection":[{"href":"https:\/\/roveyayinevi.com.tr\/index.php\/wp-json\/wp\/v2\/product"}],"about":[{"href":"https:\/\/roveyayinevi.com.tr\/index.php\/wp-json\/wp\/v2\/types\/product"}],"wp:attachment":[{"href":"https:\/\/roveyayinevi.com.tr\/index.php\/wp-json\/wp\/v2\/media?parent=760790"}],"wp:term":[{"taxonomy":"product_brand","embeddable":true,"href":"https:\/\/roveyayinevi.com.tr\/index.php\/wp-json\/wp\/v2\/product_brand?post=760790"},{"taxonomy":"product_cat","embeddable":true,"href":"https:\/\/roveyayinevi.com.tr\/index.php\/wp-json\/wp\/v2\/product_cat?post=760790"},{"taxonomy":"product_tag","embeddable":true,"href":"https:\/\/roveyayinevi.com.tr\/index.php\/wp-json\/wp\/v2\/product_tag?post=760790"}],"curies":[{"name":"wp","href":"https:\/\/api.w.org\/{rel}","templated":true}]}}