{"id":760789,"date":"2025-08-28T09:16:39","date_gmt":"2025-08-28T06:16:39","guid":{"rendered":"https:\/\/roveyayinevi.com.tr\/index.php\/urun\/la-symphinie-pastorale-pastoral-senfoni-fransizca\/"},"modified":"2026-04-16T03:13:34","modified_gmt":"2026-04-16T00:13:34","slug":"la-symphinie-pastorale-pastoral-senfoni-fransizca","status":"publish","type":"product","link":"https:\/\/roveyayinevi.com.tr\/index.php\/urun\/la-symphinie-pastorale-pastoral-senfoni-fransizca\/","title":{"rendered":"La Symphinie Pastorale \/ Pastoral Senfoni  (Frans\u0131zca)"},"content":{"rendered":"<p>\u201cLa neige qui n\u2019a pas cess\u00e9 de tomber depuis trois jours, bloque les routes. Je n\u2019ai pu me rendre \u00e0 R\u2026 o\u00f9 j\u2019ai coutume depuis quinze ans de c\u00e9l\u00e9brer le culte deux fois par mois. Ce matin trente fid\u00e8les seulement se sont rassembl\u00e9s dans la cha- pelle de La Br\u00e9vine. Je profiterai des loisirs que me vaut cette claustration for- c\u00e9e, pour revenir en arri\u00e8re et raconter comment je fus amen\u00e9 \u00e0 m\u2019occuper de Gertrude.\u201d L&#8217;oeuvre immortelle de Andr\u00e9 Gide La Symphinie Pastorale dans sa langue d&#8217;origine&#8230; <\/p>\n","protected":false},"excerpt":{"rendered":"<p>\u201cLa neige qui n\u2019a pas cess\u00e9 de tomber depuis trois jours, bloque les routes. Je n\u2019ai pu me rendre \u00e0 R\u2026 o\u00f9 j\u2019ai coutume depuis quinze<span class=\"excerpt-hellip\"> [\u2026]<\/span><\/p>\n","protected":false},"featured_media":0,"template":"","meta":{"_monsterinsights_skip_tracking":false,"_monsterinsights_sitenote_active":false,"_monsterinsights_sitenote_note":"","_monsterinsights_sitenote_category":0},"product_brand":[],"product_cat":[12291,12711],"product_tag":[],"class_list":{"0":"post-760789","1":"product","2":"type-product","3":"status-publish","5":"product_cat-edebiyat","6":"product_cat-roman-oyku","7":"pa_cilt-ciltsiz","8":"pa_tur-kitap","9":"pa_yayinevi-sapiens-yayinlari","10":"pa_yazar-andre-gide","12":"first","13":"instock","14":"sale","15":"shipping-taxable","16":"purchasable","17":"product-type-simple"},"_links":{"self":[{"href":"https:\/\/roveyayinevi.com.tr\/index.php\/wp-json\/wp\/v2\/product\/760789","targetHints":{"allow":["GET"]}}],"collection":[{"href":"https:\/\/roveyayinevi.com.tr\/index.php\/wp-json\/wp\/v2\/product"}],"about":[{"href":"https:\/\/roveyayinevi.com.tr\/index.php\/wp-json\/wp\/v2\/types\/product"}],"wp:attachment":[{"href":"https:\/\/roveyayinevi.com.tr\/index.php\/wp-json\/wp\/v2\/media?parent=760789"}],"wp:term":[{"taxonomy":"product_brand","embeddable":true,"href":"https:\/\/roveyayinevi.com.tr\/index.php\/wp-json\/wp\/v2\/product_brand?post=760789"},{"taxonomy":"product_cat","embeddable":true,"href":"https:\/\/roveyayinevi.com.tr\/index.php\/wp-json\/wp\/v2\/product_cat?post=760789"},{"taxonomy":"product_tag","embeddable":true,"href":"https:\/\/roveyayinevi.com.tr\/index.php\/wp-json\/wp\/v2\/product_tag?post=760789"}],"curies":[{"name":"wp","href":"https:\/\/api.w.org\/{rel}","templated":true}]}}