{"id":760786,"date":"2025-08-28T09:16:33","date_gmt":"2025-08-28T06:16:33","guid":{"rendered":"https:\/\/roveyayinevi.com.tr\/index.php\/urun\/la-porte-etroite-dar-kapi-fransizca\/"},"modified":"2026-04-16T03:13:34","modified_gmt":"2026-04-16T00:13:34","slug":"la-porte-etroite-dar-kapi-fransizca","status":"publish","type":"product","link":"https:\/\/roveyayinevi.com.tr\/index.php\/urun\/la-porte-etroite-dar-kapi-fransizca\/","title":{"rendered":"La Porte etroite \/ Dar Kap\u0131 (Frans\u0131zca)"},"content":{"rendered":"<p>\u201cD\u2019autres en auraient pu faire un livre ; mais l\u2019histoire que je raconte ici, j\u2019ai mis toute ma force \u00e0 la vivre et ma vertu s\u2019y est us\u00e9e. J\u2019\u00e9crirai donc tr\u00e8s simplement mes souvenirs, et s\u2019ils sont en lambeaux par endroits, je n\u2019aurai recours \u00e0 aucune invention pour les rapi\u00e9cer ou les joindre ; l\u2019effort que j\u2019apporterais \u00e0 leur appr\u00eat g\u00eanerait le dernier plaisir que j\u2019esp\u00e8re trouver \u00e0 les dire.\u201d L\u2019oeuvre immortelle de Andr\u00e9 Gide La Porte \u00e9troite dans sa langue d\u2019origine&#8230; <\/p>\n","protected":false},"excerpt":{"rendered":"<p>\u201cD\u2019autres en auraient pu faire un livre ; mais l\u2019histoire que je raconte ici, j\u2019ai mis toute ma force \u00e0 la vivre et ma vertu s\u2019y<span class=\"excerpt-hellip\"> [\u2026]<\/span><\/p>\n","protected":false},"featured_media":0,"template":"","meta":{"_monsterinsights_skip_tracking":false,"_monsterinsights_sitenote_active":false,"_monsterinsights_sitenote_note":"","_monsterinsights_sitenote_category":0},"product_brand":[],"product_cat":[12291,12711],"product_tag":[],"class_list":{"0":"post-760786","1":"product","2":"type-product","3":"status-publish","5":"product_cat-edebiyat","6":"product_cat-roman-oyku","7":"pa_cilt-ciltsiz","8":"pa_tur-kitap","9":"pa_yayinevi-sapiens-yayinlari","10":"pa_yazar-andre-gide","12":"first","13":"instock","14":"sale","15":"shipping-taxable","16":"purchasable","17":"product-type-simple"},"_links":{"self":[{"href":"https:\/\/roveyayinevi.com.tr\/index.php\/wp-json\/wp\/v2\/product\/760786","targetHints":{"allow":["GET"]}}],"collection":[{"href":"https:\/\/roveyayinevi.com.tr\/index.php\/wp-json\/wp\/v2\/product"}],"about":[{"href":"https:\/\/roveyayinevi.com.tr\/index.php\/wp-json\/wp\/v2\/types\/product"}],"wp:attachment":[{"href":"https:\/\/roveyayinevi.com.tr\/index.php\/wp-json\/wp\/v2\/media?parent=760786"}],"wp:term":[{"taxonomy":"product_brand","embeddable":true,"href":"https:\/\/roveyayinevi.com.tr\/index.php\/wp-json\/wp\/v2\/product_brand?post=760786"},{"taxonomy":"product_cat","embeddable":true,"href":"https:\/\/roveyayinevi.com.tr\/index.php\/wp-json\/wp\/v2\/product_cat?post=760786"},{"taxonomy":"product_tag","embeddable":true,"href":"https:\/\/roveyayinevi.com.tr\/index.php\/wp-json\/wp\/v2\/product_tag?post=760786"}],"curies":[{"name":"wp","href":"https:\/\/api.w.org\/{rel}","templated":true}]}}