{"id":760782,"date":"2025-08-28T09:16:27","date_gmt":"2025-08-28T06:16:27","guid":{"rendered":"https:\/\/roveyayinevi.com.tr\/index.php\/urun\/ogham-mucizesi\/"},"modified":"2026-04-16T03:13:33","modified_gmt":"2026-04-16T00:13:33","slug":"ogham-mucizesi","status":"publish","type":"product","link":"https:\/\/roveyayinevi.com.tr\/index.php\/urun\/ogham-mucizesi\/","title":{"rendered":"Ogham Mucizesi"},"content":{"rendered":"<p>Ogham, 25 alfabetik sembolden olu\u015fur. Bu sembollerin her biri kutsal bir a\u011fac\u0131 temsil eder. Her a\u011fa\u00e7 bir duyguyu, niteli\u011fi veya \u00f6z\u00fc temsil eder. Ogham sisteminin geli\u015fimi genellikle Druidlere dayand\u0131r\u0131l\u0131r. Druidler bilge ya\u015fl\u0131lard\u0131. Kabile liderlerine dan\u0131\u015fman olarak hareket ederek, kendileri i\u00e7in g\u00fc\u00e7l\u00fc konumlar elde ettiler. Do\u011fa ile \u00f6nemli bir ili\u015fki i\u00e7indeydiler. Do\u011fay\u0131 dikkatlice g\u00f6zlemlediler. Do\u011fan\u0131n d\u00f6ng\u00fclerini, ritimlerini, g\u00f6ky\u00fcz\u00fcn\u00fcn ritmiyle b\u00fct\u00fcnle\u015ftirip ayin ve t\u00f6renler d\u00fczenlediler.<\/p>\n","protected":false},"excerpt":{"rendered":"<p>Ogham, 25 alfabetik sembolden olu\u015fur. Bu sembollerin her biri kutsal bir a\u011fac\u0131 temsil eder. Her a\u011fa\u00e7 bir duyguyu, niteli\u011fi veya \u00f6z\u00fc temsil eder. Ogham sisteminin geli\u015fimi<span class=\"excerpt-hellip\"> [\u2026]<\/span><\/p>\n","protected":false},"featured_media":0,"template":"","meta":{"_monsterinsights_skip_tracking":false,"_monsterinsights_sitenote_active":false,"_monsterinsights_sitenote_note":"","_monsterinsights_sitenote_category":0},"product_brand":[],"product_cat":[52477],"product_tag":[],"class_list":{"0":"post-760782","1":"product","2":"type-product","3":"status-publish","5":"product_cat-arastirma","6":"pa_cilt-ciltsiz","7":"pa_tur-kitap","8":"pa_yayinevi-luna-yayinlari","9":"pa_yazar-zeynep-keyik","11":"first","12":"instock","13":"sale","14":"shipping-taxable","15":"purchasable","16":"product-type-simple"},"_links":{"self":[{"href":"https:\/\/roveyayinevi.com.tr\/index.php\/wp-json\/wp\/v2\/product\/760782","targetHints":{"allow":["GET"]}}],"collection":[{"href":"https:\/\/roveyayinevi.com.tr\/index.php\/wp-json\/wp\/v2\/product"}],"about":[{"href":"https:\/\/roveyayinevi.com.tr\/index.php\/wp-json\/wp\/v2\/types\/product"}],"wp:attachment":[{"href":"https:\/\/roveyayinevi.com.tr\/index.php\/wp-json\/wp\/v2\/media?parent=760782"}],"wp:term":[{"taxonomy":"product_brand","embeddable":true,"href":"https:\/\/roveyayinevi.com.tr\/index.php\/wp-json\/wp\/v2\/product_brand?post=760782"},{"taxonomy":"product_cat","embeddable":true,"href":"https:\/\/roveyayinevi.com.tr\/index.php\/wp-json\/wp\/v2\/product_cat?post=760782"},{"taxonomy":"product_tag","embeddable":true,"href":"https:\/\/roveyayinevi.com.tr\/index.php\/wp-json\/wp\/v2\/product_tag?post=760782"}],"curies":[{"name":"wp","href":"https:\/\/api.w.org\/{rel}","templated":true}]}}