{"id":760779,"date":"2025-08-28T09:16:20","date_gmt":"2025-08-28T06:16:20","guid":{"rendered":"https:\/\/roveyayinevi.com.tr\/index.php\/urun\/fil-pazari\/"},"modified":"2026-04-16T03:13:33","modified_gmt":"2026-04-16T00:13:33","slug":"fil-pazari","status":"publish","type":"product","link":"https:\/\/roveyayinevi.com.tr\/index.php\/urun\/fil-pazari\/","title":{"rendered":"Fil Pazar\u0131"},"content":{"rendered":"<p>\u201cTik taklar\u0131, saniyenin ka\u00e7ta ka\u00e7\u0131 hatal\u0131 olan pahal\u0131 bir saati almak i\u00e7in \u00f6zg\u00fcrl\u00fc\u011f\u00fcn\u00fc arka cebindeki c\u00fczdana s\u0131k\u0131\u015ft\u0131ran \u00f6zg\u00fcr ruh. Koluna plastik kordonu takt\u0131r\u0131rken tepesindeki hatas\u0131z \u00e7al\u0131\u015fan g\u00fcne\u015fi \u00e7ald\u0131klar\u0131ndan bihaber&#8230; \u00d6n\u00fcne konulan mutluluk hedefleriyle robotlara \u00e7evrilen insanlar\u2026 \u00c7ok para kazan\u0131p, ya\u015fl\u0131 annelerini ve babalar\u0131n\u0131 memleketin kuytu k\u00f6\u015felerinde beton duvarlar aras\u0131nda yaln\u0131zl\u0131\u011fa mahk\u00fbm eden insanlar&#8230; Tatillerini yapt\u0131klar\u0131nda bilmem ne markan\u0131n bilmem ne \u00fcr\u00fcnlerine sahip olduklar\u0131nda mutlulu\u011fu yakalayacaklar\u0131n\u0131 sananlar. Paralar\u0131n\u0131n ve bor\u00e7lanmalar\u0131n\u0131n \u00f6m\u00fcrlerine yetmedi\u011fi noktada okumak ak\u0131llar\u0131na gelir elifi mertek sananlar\u0131n. \u00d6yle ki her \u015feye sahip olmak i\u00e7in -y\u00fcz g\u00fcnde bin alt\u0131n- gibi garip isimlerle \u00f6nlerine konulan ki\u015fisel geli\u015fim diye de bilimselle\u015ftirilen yapay kitaplar okutturularak bilginin de bereketinden mahrum kal\u0131rlar. Her \u015feye sahip olaca\u011f\u0131m derken hi\u00e7bir \u015feye sahip olmadan g\u00f6\u00e7\u00fcp gider ahmaklar&#8230;\u201d   Filleri doyurman\u0131n, \u00fcst\u00fcndekileri doyurmaktan daha g\u00fc\u00e7 oldu\u011fu ve hi\u00e7bir \u015feyin bilindi\u011fi gibi olmad\u0131\u011f\u0131 ya da kim bilir her \u015feyin bilindi\u011fi gibi oldu\u011fu bu pazarda, a\u015fk\u0131, gerilimi, ac\u0131y\u0131 ve intikam\u0131 iliklerinize kadar hissetmeye haz\u0131r olun.<\/p>\n","protected":false},"excerpt":{"rendered":"<p>\u201cTik taklar\u0131, saniyenin ka\u00e7ta ka\u00e7\u0131 hatal\u0131 olan pahal\u0131 bir saati almak i\u00e7in \u00f6zg\u00fcrl\u00fc\u011f\u00fcn\u00fc arka cebindeki c\u00fczdana s\u0131k\u0131\u015ft\u0131ran \u00f6zg\u00fcr ruh. Koluna plastik kordonu takt\u0131r\u0131rken tepesindeki hatas\u0131z \u00e7al\u0131\u015fan<span class=\"excerpt-hellip\"> [\u2026]<\/span><\/p>\n","protected":false},"featured_media":0,"template":"","meta":{"_monsterinsights_skip_tracking":false,"_monsterinsights_sitenote_active":false,"_monsterinsights_sitenote_note":"","_monsterinsights_sitenote_category":0},"product_brand":[],"product_cat":[12291,12711],"product_tag":[],"class_list":{"0":"post-760779","1":"product","2":"type-product","3":"status-publish","5":"product_cat-edebiyat","6":"product_cat-roman-oyku","7":"pa_cilt-ciltsiz","8":"pa_tur-kitap","9":"pa_yayinevi-luna-yayinlari","10":"pa_yazar-cafer-gedik","12":"first","13":"instock","14":"sale","15":"shipping-taxable","16":"purchasable","17":"product-type-simple"},"_links":{"self":[{"href":"https:\/\/roveyayinevi.com.tr\/index.php\/wp-json\/wp\/v2\/product\/760779","targetHints":{"allow":["GET"]}}],"collection":[{"href":"https:\/\/roveyayinevi.com.tr\/index.php\/wp-json\/wp\/v2\/product"}],"about":[{"href":"https:\/\/roveyayinevi.com.tr\/index.php\/wp-json\/wp\/v2\/types\/product"}],"wp:attachment":[{"href":"https:\/\/roveyayinevi.com.tr\/index.php\/wp-json\/wp\/v2\/media?parent=760779"}],"wp:term":[{"taxonomy":"product_brand","embeddable":true,"href":"https:\/\/roveyayinevi.com.tr\/index.php\/wp-json\/wp\/v2\/product_brand?post=760779"},{"taxonomy":"product_cat","embeddable":true,"href":"https:\/\/roveyayinevi.com.tr\/index.php\/wp-json\/wp\/v2\/product_cat?post=760779"},{"taxonomy":"product_tag","embeddable":true,"href":"https:\/\/roveyayinevi.com.tr\/index.php\/wp-json\/wp\/v2\/product_tag?post=760779"}],"curies":[{"name":"wp","href":"https:\/\/api.w.org\/{rel}","templated":true}]}}