{"id":760778,"date":"2025-08-28T09:16:19","date_gmt":"2025-08-28T06:16:19","guid":{"rendered":"https:\/\/roveyayinevi.com.tr\/index.php\/urun\/kayginiza-patronun-kim-oldugunu-gosterin\/"},"modified":"2026-04-11T14:28:51","modified_gmt":"2026-04-11T11:28:51","slug":"kayginiza-patronun-kim-oldugunu-gosterin","status":"publish","type":"product","link":"https:\/\/roveyayinevi.com.tr\/index.php\/urun\/kayginiza-patronun-kim-oldugunu-gosterin\/","title":{"rendered":"Kayg\u0131n\u0131za Patronun Kim Oldu\u011funu G\u00f6sterin"},"content":{"rendered":"<p>Bu ba\u015fucu kitapta bili\u015fsel davran\u0131\u015f\u00e7\u0131 terapiye dayanan, pratik ve do\u011frudan, \u00fc\u00e7 ad\u0131ml\u0131 bir yakla\u015f\u0131m bulacaks\u0131n\u0131z. Endi\u015feli d\u00fc\u015f\u00fcnc\u00fclere ve gelecekteki zorluklara etkili bir \u015fekilde yan\u0131t vermemiz kolayla\u015facak ve belirsizlikle bar\u0131\u015facaks\u0131n\u0131z. Kayg\u0131n\u0131n s\u00fcrekli yolunuza \u00e7\u0131kmad\u0131\u011f\u0131 , dolu dolu ve canl\u0131 bir hayat ya\u015famaya haz\u0131rsan\u0131z bu rehber size yolunuza nas\u0131l devam edece\u011finizi g\u00f6sterecek.   \u2022 Kayg\u0131l\u0131 kurgular\u0131n yerine faydal\u0131 \u00f6ng\u00f6\u00fcr\u00fclerde bulunacaks\u0131n\u0131z \u2022 Harekete ge\u00e7eceksiniz ve ka\u00e7\u0131nman\u0131n \u00fcst\u00fcnden geleceksiniz. \u2022 Endi\u015feli veya olumsuz d\u00fc\u015f\u00fcnceleri kabul edecek ve onlar\u0131 y\u00f6nlendireceksiniz. <\/p>\n","protected":false},"excerpt":{"rendered":"<p>Bu ba\u015fucu kitapta bili\u015fsel davran\u0131\u015f\u00e7\u0131 terapiye dayanan, pratik ve do\u011frudan, \u00fc\u00e7 ad\u0131ml\u0131 bir yakla\u015f\u0131m bulacaks\u0131n\u0131z. Endi\u015feli d\u00fc\u015f\u00fcnc\u00fclere ve gelecekteki zorluklara etkili bir \u015fekilde yan\u0131t vermemiz kolayla\u015facak<span class=\"excerpt-hellip\"> [\u2026]<\/span><\/p>\n","protected":false},"featured_media":0,"template":"","meta":{"_monsterinsights_skip_tracking":false,"_monsterinsights_sitenote_active":false,"_monsterinsights_sitenote_note":"","_monsterinsights_sitenote_category":0},"product_brand":[],"product_cat":[12364,12376],"product_tag":[],"class_list":{"0":"post-760778","1":"product","2":"type-product","3":"status-publish","5":"product_cat-genel-konular","6":"product_cat-kisisel-gelisim","7":"pa_cilt-ciltsiz","8":"pa_tur-kitap","9":"pa_yayinevi-leopar-yayinlari","10":"pa_yazar-joel-minden","12":"first","13":"instock","14":"sale","15":"shipping-taxable","16":"purchasable","17":"product-type-simple"},"_links":{"self":[{"href":"https:\/\/roveyayinevi.com.tr\/index.php\/wp-json\/wp\/v2\/product\/760778","targetHints":{"allow":["GET"]}}],"collection":[{"href":"https:\/\/roveyayinevi.com.tr\/index.php\/wp-json\/wp\/v2\/product"}],"about":[{"href":"https:\/\/roveyayinevi.com.tr\/index.php\/wp-json\/wp\/v2\/types\/product"}],"wp:attachment":[{"href":"https:\/\/roveyayinevi.com.tr\/index.php\/wp-json\/wp\/v2\/media?parent=760778"}],"wp:term":[{"taxonomy":"product_brand","embeddable":true,"href":"https:\/\/roveyayinevi.com.tr\/index.php\/wp-json\/wp\/v2\/product_brand?post=760778"},{"taxonomy":"product_cat","embeddable":true,"href":"https:\/\/roveyayinevi.com.tr\/index.php\/wp-json\/wp\/v2\/product_cat?post=760778"},{"taxonomy":"product_tag","embeddable":true,"href":"https:\/\/roveyayinevi.com.tr\/index.php\/wp-json\/wp\/v2\/product_tag?post=760778"}],"curies":[{"name":"wp","href":"https:\/\/api.w.org\/{rel}","templated":true}]}}