{"id":760768,"date":"2025-08-28T09:16:00","date_gmt":"2025-08-28T06:16:00","guid":{"rendered":"https:\/\/roveyayinevi.com.tr\/index.php\/urun\/cikartmali-kitaplarim-uyku-zamani\/"},"modified":"2026-04-16T03:13:33","modified_gmt":"2026-04-16T00:13:33","slug":"cikartmali-kitaplarim-uyku-zamani","status":"publish","type":"product","link":"https:\/\/roveyayinevi.com.tr\/index.php\/urun\/cikartmali-kitaplarim-uyku-zamani\/","title":{"rendered":"\u00c7\u0131kartmal\u0131 Kitaplar\u0131m &#8211; Uyku Zaman\u0131"},"content":{"rendered":"<p>\u00c7ocu\u011funuz, \u2018\u00c7\u0131kartmal\u0131 Kitaplar\u0131m\u2019 serisinde \u00f6zenle haz\u0131rlanm\u0131\u015f olan \u00e7\u0131kartmalar\u0131 e\u011flenerek yap\u0131\u015ft\u0131r\u0131rken \u015fu becerileri de kazanm\u0131\u015f olacak: Motor becerileri g\u00fc\u00e7lendirme Dikkat ve konsantrasyon geli\u015fimi Ba\u011f\u0131ms\u0131z d\u00fc\u015f\u00fcnme ve karar verme becerisi <\/p>\n","protected":false},"excerpt":{"rendered":"<p>\u00c7ocu\u011funuz, \u2018\u00c7\u0131kartmal\u0131 Kitaplar\u0131m\u2019 serisinde \u00f6zenle haz\u0131rlanm\u0131\u015f olan \u00e7\u0131kartmalar\u0131 e\u011flenerek yap\u0131\u015ft\u0131r\u0131rken \u015fu becerileri de kazanm\u0131\u015f olacak: Motor becerileri g\u00fc\u00e7lendirme Dikkat ve konsantrasyon geli\u015fimi Ba\u011f\u0131ms\u0131z d\u00fc\u015f\u00fcnme ve karar<span class=\"excerpt-hellip\"> [\u2026]<\/span><\/p>\n","protected":false},"featured_media":0,"template":"","meta":{"_monsterinsights_skip_tracking":false,"_monsterinsights_sitenote_active":false,"_monsterinsights_sitenote_note":"","_monsterinsights_sitenote_category":0},"product_brand":[],"product_cat":[12554,12274],"product_tag":[],"class_list":{"0":"post-760768","1":"product","2":"type-product","3":"status-publish","5":"product_cat-cikartmali-kitaplar","6":"product_cat-cocuk-ve-genclik-kitaplari","7":"pa_cilt-ciltsiz","8":"pa_tur-kitap","9":"pa_yayinevi-0-6-yas-yayinlari","10":"pa_yazar-barbaros-ozcan","12":"first","13":"instock","14":"sale","15":"shipping-taxable","16":"purchasable","17":"product-type-simple"},"_links":{"self":[{"href":"https:\/\/roveyayinevi.com.tr\/index.php\/wp-json\/wp\/v2\/product\/760768","targetHints":{"allow":["GET"]}}],"collection":[{"href":"https:\/\/roveyayinevi.com.tr\/index.php\/wp-json\/wp\/v2\/product"}],"about":[{"href":"https:\/\/roveyayinevi.com.tr\/index.php\/wp-json\/wp\/v2\/types\/product"}],"wp:attachment":[{"href":"https:\/\/roveyayinevi.com.tr\/index.php\/wp-json\/wp\/v2\/media?parent=760768"}],"wp:term":[{"taxonomy":"product_brand","embeddable":true,"href":"https:\/\/roveyayinevi.com.tr\/index.php\/wp-json\/wp\/v2\/product_brand?post=760768"},{"taxonomy":"product_cat","embeddable":true,"href":"https:\/\/roveyayinevi.com.tr\/index.php\/wp-json\/wp\/v2\/product_cat?post=760768"},{"taxonomy":"product_tag","embeddable":true,"href":"https:\/\/roveyayinevi.com.tr\/index.php\/wp-json\/wp\/v2\/product_tag?post=760768"}],"curies":[{"name":"wp","href":"https:\/\/api.w.org\/{rel}","templated":true}]}}