{"id":760757,"date":"2025-08-28T09:15:43","date_gmt":"2025-08-28T06:15:43","guid":{"rendered":"https:\/\/roveyayinevi.com.tr\/index.php\/urun\/hukmetme-sanati\/"},"modified":"2026-04-16T03:13:33","modified_gmt":"2026-04-16T00:13:33","slug":"hukmetme-sanati","status":"publish","type":"product","link":"https:\/\/roveyayinevi.com.tr\/index.php\/urun\/hukmetme-sanati\/","title":{"rendered":"H\u00fckmetme Sanat\u0131"},"content":{"rendered":"<p>\u201c\u00c7inli d\u00fc\u015f\u00fcn\u00fcr yaz\u0131lar\u0131n\u0131 yaln\u0131zca h\u00fck\u00fcmdarlar i\u00e7in yazm\u0131\u015ft\u0131 ve bunlar\u0131n halk taraf\u0131ndan, s\u0131radan insanlar taraf\u0131ndan okunmas\u0131n\u0131 istememi\u015fti. (\u2026) Han Fei Zi\u2019nin korktu\u011fu ba\u015f\u0131na gelmi\u015f bulunuyor. \u00c7\u00fcnk\u00fc g\u00fcn\u00fcm\u00fczde herkesin kitab\u0131na ula\u015fma imk\u00e2n\u0131 var, yeter ki okunsun. Okundu\u011fu zaman da, her okurun, ki\u015fiselle\u015fmi\u015f bir iktidar\u0131n halk\u0131 boyun e\u011fmeye y\u00f6nlendirmek ve kendini onaylat\u0131p kurdu\u011fu d\u00fczeni s\u00fcrd\u00fcrmek i\u00e7in ne gibi y\u00f6ntemlere, ara\u00e7lara ba\u015fvurdu\u011funu g\u00f6r\u00fcp anlamamas\u0131 m\u00fcmk\u00fcn de\u011fil.\u201dMEHMET AL\u0130 A\u011eAO\u011eULLARIM.\u00d6. 3. y\u00fczy\u0131lda ya\u015fam\u0131\u015f \u00c7inli d\u00fc\u015f\u00fcn\u00fcr Han Fei Zi\u2019nin siyasal d\u00fc\u015f\u00fcnceler tarihi i\u00e7indeki \u00f6nemi, yak\u0131n zamanlarda fark edildi. \u015eimdi onun H\u00fckmetme Sanat\u0131, Machiavelli\u2019nin Prens\u2019i ve La Bo\u00e9tie\u2019nin G\u00f6n\u00fcll\u00fc Kulluk \u00dczerine S\u00f6ylev\u2019i gibi klasiklerle ayn\u0131 kefeye konuyor.\u201cAntik \u00e7a\u011flar\u0131n Machiavellisi\u2026\u201d \u00c7a\u011fda\u015f siyaset d\u00fc\u015f\u00fcnce tarihinde Han Fei Zi i\u00e7in kullan\u0131lan lakap, bu. O da, b\u00fcy\u00fck \u0130talyan d\u00fc\u015f\u00fcn\u00fcr gibi, siyaseti anlamak i\u00e7in olgulardan, eylemlerden hareket edilmesi gerekti\u011fini belirtir ve ahl\u00e2k\u0131, ahl\u00e2ki de\u011ferleri siyasal alandan d\u0131\u015flar. Ayr\u0131ca siyasal iktidar olgusunu d\u00fc\u015f\u00fcncelerinin odak noktas\u0131na yerle\u015ftirir, \u00f6zellikle de tek adam iktidar\u0131n\u0131n nas\u0131l i\u015fledi\u011fini ve varl\u0131\u011f\u0131n\u0131 nas\u0131l s\u00fcrd\u00fcrd\u00fc\u011f\u00fcn\u00fc a\u00e7\u0131k\u00e7a g\u00f6zler \u00f6n\u00fcne serer. Bu bak\u0131mdan Han Fei Zi, en az Machiavelli kadar, g\u00fcncel bir d\u00fc\u015f\u00fcn\u00fcrd\u00fcr.<\/p>\n","protected":false},"excerpt":{"rendered":"<p>\u201c\u00c7inli d\u00fc\u015f\u00fcn\u00fcr yaz\u0131lar\u0131n\u0131 yaln\u0131zca h\u00fck\u00fcmdarlar i\u00e7in yazm\u0131\u015ft\u0131 ve bunlar\u0131n halk taraf\u0131ndan, s\u0131radan insanlar taraf\u0131ndan okunmas\u0131n\u0131 istememi\u015fti. (\u2026) Han Fei Zi\u2019nin korktu\u011fu ba\u015f\u0131na gelmi\u015f bulunuyor. \u00c7\u00fcnk\u00fc g\u00fcn\u00fcm\u00fczde<span class=\"excerpt-hellip\"> [\u2026]<\/span><\/p>\n","protected":false},"featured_media":0,"template":"","meta":{"_monsterinsights_skip_tracking":false,"_monsterinsights_sitenote_active":false,"_monsterinsights_sitenote_note":"","_monsterinsights_sitenote_category":0},"product_brand":[],"product_cat":[12337],"product_tag":[],"class_list":{"0":"post-760757","1":"product","2":"type-product","3":"status-publish","5":"product_cat-politika-siyaset","6":"pa_cilt-ciltsiz","7":"pa_tur-kitap","8":"pa_yayinevi-iletisim-yayinlari","9":"pa_yazar-han-fei-zi","11":"first","12":"instock","13":"sale","14":"shipping-taxable","15":"purchasable","16":"product-type-simple"},"_links":{"self":[{"href":"https:\/\/roveyayinevi.com.tr\/index.php\/wp-json\/wp\/v2\/product\/760757","targetHints":{"allow":["GET"]}}],"collection":[{"href":"https:\/\/roveyayinevi.com.tr\/index.php\/wp-json\/wp\/v2\/product"}],"about":[{"href":"https:\/\/roveyayinevi.com.tr\/index.php\/wp-json\/wp\/v2\/types\/product"}],"wp:attachment":[{"href":"https:\/\/roveyayinevi.com.tr\/index.php\/wp-json\/wp\/v2\/media?parent=760757"}],"wp:term":[{"taxonomy":"product_brand","embeddable":true,"href":"https:\/\/roveyayinevi.com.tr\/index.php\/wp-json\/wp\/v2\/product_brand?post=760757"},{"taxonomy":"product_cat","embeddable":true,"href":"https:\/\/roveyayinevi.com.tr\/index.php\/wp-json\/wp\/v2\/product_cat?post=760757"},{"taxonomy":"product_tag","embeddable":true,"href":"https:\/\/roveyayinevi.com.tr\/index.php\/wp-json\/wp\/v2\/product_tag?post=760757"}],"curies":[{"name":"wp","href":"https:\/\/api.w.org\/{rel}","templated":true}]}}