{"id":760730,"date":"2025-08-28T09:15:00","date_gmt":"2025-08-28T06:15:00","guid":{"rendered":"https:\/\/roveyayinevi.com.tr\/index.php\/urun\/geceyi-aydinlatan-hikayeler\/"},"modified":"2026-04-16T03:13:32","modified_gmt":"2026-04-16T00:13:32","slug":"geceyi-aydinlatan-hikayeler","status":"publish","type":"product","link":"https:\/\/roveyayinevi.com.tr\/index.php\/urun\/geceyi-aydinlatan-hikayeler\/","title":{"rendered":"Geceyi Ayd\u0131nlatan Hikayeler"},"content":{"rendered":"<p>Kelimelerin ve hik\u00e2yelerin iyile\u015ftirici g\u00fcc\u00fcne inan\u0131n!   Susan Perrow, Geceyi Ayd\u0131nlatan Hik\u00e2yeler\u2019de ailelere ve topluluklara y\u00f6nelik olarak yas, kay\u0131p ve ayr\u0131l\u0131k anlar\u0131nda hik\u00e2ye terapisi sunmay\u0131 ama\u00e7l\u0131yor. Hik\u00e2yelerin ve kelimelerin sa\u011flayabilece\u011fi iyile\u015ftirici potansiyeli vurgulayarak bizi g\u00fc\u00e7lendirecek, bak\u0131\u015f a\u00e7\u0131m\u0131z\u0131 de\u011fi\u015ftirecek ve anlam yaratmam\u0131za yard\u0131mc\u0131 olacak \u00f6nemli bir ara\u00e7 oldu\u011funu ifade ediyor.   \u0130\u00e7erdi\u011fi 94 hik\u00e2ye ile kitap; bir sevilenin kayb\u0131, aile i\u00e7indeki \u00f6l\u00fcmler, bebek, \u00e7ocuk, karde\u015f, ebeveyn ve di\u011fer aile \u00fcyelerinin kayb\u0131 gibi \u00e7e\u015fitli konulara odaklan\u0131yor. Ayr\u0131ca aile ba\u011flar\u0131n\u0131n kayb\u0131, evcil hayvan\u0131n kayb\u0131, evden, \u00fclkeden veya yerden ayr\u0131l\u0131k ve sa\u011fl\u0131k kayb\u0131 gibi zorlu ya\u015fam deneyimlerini de i\u00e7eriyor. En sonda ise \u201caktif umut\u201du te\u015fvik etmek amac\u0131yla ya\u015fam\u0131n d\u00f6ng\u00fcleri ve de\u011fi\u015fimi konulu hik\u00e2yelere yer veriyor.   Geceyi Ayd\u0131nlatan Hik\u00e2yeler, zorlu anlarda dahi hik\u00e2yelerin sa\u011flayabilece\u011fi umudu, dayan\u0131\u015fmay\u0131 ve iyile\u015fmeyi vurgulayarak, duygusal bir destek kayna\u011f\u0131 olarak \u00f6ne \u00e7\u0131kar\u0131yor. <\/p>\n","protected":false},"excerpt":{"rendered":"<p>Kelimelerin ve hik\u00e2yelerin iyile\u015ftirici g\u00fcc\u00fcne inan\u0131n! Susan Perrow, Geceyi Ayd\u0131nlatan Hik\u00e2yeler\u2019de ailelere ve topluluklara y\u00f6nelik olarak yas, kay\u0131p ve ayr\u0131l\u0131k anlar\u0131nda hik\u00e2ye terapisi sunmay\u0131 ama\u00e7l\u0131yor. Hik\u00e2yelerin<span class=\"excerpt-hellip\"> [\u2026]<\/span><\/p>\n","protected":false},"featured_media":0,"template":"","meta":{"_monsterinsights_skip_tracking":false,"_monsterinsights_sitenote_active":false,"_monsterinsights_sitenote_note":"","_monsterinsights_sitenote_category":0},"product_brand":[],"product_cat":[18545,12291],"product_tag":[],"class_list":{"0":"post-760730","1":"product","2":"type-product","3":"status-publish","5":"product_cat-anlati","6":"product_cat-edebiyat","7":"pa_cilt-ciltsiz","8":"pa_tur-kitap","9":"pa_yayinevi-ucuncu-goz","10":"pa_yazar-susan-perrow","12":"first","13":"instock","14":"sale","15":"shipping-taxable","16":"purchasable","17":"product-type-simple"},"_links":{"self":[{"href":"https:\/\/roveyayinevi.com.tr\/index.php\/wp-json\/wp\/v2\/product\/760730","targetHints":{"allow":["GET"]}}],"collection":[{"href":"https:\/\/roveyayinevi.com.tr\/index.php\/wp-json\/wp\/v2\/product"}],"about":[{"href":"https:\/\/roveyayinevi.com.tr\/index.php\/wp-json\/wp\/v2\/types\/product"}],"wp:attachment":[{"href":"https:\/\/roveyayinevi.com.tr\/index.php\/wp-json\/wp\/v2\/media?parent=760730"}],"wp:term":[{"taxonomy":"product_brand","embeddable":true,"href":"https:\/\/roveyayinevi.com.tr\/index.php\/wp-json\/wp\/v2\/product_brand?post=760730"},{"taxonomy":"product_cat","embeddable":true,"href":"https:\/\/roveyayinevi.com.tr\/index.php\/wp-json\/wp\/v2\/product_cat?post=760730"},{"taxonomy":"product_tag","embeddable":true,"href":"https:\/\/roveyayinevi.com.tr\/index.php\/wp-json\/wp\/v2\/product_tag?post=760730"}],"curies":[{"name":"wp","href":"https:\/\/api.w.org\/{rel}","templated":true}]}}