{"id":760725,"date":"2025-08-28T09:14:52","date_gmt":"2025-08-28T06:14:52","guid":{"rendered":"https:\/\/roveyayinevi.com.tr\/index.php\/urun\/bes-cember-kitabi\/"},"modified":"2026-04-06T13:33:15","modified_gmt":"2026-04-06T10:33:15","slug":"bes-cember-kitabi","status":"publish","type":"product","link":"https:\/\/roveyayinevi.com.tr\/index.php\/urun\/bes-cember-kitabi\/","title":{"rendered":"Be\u015f \u00c7ember Kitab\u0131"},"content":{"rendered":"<p>\u201cBugu\u0308n du\u0308nku\u0308 kendini yenersen, yar\u0131n acemileri, ertesi gu\u0308n ustalar\u0131 yeneceksin.\u201d   Hayat\u0131 boyunca altm\u0131\u015ftan fazla du\u0308ellodan zaferle \u00e7\u0131km\u0131\u015f bir samuray olan u\u0308nlu\u0308 k\u0131l\u0131\u00e7 ustas\u0131 Miyamoto Musa\u015fi, ayn\u0131 zamanda sanat tarihine malolmu\u015f eserleriyle \u00e7ok y\u00f6nlu\u0308 bir sanat\u00e7\u0131 ve du\u0308\u015fu\u0308nu\u0308r. \u201cToprak\u201d, \u201cSu\u201d, \u201cAte\u015f\u201d, \u201cRu\u0308zg\u00e2r\u201d ve \u201cBo\u015fluk\u201d kitaplar\u0131ndan olu\u015fan, Harvard Business School d\u00e2hil bir\u00e7ok okulda ders kitab\u0131 olarak okutulan, Erdal Ku\u0308\u00e7u\u0308kyal\u00e7\u0131n\u2019\u0131n ek metinlerle zenginle\u015ftirdi\u011fi Be\u015f \u00c7ember Kitab\u0131 ise Musa\u015fi\u2019nin en \u00f6nemli eseri.   Musa\u015fi\u2019nin sava\u015f, liderlik ve mu\u0308cadele u\u0308zerine du\u0308\u015fu\u0308ncelerini ve yenilmezlik s\u0131rlar\u0131n\u0131 anlatt\u0131\u011f\u0131, Japonya\u2019da d\u00f6rt yu\u0308z y\u0131l sonra bile h\u00e2l\u00e2 en \u00e7ok okunan kitaplardan olan bu eser, yaln\u0131zca bir k\u0131l\u0131\u00e7 tekni\u011fi ve sava\u015f taktikleri kitab\u0131 olmakla kalm\u0131yor, tu\u0308m mesleklerde uygulanabilecek stratejileri ve y\u00f6ntemleri inceleyerek her mu\u0308cadeleden ba\u015far\u0131yla \u00e7\u0131kabilmenin yol haritas\u0131n\u0131 da \u00e7iziyor.<\/p>\n","protected":false},"excerpt":{"rendered":"<p>\u201cBugu\u0308n du\u0308nku\u0308 kendini yenersen, yar\u0131n acemileri, ertesi gu\u0308n ustalar\u0131 yeneceksin.\u201d Hayat\u0131 boyunca altm\u0131\u015ftan fazla du\u0308ellodan zaferle \u00e7\u0131km\u0131\u015f bir samuray olan u\u0308nlu\u0308 k\u0131l\u0131\u00e7 ustas\u0131 Miyamoto Musa\u015fi, ayn\u0131<span class=\"excerpt-hellip\"> [\u2026]<\/span><\/p>\n","protected":false},"featured_media":0,"template":"","meta":{"_monsterinsights_skip_tracking":false,"_monsterinsights_sitenote_active":false,"_monsterinsights_sitenote_note":"","_monsterinsights_sitenote_category":0},"product_brand":[],"product_cat":[12388],"product_tag":[],"class_list":{"0":"post-760725","1":"product","2":"type-product","3":"status-publish","5":"product_cat-felsefe","6":"pa_cilt-ciltsiz","7":"pa_tur-kitap","8":"pa_yayinevi-ithaki-yayinlari","9":"pa_yazar-miyamoto-musasi","11":"first","12":"instock","13":"sale","14":"shipping-taxable","15":"purchasable","16":"product-type-simple"},"_links":{"self":[{"href":"https:\/\/roveyayinevi.com.tr\/index.php\/wp-json\/wp\/v2\/product\/760725","targetHints":{"allow":["GET"]}}],"collection":[{"href":"https:\/\/roveyayinevi.com.tr\/index.php\/wp-json\/wp\/v2\/product"}],"about":[{"href":"https:\/\/roveyayinevi.com.tr\/index.php\/wp-json\/wp\/v2\/types\/product"}],"wp:attachment":[{"href":"https:\/\/roveyayinevi.com.tr\/index.php\/wp-json\/wp\/v2\/media?parent=760725"}],"wp:term":[{"taxonomy":"product_brand","embeddable":true,"href":"https:\/\/roveyayinevi.com.tr\/index.php\/wp-json\/wp\/v2\/product_brand?post=760725"},{"taxonomy":"product_cat","embeddable":true,"href":"https:\/\/roveyayinevi.com.tr\/index.php\/wp-json\/wp\/v2\/product_cat?post=760725"},{"taxonomy":"product_tag","embeddable":true,"href":"https:\/\/roveyayinevi.com.tr\/index.php\/wp-json\/wp\/v2\/product_tag?post=760725"}],"curies":[{"name":"wp","href":"https:\/\/api.w.org\/{rel}","templated":true}]}}