{"id":760720,"date":"2025-08-28T09:14:43","date_gmt":"2025-08-28T06:14:43","guid":{"rendered":"https:\/\/roveyayinevi.com.tr\/index.php\/urun\/cay-kitabi-2\/"},"modified":"2026-04-16T03:13:32","modified_gmt":"2026-04-16T00:13:32","slug":"cay-kitabi-2","status":"publish","type":"product","link":"https:\/\/roveyayinevi.com.tr\/index.php\/urun\/cay-kitabi-2\/","title":{"rendered":"\u00c7ay Kitab\u0131"},"content":{"rendered":"<p>\u201cKanatl\u0131 oldu\u011fu kabul edilen tek \u00e7i\u00e7ek kelebektir ve di\u011fer t\u00fcm \u00e7i\u00e7ekler yok edicileri kar\u015f\u0131s\u0131nda \u00e7aresizdir. Belki de can \u00e7eki\u015fiyorlar ama sesleri ne kula\u011f\u0131m\u0131za ne de kalbimize ula\u015f\u0131yor. Bizler zalimiz; bize hizmet edenlere ve bizi sevenlere kar\u015f\u0131 durmadan zalimlik yap\u0131yoruz.\u201dBir bardak s\u0131cak \u00e7ay e\u015fli\u011finde Do\u011fu\u2019nun geleneksel k\u00f6klerine yap\u0131lan k\u0131sa bir yolculuk\u2026Toplumumuzdaki yeri itibar\u0131yla pop\u00fclerli\u011fini s\u00fcrekli koruyan \u00e7ay\u0131n Do\u011fu\u2019da ortaya \u00e7\u0131k\u0131p yay\u0131ld\u0131\u011f\u0131 ve bir \u00e7ay k\u00fclt\u00fcr\u00fcn\u00fcn olu\u015ftu\u011fu bilinmektedir. \u00c7ay Kitab\u0131; Japon \u00e7ay seremonisini, \u00e7ay\u0131n tarih\u00e7esini, estetik alg\u0131s\u0131n\u0131 ve felsefi boyutlar\u0131n\u0131 ele al\u0131r. \u00c7ay\u0131n yan\u0131 s\u0131ra Japonya\u2019n\u0131n k\u00fclt\u00fcrel zenginli\u011fine ve geleneksel sanat anlay\u0131\u015f\u0131na da de\u011finen bu eser, sanat\u0131 ve k\u00fclt\u00fcr\u00fc farkl\u0131 bir perspektifle aktar\u0131r.Do\u011fu medeniyetini ve sanat\u0131n\u0131 Bat\u0131\u2019n\u0131n kar\u015f\u0131s\u0131nda savunma g\u00f6revini \u00fcstlenen Okakura Kakuz\u014d, \u00c7ay Kitab\u0131\u2019yla Bat\u0131\u2019y\u0131 Japon k\u00fclt\u00fcr\u00fc ve felsefesiyle tan\u0131\u015ft\u0131rmakta \u00f6nc\u00fc bir rol oynam\u0131\u015ft\u0131r.<\/p>\n","protected":false},"excerpt":{"rendered":"<p>\u201cKanatl\u0131 oldu\u011fu kabul edilen tek \u00e7i\u00e7ek kelebektir ve di\u011fer t\u00fcm \u00e7i\u00e7ekler yok edicileri kar\u015f\u0131s\u0131nda \u00e7aresizdir. Belki de can \u00e7eki\u015fiyorlar ama sesleri ne kula\u011f\u0131m\u0131za ne de kalbimize<span class=\"excerpt-hellip\"> [\u2026]<\/span><\/p>\n","protected":false},"featured_media":0,"template":"","meta":{"_monsterinsights_skip_tracking":false,"_monsterinsights_sitenote_active":false,"_monsterinsights_sitenote_note":"","_monsterinsights_sitenote_category":0},"product_brand":[],"product_cat":[12370,12304],"product_tag":[],"class_list":{"0":"post-760720","1":"product","2":"type-product","3":"status-publish","5":"product_cat-arastirma-inceleme","6":"product_cat-tarih","7":"pa_cilt-ciltsiz","8":"pa_tur-kitap","9":"pa_yayinevi-tokyo-manga","10":"pa_yazar-okakura-kakuzo","12":"first","13":"instock","14":"sale","15":"shipping-taxable","16":"purchasable","17":"product-type-simple"},"_links":{"self":[{"href":"https:\/\/roveyayinevi.com.tr\/index.php\/wp-json\/wp\/v2\/product\/760720","targetHints":{"allow":["GET"]}}],"collection":[{"href":"https:\/\/roveyayinevi.com.tr\/index.php\/wp-json\/wp\/v2\/product"}],"about":[{"href":"https:\/\/roveyayinevi.com.tr\/index.php\/wp-json\/wp\/v2\/types\/product"}],"wp:attachment":[{"href":"https:\/\/roveyayinevi.com.tr\/index.php\/wp-json\/wp\/v2\/media?parent=760720"}],"wp:term":[{"taxonomy":"product_brand","embeddable":true,"href":"https:\/\/roveyayinevi.com.tr\/index.php\/wp-json\/wp\/v2\/product_brand?post=760720"},{"taxonomy":"product_cat","embeddable":true,"href":"https:\/\/roveyayinevi.com.tr\/index.php\/wp-json\/wp\/v2\/product_cat?post=760720"},{"taxonomy":"product_tag","embeddable":true,"href":"https:\/\/roveyayinevi.com.tr\/index.php\/wp-json\/wp\/v2\/product_tag?post=760720"}],"curies":[{"name":"wp","href":"https:\/\/api.w.org\/{rel}","templated":true}]}}