{"id":760704,"date":"2025-08-28T09:14:15","date_gmt":"2025-08-28T06:14:15","guid":{"rendered":"https:\/\/roveyayinevi.com.tr\/index.php\/urun\/hayat-bahcesi\/"},"modified":"2026-04-16T03:13:31","modified_gmt":"2026-04-16T00:13:31","slug":"hayat-bahcesi","status":"publish","type":"product","link":"https:\/\/roveyayinevi.com.tr\/index.php\/urun\/hayat-bahcesi\/","title":{"rendered":"Hayat Bah\u00e7esi"},"content":{"rendered":"<p>Dantelac\u0131 ka\u00e7 metre arkam\u0131zdan geliyor, \u00f6rd\u00fc\u011f\u00fc ile \u00d6l\u00e7erek, mesafe koyarak, tiftifleyerek zaman kavram\u0131n\u0131 Bence saat\u00e7inin yan\u0131nda ayarc\u0131 olarak \u00e7al\u0131\u015fmal\u0131.   Dergi y\u00f6netmenini k\u0131ra salmal\u0131, \u00e7\u00fcnk\u00fc koku\u015fmu\u015f dosyalarda \u00d6l\u00fc uyaklar \u00e7oktur, derisini y\u00fczmeden lahanan\u0131n Baca\u011f\u0131ndan tutup, bir g\u00fczel \u00fcfleyip, \u00f6l\u00e7\u00fcs\u00fcn\u00fc ka\u00e7\u0131rmal\u0131.   \u015eaire a\u015fk dersleri, \u00e7\u00fcnk\u00fc zihni g\u00f6\u011f\u00fcs kafesi gibi a\u00e7an a\u015fk Ba\u015fka derslere de sald\u0131rabilir ve bu denli a\u011f\u0131r derslerle Y\u00fckl\u00fc ya\u015fam k\u0131lavuzunu ba\u015fka kim haz\u0131rlayabilir? <\/p>\n","protected":false},"excerpt":{"rendered":"<p>Dantelac\u0131 ka\u00e7 metre arkam\u0131zdan geliyor, \u00f6rd\u00fc\u011f\u00fc ile \u00d6l\u00e7erek, mesafe koyarak, tiftifleyerek zaman kavram\u0131n\u0131 Bence saat\u00e7inin yan\u0131nda ayarc\u0131 olarak \u00e7al\u0131\u015fmal\u0131. Dergi y\u00f6netmenini k\u0131ra salmal\u0131, \u00e7\u00fcnk\u00fc koku\u015fmu\u015f dosyalarda<span class=\"excerpt-hellip\"> [\u2026]<\/span><\/p>\n","protected":false},"featured_media":0,"template":"","meta":{"_monsterinsights_skip_tracking":false,"_monsterinsights_sitenote_active":false,"_monsterinsights_sitenote_note":"","_monsterinsights_sitenote_category":0},"product_brand":[],"product_cat":[12291,12509],"product_tag":[],"class_list":{"0":"post-760704","1":"product","2":"type-product","3":"status-publish","5":"product_cat-edebiyat","6":"product_cat-siir","7":"pa_cilt-ciltsiz","8":"pa_tur-kitap","9":"pa_yayinevi-everest-yayinlari","10":"pa_yazar-ali-cengizkan","12":"first","13":"instock","14":"sale","15":"shipping-taxable","16":"purchasable","17":"product-type-simple"},"_links":{"self":[{"href":"https:\/\/roveyayinevi.com.tr\/index.php\/wp-json\/wp\/v2\/product\/760704","targetHints":{"allow":["GET"]}}],"collection":[{"href":"https:\/\/roveyayinevi.com.tr\/index.php\/wp-json\/wp\/v2\/product"}],"about":[{"href":"https:\/\/roveyayinevi.com.tr\/index.php\/wp-json\/wp\/v2\/types\/product"}],"wp:attachment":[{"href":"https:\/\/roveyayinevi.com.tr\/index.php\/wp-json\/wp\/v2\/media?parent=760704"}],"wp:term":[{"taxonomy":"product_brand","embeddable":true,"href":"https:\/\/roveyayinevi.com.tr\/index.php\/wp-json\/wp\/v2\/product_brand?post=760704"},{"taxonomy":"product_cat","embeddable":true,"href":"https:\/\/roveyayinevi.com.tr\/index.php\/wp-json\/wp\/v2\/product_cat?post=760704"},{"taxonomy":"product_tag","embeddable":true,"href":"https:\/\/roveyayinevi.com.tr\/index.php\/wp-json\/wp\/v2\/product_tag?post=760704"}],"curies":[{"name":"wp","href":"https:\/\/api.w.org\/{rel}","templated":true}]}}