{"id":760656,"date":"2025-08-28T09:12:42","date_gmt":"2025-08-28T06:12:42","guid":{"rendered":"https:\/\/roveyayinevi.com.tr\/index.php\/urun\/yonetimin-kurallari-basarili-bir-yonetici-olmanin-yollari\/"},"modified":"2026-04-16T03:13:30","modified_gmt":"2026-04-16T00:13:30","slug":"yonetimin-kurallari-basarili-bir-yonetici-olmanin-yollari","status":"publish","type":"product","link":"https:\/\/roveyayinevi.com.tr\/index.php\/urun\/yonetimin-kurallari-basarili-bir-yonetici-olmanin-yollari\/","title":{"rendered":"Y\u00f6netimin Kurallar\u0131 \u2013 Ba\u015far\u0131l\u0131 Bir Y\u00f6netici Olman\u0131n Yollar\u0131"},"content":{"rendered":"<p>Ba\u015far\u0131l\u0131 bir y\u00f6netici olmak i\u00e7in bilmeniz gereken her \u015fey! Baz\u0131 insanlar i\u00e7in y\u00f6netmek \u00e7ok kolayd\u0131r. Bu ki\u015filer, s\u00f6z konusu politika, insan ili\u015fkileri ve hedefler oldu\u011funda do\u011fu\u015ftan liderlerdir. Onlar\u0131n bilip de bizim bilmedi\u011fimiz bir \u015fey mi var? Bunlar, hepimizin \u00f6\u011frenebilece\u011fi \u015feyler mi? Duymayan kalmas\u0131n, evet!  Onlar, Y\u00f6netimin Kurallar\u0131n\u0131 biliyorlar. Bu kurallar, do\u011fru karar\u0131 alabilmenizi, do\u011fru \u015feyi s\u00f6yleyebilmenizi, her durumla i\u00e7g\u00fcd\u00fcsel olarak ba\u015fa \u00e7\u0131kabilmenizi ve sonuca ula\u015fmak i\u00e7in ekibinize nas\u0131l ilham verebilece\u011finizi g\u00f6steren k\u0131lavuz niteli\u011finde ilkelerdir. Richard Templar\u2019\u0131n uluslararas\u0131 \u00e7ok satan kitab\u0131 Y\u00f6netimin Kurallar\u0131, y\u00f6netim i\u015finin inceliklerini anlaman\u0131za ve ba\u015far\u0131n\u0131z\u0131 art\u0131rman\u0131za yard\u0131mc\u0131 olacak. Yeni bir i\u015f teklifi ald\u0131\u011f\u0131n\u0131zda ya da terfi etti\u011finizde art\u0131k kimse \u015fa\u015f\u0131rmayacak. <\/p>\n","protected":false},"excerpt":{"rendered":"<p>Ba\u015far\u0131l\u0131 bir y\u00f6netici olmak i\u00e7in bilmeniz gereken her \u015fey! Baz\u0131 insanlar i\u00e7in y\u00f6netmek \u00e7ok kolayd\u0131r. Bu ki\u015filer, s\u00f6z konusu politika, insan ili\u015fkileri ve hedefler oldu\u011funda do\u011fu\u015ftan<span class=\"excerpt-hellip\"> [\u2026]<\/span><\/p>\n","protected":false},"featured_media":0,"template":"","meta":{"_monsterinsights_skip_tracking":false,"_monsterinsights_sitenote_active":false,"_monsterinsights_sitenote_note":"","_monsterinsights_sitenote_category":0},"product_brand":[],"product_cat":[13043,17647],"product_tag":[],"class_list":{"0":"post-760656","1":"product","2":"type-product","3":"status-publish","5":"product_cat-ekonomi","6":"product_cat-is-dunyasi","7":"pa_cilt-ciltsiz","8":"pa_tur-kitap","9":"pa_yayinevi-akil-celen-kitaplar","10":"pa_yazar-richard-templar","12":"first","13":"instock","14":"sale","15":"shipping-taxable","16":"purchasable","17":"product-type-simple"},"_links":{"self":[{"href":"https:\/\/roveyayinevi.com.tr\/index.php\/wp-json\/wp\/v2\/product\/760656","targetHints":{"allow":["GET"]}}],"collection":[{"href":"https:\/\/roveyayinevi.com.tr\/index.php\/wp-json\/wp\/v2\/product"}],"about":[{"href":"https:\/\/roveyayinevi.com.tr\/index.php\/wp-json\/wp\/v2\/types\/product"}],"wp:attachment":[{"href":"https:\/\/roveyayinevi.com.tr\/index.php\/wp-json\/wp\/v2\/media?parent=760656"}],"wp:term":[{"taxonomy":"product_brand","embeddable":true,"href":"https:\/\/roveyayinevi.com.tr\/index.php\/wp-json\/wp\/v2\/product_brand?post=760656"},{"taxonomy":"product_cat","embeddable":true,"href":"https:\/\/roveyayinevi.com.tr\/index.php\/wp-json\/wp\/v2\/product_cat?post=760656"},{"taxonomy":"product_tag","embeddable":true,"href":"https:\/\/roveyayinevi.com.tr\/index.php\/wp-json\/wp\/v2\/product_tag?post=760656"}],"curies":[{"name":"wp","href":"https:\/\/api.w.org\/{rel}","templated":true}]}}